{"id":9166,"date":"2026-01-11T15:51:02","date_gmt":"2026-01-11T20:51:02","guid":{"rendered":"https:\/\/parenttraining.chip.uconn.edu\/?page_id=9166"},"modified":"2026-02-16T17:02:51","modified_gmt":"2026-02-16T22:02:51","slug":"prestar-atencion-a-los-adultos-2","status":"publish","type":"page","link":"https:\/\/parenttraining.chip.uconn.edu\/index.php\/language\/es\/prestar-atencion-a-los-adultos-2\/","title":{"rendered":"Prestar Atenci\u00f3n a los Adultos"},"content":{"rendered":"\n<p>Probablemente, la cosa m\u00e1s importante que quieres que tu ni\u00f1o peque\u00f1o aprenda es que los adultos son importantes, gratificantes y divertidos para interactuar. Puedes saber cu\u00e1ndo un ni\u00f1o se siente conectado con los adultos. \u00c9l los busca y sonr\u00ede cuando los ve. Se les acerca o va hacia ellos cuando est\u00e1 feliz.<\/p>\n\n\n\n<p>Tambi\u00e9n, cuando el ni\u00f1o est\u00e1 asustado, triste, tiene hambre o le duele algo, sabe que los adultos pueden hacerlo sentir mejor. Encuentra a los adultos reconfortantes adem\u00e1s de divertidos. Querr\u00e1 estar con ellos cuando est\u00e9 infeliz. Observa c\u00f3mo este ni\u00f1o peque\u00f1o corre hacia su propia madre cuando se lastima, incluso cuando otro adulto est\u00e1 tratando de hacerlo sentir mejor.<\/p>\n\n\n<p><iframe loading=\"lazy\" title=\"1-Mom consoles 864x486\" src=\"https:\/\/player.vimeo.com\/video\/199047665?dnt=1&amp;app_id=122963\" width=\"864\" height=\"486\" frameborder=\"0\" allow=\"autoplay; fullscreen; picture-in-picture; clipboard-write; encrypted-media; web-share\" referrerpolicy=\"strict-origin-when-cross-origin\"><\/iframe><\/p>\n\n\n\n<p>Cuando los ni\u00f1os se sienten conectados con los adultos y est\u00e1n interesados en ellos, quieren que los adultos que son especiales para ellos les presten atenci\u00f3n. A los ni\u00f1os les gusta mostrar cosas a los adultos y esperan con entusiasmo la reacci\u00f3n del adulto. En el siguiente video, Jack, que tiene casi 2 a\u00f1os, quiere asegurarse de que su madre lo est\u00e1 mirando y dice: \u201c\u00a1M\u00edrame, mam\u00e1!\u201d<\/p>\n\n\n<p><iframe loading=\"lazy\" title=\"2-Look Mama 864x486\" src=\"https:\/\/player.vimeo.com\/video\/199047725?dnt=1&amp;app_id=122963\" width=\"864\" height=\"486\" frameborder=\"0\" allow=\"autoplay; fullscreen; picture-in-picture; clipboard-write; encrypted-media; web-share\" referrerpolicy=\"strict-origin-when-cross-origin\"><\/iframe><\/p>\n\n\n\n<p><span style=\"font-weight: 400;\">La mayor\u00eda de las ideas en este m\u00f3dulo son maneras de ense\u00f1ar al ni\u00f1o un conjunto de habilidades durante las actividades o rutinas cotidianas. Algo realmente importante sobre este tipo de ense\u00f1anza es que aumenta la cantidad de tiempo que el ni\u00f1o pasa interactuando con los dem\u00e1s. Ense\u00f1ar al ni\u00f1o a prestar atenci\u00f3n a los adultos importantes en su vida es un buen lugar para comenzar.<\/span><\/p>\n<p><span style=\"font-weight: 400;\">Prestar atenci\u00f3n significa observar lo que el adulto est\u00e1 haciendo. Observa c\u00f3mo esta ni\u00f1a peque\u00f1a se queda cerca de los adultos, jugando y observ\u00e1ndolos.<\/span><\/p>\n\n\n<p><iframe loading=\"lazy\" title=\"3-watching_adults_864x486 (540p)\" src=\"https:\/\/player.vimeo.com\/video\/1044415155?dnt=1&amp;app_id=122963\" width=\"864\" height=\"486\" frameborder=\"0\" allow=\"autoplay; fullscreen; picture-in-picture; clipboard-write; encrypted-media; web-share\" referrerpolicy=\"strict-origin-when-cross-origin\"><\/iframe><\/p>\n\n\n\n<p>Incluso los ni\u00f1os muy peque\u00f1os prestan atenci\u00f3n a los sentimientos de los adultos. Observa c\u00f3mo el adulto est\u00e1 fingiendo estar triste, y ambos ni\u00f1os comienzan a alterarse.<\/p>\n\n\n<p><iframe loading=\"lazy\" title=\"4-attention to adult 864x486\" src=\"https:\/\/player.vimeo.com\/video\/199047794?dnt=1&amp;app_id=122963\" width=\"864\" height=\"486\" frameborder=\"0\" allow=\"autoplay; fullscreen; picture-in-picture; clipboard-write; encrypted-media; web-share\" referrerpolicy=\"strict-origin-when-cross-origin\"><\/iframe><\/p>\n\n\n\n<p>&nbsp;Mira c\u00f3mo este ni\u00f1o peque\u00f1o est\u00e1 mirando directamente a los ojos de la maestra. Aqu\u00ed est\u00e1 de nuevo, mirando a otro adulto.<\/p>\n\n\n<p><iframe loading=\"lazy\" title=\"5-Looking at eyes 864x486\" src=\"https:\/\/player.vimeo.com\/video\/199047843?dnt=1&amp;app_id=122963\" width=\"864\" height=\"486\" frameborder=\"0\" allow=\"autoplay; fullscreen; picture-in-picture; clipboard-write; encrypted-media; web-share\" referrerpolicy=\"strict-origin-when-cross-origin\"><\/iframe><\/p>\n\n\n\n<p>En el siguiente video, la maestra est\u00e1 empujando al ni\u00f1o en el columpio. F\u00edjate c\u00f3mo cada vez que el ni\u00f1o deja de mirar, la maestra detiene el columpio y espera el contacto visual antes de darle otro empuj\u00f3n. Tan pronto como \u00e9l le presta atenci\u00f3n, ella vuelve a empujar el columpio. \u00a1De esta manera, est\u00e1 haciendo que el contacto visual funcione como el \u201cbot\u00f3n de encendido y apagado\u201d de la diversi\u00f3n!<\/p>\n\n\n<p><iframe loading=\"lazy\" title=\"Viggo-10 864x486\" src=\"https:\/\/player.vimeo.com\/video\/201766656?dnt=1&amp;app_id=122963\" width=\"864\" height=\"486\" frameborder=\"0\" allow=\"autoplay; fullscreen; picture-in-picture; clipboard-write; encrypted-media; web-share\" referrerpolicy=\"strict-origin-when-cross-origin\"><\/iframe><\/p>\n\n\n\n<p>Para ayudar a que tu hijo quiera interactuar m\u00e1s, pasa tanto tiempo como puedas haciendo cosas interesantes con \u00e9l. Busca maneras de hacerlo sonre\u00edr y re\u00edr. Y consu\u00e9lalo cuando est\u00e9 triste.<\/p>\n\n\n\n<p class=\"has-text-align-center wp-block-heading\"><a href=\"https:\/\/parenttraining.chip.uconn.edu\/index.php\/language\/es\/contacto-visual-con-los-adultos-2\/\" data-type=\"page\" data-id=\"9172\"><strong>Siguiente: Contacto Visual con los Adultos<\/strong><\/a><\/p>\n\n\n","protected":false},"excerpt":{"rendered":"<div class=\"entry-summary\">\nProbablemente, la cosa m\u00e1s importante que quieres que tu ni\u00f1o peque\u00f1o aprenda es que los adultos son importantes, gratificantes y&hellip;\n<\/div>\n<div class=\"link-more\"><a href=\"https:\/\/parenttraining.chip.uconn.edu\/index.php\/language\/es\/prestar-atencion-a-los-adultos-2\/\" class=\"more-link\">Continue reading<span class=\"screen-reader-text\"> &ldquo;Prestar Atenci\u00f3n a los Adultos&rdquo;<\/span>&hellip;<\/a><\/div>\n","protected":false},"author":497,"featured_media":0,"parent":0,"menu_order":0,"comment_status":"closed","ping_status":"closed","template":"","meta":{"footnotes":""},"class_list":["post-9166","page","type-page","status-publish","hentry","entry"],"_links":{"self":[{"href":"https:\/\/parenttraining.chip.uconn.edu\/index.php\/wp-json\/wp\/v2\/pages\/9166","targetHints":{"allow":["GET"]}}],"collection":[{"href":"https:\/\/parenttraining.chip.uconn.edu\/index.php\/wp-json\/wp\/v2\/pages"}],"about":[{"href":"https:\/\/parenttraining.chip.uconn.edu\/index.php\/wp-json\/wp\/v2\/types\/page"}],"author":[{"embeddable":true,"href":"https:\/\/parenttraining.chip.uconn.edu\/index.php\/wp-json\/wp\/v2\/users\/497"}],"replies":[{"embeddable":true,"href":"https:\/\/parenttraining.chip.uconn.edu\/index.php\/wp-json\/wp\/v2\/comments?post=9166"}],"version-history":[{"count":10,"href":"https:\/\/parenttraining.chip.uconn.edu\/index.php\/wp-json\/wp\/v2\/pages\/9166\/revisions"}],"predecessor-version":[{"id":10672,"href":"https:\/\/parenttraining.chip.uconn.edu\/index.php\/wp-json\/wp\/v2\/pages\/9166\/revisions\/10672"}],"wp:attachment":[{"href":"https:\/\/parenttraining.chip.uconn.edu\/index.php\/wp-json\/wp\/v2\/media?parent=9166"}],"curies":[{"name":"wp","href":"https:\/\/api.w.org\/{rel}","templated":true}]}}