{"id":9086,"date":"2026-01-11T13:52:53","date_gmt":"2026-01-11T18:52:53","guid":{"rendered":"https:\/\/parenttraining.chip.uconn.edu\/?page_id=9086"},"modified":"2026-03-28T13:46:48","modified_gmt":"2026-03-28T17:46:48","slug":"juegos-con-musica","status":"publish","type":"page","link":"https:\/\/parenttraining.chip.uconn.edu\/index.php\/language\/es\/juegos-con-musica\/","title":{"rendered":"Juegos con m\u00fasica"},"content":{"rendered":"\n<figure class=\"wp-block-image alignnone\"><img decoding=\"async\" src=\"https:\/\/parenttraining.chip.uconn.edu\/wp-content\/uploads\/2016\/08\/music.pixabay-1.jpg\" alt=\"\"\/><figcaption class=\"wp-element-caption\">Vecteezy.com<\/figcaption><\/figure>\n\n\n\n<p>Hay muchas cosas que puedes hacer con canciones familiares. Las canciones simples y familiares a menudo pueden captar la atenci\u00f3n de un ni\u00f1o cuando el lenguaje o los gestos no lo hacen. Cantar algunas canciones simples antes de dormir puede ayudar a un ni\u00f1o a calmarse y prepararse para dormir. Algunas canciones simples tambi\u00e9n pueden usarse para trabajar el lenguaje; por ejemplo, la canci\u00f3n en ingl\u00e9s \u201cHead and Shoulders, Knees and Toes\u201d (\u201cCabeza, Hombros, Rodillas y Pies\u201d en espa\u00f1ol) puede cantarse mientras le muestras a tu hijo estas partes del cuerpo en ella misma o en ti. Si tu hijo est\u00e1 en un programa de intervenci\u00f3n o escolar, p\u00eddele al maestro que te d\u00e9 algunas canciones que canten con frecuencia para que t\u00fa tambi\u00e9n puedas cantarlas en casa.<\/p>\n\n\n\n<h3 class=\"wp-block-heading\"><b>1. <\/b>TRABAJA EN SEGUIR EL SONIDO BUSCANDO LA M\u00daSICA ESCONDIDA<\/h3>\n\n\n\n<p>Si tienes una caja de m\u00fasica, un reproductor de CD para ni\u00f1os, un tel\u00e9fono o cualquier juguete que reproduzca m\u00fasica, esc\u00f3ndelo y luego ense\u00f1a a tu hijo a seguir el sonido para encontrarlo. Comienza con lugares f\u00e1ciles para esconderlo. Por ejemplo, puedes colocarlo debajo de una manta justo frente a ella. Una vez que pueda encontrar la fuente de la m\u00fasica de inmediato, intenta esconderlo cada vez m\u00e1s lejos para que sea un poco m\u00e1s dif\u00edcil de encontrar. Preg\u00fantale a tu hijo: \u201c\u00bfD\u00f3nde est\u00e1 la m\u00fasica?\u201d o dile: \u201c\u00a1Vamos a encontrar la m\u00fasica!\u201d, y luego ay\u00fadala a moverse hacia el sonido. An\u00edmala cuando la encuentre y baila o canta con ella al ritmo de la m\u00fasica. Una vez que tu hija pueda hacer esto sin tu ayuda, intenta esconderte t\u00fa y llama: \u201c\u00bfD\u00f3nde est\u00e1 mam\u00e1?\u201d desde tu escondite. Haz un peque\u00f1o ruido o canta una canci\u00f3n hasta que te encuentre. Tan pronto como hagas contacto visual con ella, di: \u201c\u00a1Aqu\u00ed estoy! \u00a1Aqu\u00ed est\u00e1 mam\u00e1!\u201d y rec\u00f3gela para darle un gran abrazo y un beso.<\/p>\n\n\n<div class=\"wp-block-image\">\n<figure class=\"aligncenter\"><a href=\"https:\/\/parenttraining.chip.uconn.edu\/wp-content\/uploads\/2016\/08\/tv.flickr.jpg\"><img loading=\"lazy\" decoding=\"async\" width=\"300\" height=\"200\" src=\"https:\/\/parenttraining.chip.uconn.edu\/wp-content\/uploads\/2016\/08\/tv.flickr-300x200.jpg\" alt=\"Used with permission from Flickr\" class=\"wp-image-3348\" srcset=\"https:\/\/parenttraining.chip.uconn.edu\/wp-content\/uploads\/2016\/08\/tv.flickr-300x200.jpg 300w, https:\/\/parenttraining.chip.uconn.edu\/wp-content\/uploads\/2016\/08\/tv.flickr.jpg 720w\" sizes=\"auto, (max-width: 300px) 100vw, 300px\" \/><\/a><figcaption class=\"wp-element-caption\">Flickr<\/figcaption><\/figure>\n<\/div>\n\n\n<h3 class=\"wp-block-heading\"><b>2. <\/b>Hacer m\u00fasica<\/h3>\n\n\n\n<p>Estos juegos te permiten trabajar en la coordinaci\u00f3n de movimientos con otra persona, el ritmo y los conceptos de \u201cr\u00e1pido\u201d, \u201clento\u201d, \u201cfuerte\u201d y \u201csuave\u201d. Los instrumentos musicales, especialmente los de percusi\u00f3n, son excelentes para ense\u00f1ar los conceptos de \u201cr\u00e1pido\u201d y \u201clento\u201d. Puedes usar casi cualquier cosa, desde un xil\u00f3fono infantil elegante hasta un tambor hecho en casa.<\/p>\n\n\n<div class=\"wp-block-image\">\n<figure class=\"aligncenter\"><a href=\"https:\/\/parenttraining.chip.uconn.edu\/wp-content\/uploads\/2016\/08\/instruments.wikimedia.jpg\"><img loading=\"lazy\" decoding=\"async\" width=\"300\" height=\"117\" src=\"https:\/\/parenttraining.chip.uconn.edu\/wp-content\/uploads\/2016\/08\/instruments.wikimedia-300x117.jpg\" alt=\"Used with permission from Wikimedia\" class=\"wp-image-3355\" srcset=\"https:\/\/parenttraining.chip.uconn.edu\/wp-content\/uploads\/2016\/08\/instruments.wikimedia-300x117.jpg 300w, https:\/\/parenttraining.chip.uconn.edu\/wp-content\/uploads\/2016\/08\/instruments.wikimedia-768x301.jpg 768w, https:\/\/parenttraining.chip.uconn.edu\/wp-content\/uploads\/2016\/08\/instruments.wikimedia-1024x401.jpg 1024w, https:\/\/parenttraining.chip.uconn.edu\/wp-content\/uploads\/2016\/08\/instruments.wikimedia-1170x458.jpg 1170w\" sizes=\"auto, (max-width: 300px) 100vw, 300px\" \/><\/a><figcaption class=\"wp-element-caption\">Wikimedia<\/figcaption><\/figure>\n<\/div>\n\n<div class=\"wp-block-image\">\n<figure class=\"alignright is-resized\"><a href=\"https:\/\/parenttraining.chip.uconn.edu\/wp-content\/uploads\/2016\/08\/shaker.wikimedia.jpg\"><img loading=\"lazy\" decoding=\"async\" width=\"175\" height=\"288\" src=\"https:\/\/parenttraining.chip.uconn.edu\/wp-content\/uploads\/2016\/08\/shaker.wikimedia.jpg\" alt=\"Used with permission from Wikimedia\" class=\"wp-image-3356\" style=\"width:97px;height:auto\"\/><\/a><figcaption class=\"wp-element-caption\">Wikimedia<\/figcaption><\/figure>\n<\/div>\n\n\n<p>Puedes incluso hacer que tu hijo te ayude a fabricar un instrumento casero tipo sonajero poniendo un pu\u00f1ado de piedritas o fr\u00edjoles secos dentro de una botella vac\u00eda de agua o jugo del tama\u00f1o que prefieras. <strong>Pero aseg\u00farate de poner cinta muy adhesiva alrededor de la tapa para evitar que tu hijo la desenrosque y se lleve las piedritas o los fr\u00edjoles a la boca.<\/strong><\/p>\n\n\n\n\n\n<figure class=\"wp-block-gallery aligncenter has-nested-images columns-default is-cropped wp-block-gallery-2 is-layout-flex wp-block-gallery-is-layout-flex\">\n<figure class=\"wp-block-image size-large\"><a href=\"https:\/\/parenttraining.chip.uconn.edu\/wp-content\/uploads\/2016\/05\/picture36.jpg\"><img loading=\"lazy\" decoding=\"async\" width=\"276\" height=\"183\" data-id=\"732\" src=\"https:\/\/parenttraining.chip.uconn.edu\/wp-content\/uploads\/2016\/05\/picture36.jpg\" alt=\"\" class=\"wp-image-732\"\/><\/a><\/figure>\n\n\n\n<figure class=\"wp-block-image size-large\"><a href=\"https:\/\/parenttraining.chip.uconn.edu\/wp-content\/uploads\/2016\/05\/picture37.jpg\"><img loading=\"lazy\" decoding=\"async\" width=\"670\" height=\"444\" data-id=\"733\" src=\"https:\/\/parenttraining.chip.uconn.edu\/wp-content\/uploads\/2016\/05\/picture37.jpg\" alt=\"\" class=\"wp-image-733\" srcset=\"https:\/\/parenttraining.chip.uconn.edu\/wp-content\/uploads\/2016\/05\/picture37.jpg 670w, https:\/\/parenttraining.chip.uconn.edu\/wp-content\/uploads\/2016\/05\/picture37-300x199.jpg 300w\" sizes=\"auto, (max-width: 670px) 100vw, 670px\" \/><\/a><\/figure>\n<\/figure>\n\n\n\n<p style=\"font-size:9px\">WikiHow<\/p>\n\n\n\n<p><\/p>\n\n\n\n<p>Pon algo de m\u00fasica o canta una canci\u00f3n y toca junto con ella. Mira si tu hija te imita con su instrumento y sigue el ritmo de la m\u00fasica. Si lo hace, sonr\u00edele ampliamente y contin\u00faa cantando y movi\u00e9ndote al ritmo. Prueba diferentes ritmos y elogia a tu hija con entusiasmo por mantenerse al mismo paso que t\u00fa. Si ella mantiene un ritmo diferente, entonces t\u00fa intenta imitarla. As\u00ed que, si ella lleva un ritmo r\u00e1pido, t\u00fa haz lo mismo; y si desacelera, t\u00fa tambi\u00e9n desacelera. De cualquier manera, etiqueta su velocidad como \u201cr\u00e1pido\u201d o \u201clento\u201d y sigue cambiando la etiqueta conforme ella cambie su velocidad. Puedes hacer lo mismo usando un tambor u otro instrumento de percusi\u00f3n para trabajar los conceptos de fuerte y suave. Demuestra golpes fuertes, seguidos de golpecitos suaves, y etiqueta el sonido que est\u00e1s haciendo como \u201cfuerte\u201d o \u201csuave\u201d. Intenta experimentar con diferentes instrumentos, como una flauta dulce infantil o un silbato.<\/p>\n\n\n\n<h3 class=\"wp-block-heading\"><b>3. Bailando al comp\u00e1s de la m\u00fasica<\/b><\/h3>\n\n\n\n<p>Este juego es una manera divertida de trabajar el contacto visual, las palabras \u201calto\u201d y \u201cvamos\u201d, y de crear humor. Bailar con instrumentos musicales, cintas o serpentinas puede aumentar mucho la diversi\u00f3n. Puedes darle a tu hija algunas cintas o serpentinas para sostener, o puedes atarlas a una baqueta o a un palo de madera, y ella puede sostener eso.<\/p>\n\n\n\n<p>Pon algo de la m\u00fasica favorita de tu hija y baila con ella, agitando cintas gruesas o serpentinas mientras bailan. Baila de una manera tonta y graciosa y luego, de repente, apaga la m\u00fasica y qu\u00e9date <strong><em>congelada<\/em><\/strong> con el dedo en el bot\u00f3n de reproducir. Espera a que haya contacto visual y, tan pronto como lo tengas, vuelve a encender la m\u00fasica. Muy pronto, el contacto visual funcionar\u00e1 como el bot\u00f3n de encendido y apagado de la m\u00fasica. Tambi\u00e9n puedes cargar a tu hija y bailar con ella, ense\u00f1\u00e1ndole las palabras \u201calto\u201d y \u201cvamos\u201d al detener la m\u00fasica de vez en cuando y congelar tu baile hasta que vuelvas a encenderla.<\/p>\n\n\n\n<h3 class=\"wp-block-heading\"><b>4. Cantando con m\u00fasica<\/b><\/h3>\n\n\n\n<p>Esta actividad ayuda a aumentar la atenci\u00f3n de tu hija hacia ti. Hemos hablado mucho sobre c\u00f3mo usar canciones junto con el procedimiento CLOZE (rellenar espacios) para ense\u00f1ar todo tipo de lenguaje, as\u00ed como habilidades de imitaci\u00f3n y contacto visual.<\/p>\n\n\n<p><iframe loading=\"lazy\" title=\"30-songs CLOZE 1920x1080\" src=\"https:\/\/player.vimeo.com\/video\/199048460?dnt=1&amp;app_id=122963\" width=\"1200\" height=\"675\" frameborder=\"0\" allow=\"autoplay; fullscreen; picture-in-picture; clipboard-write; encrypted-media; web-share\" referrerpolicy=\"strict-origin-when-cross-origin\"><\/iframe><\/p>\n\n\n\n<p><br>Aqu\u00ed solo agregaremos una idea m\u00e1s, que es que a veces, incluso los ni\u00f1os a quienes no les gusta mucho la m\u00fasica pueden disfrutar de marionetas que canten de manera tonta. As\u00ed que, si tienes dificultades para mantener la atenci\u00f3n de tu hija con m\u00fasica, intenta hacer que una marioneta cante la canci\u00f3n con una voz graciosa y observa qu\u00e9 sucede. Y si no tienes marionetas, puedes hacerlas. Incluso puedes hacer que tu hija te ayude a dibujar una cara en un calcet\u00edn viejo. O podr\u00edas convertirlo en un proyecto divertido y coser algunos botones como ojos y orejas de fieltro.<\/p>\n\n\n\n<p><\/p>\n\n\n\n<figure class=\"wp-block-gallery has-nested-images columns-default is-cropped wp-block-gallery-3 is-layout-flex wp-block-gallery-is-layout-flex\">\n<figure class=\"wp-block-image size-large\"><a href=\"https:\/\/parenttraining.chip.uconn.edu\/wp-content\/uploads\/2016\/08\/sock.wikimedia-1.png\"><img loading=\"lazy\" decoding=\"async\" width=\"473\" height=\"355\" data-id=\"3352\" src=\"https:\/\/parenttraining.chip.uconn.edu\/wp-content\/uploads\/2016\/08\/sock.wikimedia-1.png\" alt=\"\" class=\"wp-image-3352\" srcset=\"https:\/\/parenttraining.chip.uconn.edu\/wp-content\/uploads\/2016\/08\/sock.wikimedia-1.png 473w, https:\/\/parenttraining.chip.uconn.edu\/wp-content\/uploads\/2016\/08\/sock.wikimedia-1-300x225.png 300w\" sizes=\"auto, (max-width: 473px) 100vw, 473px\" \/><\/a><\/figure>\n\n\n\n<figure class=\"wp-block-image size-large\"><a href=\"https:\/\/parenttraining.chip.uconn.edu\/wp-content\/uploads\/2016\/08\/puppet.flickr.jpg\"><img loading=\"lazy\" decoding=\"async\" width=\"313\" height=\"417\" data-id=\"3351\" src=\"https:\/\/parenttraining.chip.uconn.edu\/wp-content\/uploads\/2016\/08\/puppet.flickr.jpg\" alt=\"\" class=\"wp-image-3351\" srcset=\"https:\/\/parenttraining.chip.uconn.edu\/wp-content\/uploads\/2016\/08\/puppet.flickr.jpg 313w, https:\/\/parenttraining.chip.uconn.edu\/wp-content\/uploads\/2016\/08\/puppet.flickr-225x300.jpg 225w\" sizes=\"auto, (max-width: 313px) 100vw, 313px\" \/><\/a><\/figure>\n\n\n\n<figure class=\"wp-block-image size-large\"><a href=\"https:\/\/parenttraining.chip.uconn.edu\/wp-content\/uploads\/2016\/08\/puppet1.wikimedia.jpg\"><img loading=\"lazy\" decoding=\"async\" width=\"471\" height=\"380\" data-id=\"3353\" src=\"https:\/\/parenttraining.chip.uconn.edu\/wp-content\/uploads\/2016\/08\/puppet1.wikimedia.jpg\" alt=\"\" class=\"wp-image-3353\" srcset=\"https:\/\/parenttraining.chip.uconn.edu\/wp-content\/uploads\/2016\/08\/puppet1.wikimedia.jpg 471w, https:\/\/parenttraining.chip.uconn.edu\/wp-content\/uploads\/2016\/08\/puppet1.wikimedia-300x242.jpg 300w\" sizes=\"auto, (max-width: 471px) 100vw, 471px\" \/><\/a><\/figure>\n<\/figure>\n\n\n\n<p style=\"font-size:9px\">Wikimedia\/Flickr\/Wikimedia<\/p>\n\n\n\n<p><\/p>\n\n\n\n<p>Una vez que hayas hecho tu marioneta, haz que le cante a tu hija. Usa la marioneta para dirigir la atenci\u00f3n de tu hija hacia tu rostro, teniendo una conversaci\u00f3n graciosa con la marioneta. Ojal\u00e1 esto la ayude a prestarte suficiente atenci\u00f3n a ti y a la m\u00fasica, para que se d\u00e9 cuenta de lo agradable que es ser parte de la diversi\u00f3n.<\/p>\n\n\n\n<p>Te hemos dado muchas ideas sobre c\u00f3mo incorporar oportunidades de aprendizaje en tu vida diaria, pero esto es realmente solo el comienzo. Prueba algunas de estas ideas con tu hija. Observa cu\u00e1les funcionan bien con ella y cu\u00e1les no. Luego intenta crear algunas propias. Cuanto m\u00e1s lo hagas, m\u00e1s f\u00e1cil ser\u00e1 inventar nuevas ideas. Habla de ello con otras personas que tengan ni\u00f1os peque\u00f1os, as\u00ed como con maestros y cuidadores. Revisa tambi\u00e9n el sitio web de <a href=\"http:\/\/www.pinterest.com\/\">Pinterest,<\/a> que est\u00e1 lleno de ideas para materiales y actividades de aprendizaje para ni\u00f1os peque\u00f1os. Encontrar\u00e1s muchas variaciones de estas ideas, as\u00ed como nuevas que puedes probar con tu hija.<\/p>\n\n\n\n<p>No hay un cuestionario para esta secci\u00f3n, ya que las ideas b\u00e1sicas detr\u00e1s de las actividades que hemos descrito se encuentran en el M\u00f3dulo 4. Si sientes que necesitas repasar esas ideas, vuelve <a href=\"https:\/\/parenttraining.chip.uconn.edu\/index.php\/language\/es\/modulo-4-cosas-importantes-que-ensenar-temprano-2\/\">a leer el M\u00f3dulo 4 <\/a>y realiza nuevamente el cuestionario al final de ese m\u00f3dulo.<\/p>\n\n\n\n<p class=\"has-text-align-center wp-block-heading\"><a href=\"https:\/\/parenttraining.chip.uconn.edu\/index.php\/language\/es\/modulo-6-conducta-problematica\/\"><strong>M\u00f3dulo 6: Conducta Problem\u00e1tica<\/strong><\/a><\/p>\n\n\n","protected":false},"excerpt":{"rendered":"<div class=\"entry-summary\">\nHay muchas cosas que puedes hacer con canciones familiares. Las canciones simples y familiares a menudo pueden captar la atenci\u00f3n&hellip;\n<\/div>\n<div class=\"link-more\"><a href=\"https:\/\/parenttraining.chip.uconn.edu\/index.php\/language\/es\/juegos-con-musica\/\" class=\"more-link\">Continue reading<span class=\"screen-reader-text\"> &ldquo;Juegos con m\u00fasica&rdquo;<\/span>&hellip;<\/a><\/div>\n","protected":false},"author":497,"featured_media":0,"parent":0,"menu_order":0,"comment_status":"closed","ping_status":"closed","template":"","meta":{"footnotes":""},"class_list":["post-9086","page","type-page","status-publish","hentry","entry"],"_links":{"self":[{"href":"https:\/\/parenttraining.chip.uconn.edu\/index.php\/wp-json\/wp\/v2\/pages\/9086","targetHints":{"allow":["GET"]}}],"collection":[{"href":"https:\/\/parenttraining.chip.uconn.edu\/index.php\/wp-json\/wp\/v2\/pages"}],"about":[{"href":"https:\/\/parenttraining.chip.uconn.edu\/index.php\/wp-json\/wp\/v2\/types\/page"}],"author":[{"embeddable":true,"href":"https:\/\/parenttraining.chip.uconn.edu\/index.php\/wp-json\/wp\/v2\/users\/497"}],"replies":[{"embeddable":true,"href":"https:\/\/parenttraining.chip.uconn.edu\/index.php\/wp-json\/wp\/v2\/comments?post=9086"}],"version-history":[{"count":6,"href":"https:\/\/parenttraining.chip.uconn.edu\/index.php\/wp-json\/wp\/v2\/pages\/9086\/revisions"}],"predecessor-version":[{"id":10846,"href":"https:\/\/parenttraining.chip.uconn.edu\/index.php\/wp-json\/wp\/v2\/pages\/9086\/revisions\/10846"}],"wp:attachment":[{"href":"https:\/\/parenttraining.chip.uconn.edu\/index.php\/wp-json\/wp\/v2\/media?parent=9086"}],"curies":[{"name":"wp","href":"https:\/\/api.w.org\/{rel}","templated":true}]}}