{"id":9074,"date":"2026-01-11T13:31:36","date_gmt":"2026-01-11T18:31:36","guid":{"rendered":"https:\/\/parenttraining.chip.uconn.edu\/?page_id=9074"},"modified":"2026-02-16T18:43:51","modified_gmt":"2026-02-16T23:43:51","slug":"juegos-para-la-hora-del-bano","status":"publish","type":"page","link":"https:\/\/parenttraining.chip.uconn.edu\/index.php\/language\/es\/juegos-para-la-hora-del-bano\/","title":{"rendered":"Juegos para la hora del ba\u00f1o"},"content":{"rendered":"\n<figure class=\"wp-block-image alignnone\"><a href=\"https:\/\/parenttraining.chip.uconn.edu\/wp-content\/uploads\/2025\/04\/bath.flickr1.jpg\"><img loading=\"lazy\" decoding=\"async\" width=\"300\" height=\"200\" src=\"https:\/\/parenttraining.chip.uconn.edu\/wp-content\/uploads\/2025\/04\/bath.flickr1-300x200.jpg\" alt=\"\" class=\"wp-image-7247\" srcset=\"https:\/\/parenttraining.chip.uconn.edu\/wp-content\/uploads\/2025\/04\/bath.flickr1-300x200.jpg 300w, https:\/\/parenttraining.chip.uconn.edu\/wp-content\/uploads\/2025\/04\/bath.flickr1-768x512.jpg 768w, https:\/\/parenttraining.chip.uconn.edu\/wp-content\/uploads\/2025\/04\/bath.flickr1.jpg 1022w\" sizes=\"auto, (max-width: 300px) 100vw, 300px\" \/><\/a><figcaption class=\"wp-element-caption\">Flickr<\/figcaption><\/figure>\n\n\n\n<p>La hora del ba\u00f1o es un momento excelente para trabajar las palabras de las partes del cuerpo, as\u00ed como los conceptos de mojado y seco, y verbos de acci\u00f3n como salpicar, saltar, verter, lavar y enjuagar. Tambi\u00e9n se pueden trabajar otros conceptos como lleno y vac\u00edo, o que algo se pega o no se pega. Aqu\u00ed tienes algunas ideas para trabajar en estas cosas mientras ba\u00f1as a tu ni\u00f1o\/a.<\/p>\n\n\n\n<h3 class=\"wp-block-heading\"><b style=\"color: initial;\">1. FRASES REPETITIVAS PARA LA HORA DEL BA\u00d1O PARA ENSE\u00d1AR LAS PALABRAS MOJADO, SECO Y PARTES DEL CUERPO<\/b><\/h3>\n\n\n\n<p><span style=\"font-weight: 400;\">Cuando pones al beb\u00e9 en la ba\u00f1era, la mayor\u00eda de su cuerpo estar\u00e1 seco. Usa frases simples y repetitivas para ense\u00f1ar estos conceptos. Por ejemplo, se\u00f1ala la panza de tu ni\u00f1o\/a y di: \u201cAhora la panza del beb\u00e9 est\u00e1 <\/span><b>seca<\/b><span style=\"font-weight: 400;\">.\u201d Luego vierte un poco de agua sobre la panza y di: \u201c\u00a1Ahora la panza del beb\u00e9 est\u00e1 <\/span><b>mojada<\/b><span style=\"font-weight: 400;\">!\u201d Despu\u00e9s se\u00f1ala o toca el brazo y di: \u201cAhora el brazo del beb\u00e9 est\u00e1 <\/span><b>seco<\/b><span style=\"font-weight: 400;\">.\u201d Luego echa agua en el brazo y di: \u201cAhora el brazo del beb\u00e9 est\u00e1 <\/span><b>mojado<\/b><span style=\"font-weight: 400;\">.\u201d Puedes repetir esta rutina varias veces y despu\u00e9s intentar usar la t\u00e9cnica CLOZE (frases con espacios para completar) para ver si el ni\u00f1o llena las palabras. Sentir el agua tibia sobre su cuerpo deber\u00eda ser agradable para \u00e9l o ella, y esto puede ser un refuerzo natural para decir las palabras mojado y seco. Tambi\u00e9n puedes hacer esta rutina con la toallita o esponja. Deja que toque la toallita seca y di: \u201cAhora la toallita est\u00e1 <\/span><b>seca<\/b><span style=\"font-weight: 400;\">.\u201d Luego m\u00f3jala y di: \u201cAhora la toallita est\u00e1 _____.\u201d Espera a que diga \u201cmojada.\u201d Si no, puedes ayudarla a decirlo.<\/span><\/p>\n\n\n\n<p><span style=\"font-weight: 400;\">Puedes cambiar la rutina para enfocarte m\u00e1s en las partes del cuerpo en lugar de mojado y seco. Por ejemplo, se\u00f1ala el brazo mientras sostienes la taza con agua y di: \u201c\u00a1Voy a echar agua en tu <\/span><b>brazo<\/b><span style=\"font-weight: 400;\">!\u201d Haz lo mismo con la panza, diciendo, \u00a1\u201cVoy a echar agua en tu <\/span><b>panza<\/b><span style=\"font-weight: 400;\">!\u201d Cuando tu ni\u00f1o ya entienda la rutina, haz una pausa antes de echar el agua para ver si intenta decir la palabra, especialmente cuando se d\u00e9 cuenta que el agua es la recompensa.<\/span><\/p>\n\n\n\n<h3 class=\"wp-block-heading\"><b>2. USAR ESPUMA Y BURBUJAS PARA ENSE\u00d1AR PARTES DEL CUERPO<\/b><\/h3>\n\n\n\n<p><span style=\"font-weight: 400;\">Usa espuma para ba\u00f1o o burbujas (como espuma de afeitar) y pon burbujas o espuma en diferentes partes de tu cara y la de tu ni\u00f1o\/a, nombrando \u201cnariz de mam\u00e1, nariz del beb\u00e9\u201d o \u201cmejilla de mam\u00e1, mejilla del beb\u00e9.\u201d Tambi\u00e9n puedes ofrecer opciones para poner la espuma, por ejemplo: \u201c\u00bfLa pongo en tu mano o en tu barriga?\u201d se\u00f1alando cada una. Despu\u00e9s de poner la espuma, l\u00edmpiala y di: \u201c\u00a1Todo se fue!\u201d<\/span><\/p>\n\n\n\n<p><span style=\"font-weight: 400;\">Con ni\u00f1os un poco mayores, este juego tambi\u00e9n puede servir para trabajar el concepto de posesi\u00f3n y los pronombres \u201cmi,\u201d \u201ctu,\u201d \u201cm\u00edo\u201d y \u201ctuyo.\u201d Solo cambia las palabras clave. En lugar de decir \u201cencima y fuera,\u201d di \u201cmi nariz\u201d y \u201ctu nariz.\u201d<\/span><\/p>\n\n\n<p><iframe loading=\"lazy\" title=\"39-Alexa bath 864x486\" src=\"https:\/\/player.vimeo.com\/video\/199048572?dnt=1&amp;app_id=122963\" width=\"864\" height=\"486\" frameborder=\"0\" allow=\"autoplay; fullscreen; picture-in-picture; clipboard-write; encrypted-media; web-share\" referrerpolicy=\"strict-origin-when-cross-origin\"><\/iframe><\/p>\n\n\n\n<h3 class=\"wp-block-heading\"><b>3. CANTA CANCIONES REPETITIVAS DE BA\u00d1O PARA TRABAJAR EN CONSTRUIR VOCABULARIO DE PARTES DEL CUERPO<\/b><span style=\"font-weight: 400;\"><br><\/span><\/h3>\n\n\n\n<p><span style=\"font-weight: 400;\">Mientras lavas cada parte del cuerpo de tu ni\u00f1o, canta sobre ella con una melod\u00eda familiar. Por ejemplo, podr\u00edas cantar, \u201cAs\u00ed es como lavamos\u201d con la melod\u00eda de \u201cLa zarza azul.\u201d Solo canta sobre cualquier parte del cuerpo que est\u00e9s lavando. Entonces, por ejemplo, cuando est\u00e9s lavando la espalda de tu ni\u00f1o, cantar\u00edas, \u201cAs\u00ed es como lavamos tu espalda, lavamos tu espalda, lavamos tu espalda, as\u00ed es como lavamos tu espalda cuando tomamos un ba\u00f1o.\u201d<\/span><\/p>\n\n\n\n<p><span style=\"font-weight: 400;\">Podr\u00edas usar cualquier canci\u00f3n que pienses que a tu ni\u00f1o le pueda gustar m\u00e1s. Por ejemplo, podr\u00edas cantar una canci\u00f3n un poco diferente con la melod\u00eda de \u201cLas ruedas del autob\u00fas\u201d que ser\u00eda as\u00ed: \u201cAhora estoy lavando los pies de beb\u00e9, los pies de beb\u00e9, los pies de beb\u00e9. Ahora estoy lavando los pies de beb\u00e9. Ahora los pies est\u00e1n limpios.\u201d En cualquier caso, tambi\u00e9n puedes repetir las estrofas mientras enjuagas, secas, y frotas loci\u00f3n en cada parte del cuerpo. Puedes terminar ofreciendo cosquillas y besos para cada parte del cuerpo. Y una vez que tu ni\u00f1o se familiarice con estas canciones, recuerda usar el procedimiento CLOZE (rellenar) y ver si llenar\u00e1 los espacios en blanco. Por ejemplo, podr\u00edas cantar, \u201cAs\u00ed es como lavamos el pie, lavamos el pie, lavamos el _____.\u201d Cuando pauses, mira si tu ni\u00f1o cantar\u00e1 o dir\u00e1 la palabra \u201cpie.\u201d Si no, solo rell\u00e9nalo t\u00fa mismo y contin\u00faa. Siempre puedes intentar otra vez m\u00e1s tarde. Si intenta decir \u201cpie,\u201d aseg\u00farate de mostrarle tu placer y entusiasmo.<\/span><\/p>\n\n\n\n<h3 class=\"wp-block-heading\"><b>4. USA JUGUETES QUE CHORREAN PARA DIVERSI\u00d3N EN EL BA\u00d1O<\/b><span style=\"font-weight: 400;\"><br><\/span><\/h3>\n\n\n\n<p><span style=\"font-weight: 400;\">Si tienes algunos animalitos peque\u00f1os para la ba\u00f1era que chorreen, col\u00f3calos en fila al borde del ba\u00f1o y haz que cada uno salte dentro del ba\u00f1o diciendo \u201csalta, salta, \u00a1chapuz\u00f3n!\u201d y luego hazlo de nuevo agregando los nombres de los animales: \u201cranita salta chapuz\u00f3n, pato salta chapuz\u00f3n,\u201d etc. Luego intenta, \u201cRanita chorrea a beb\u00e9.\u201d \u201cRanita chorrea a mam\u00e1,\u201d y r\u00edete mucho para que tu ni\u00f1o sepa que este es un juego muy divertido. Cada vez que hagas re\u00edr a tu ni\u00f1o, nombra la emoci\u00f3n usando palabras como \u201ctonto,\u201d \u201cgracioso,\u201d o \u201cfeliz.\u201d<\/span><\/p>\n\n\n\n<h3 class=\"wp-block-heading\"><b>5. ORGANIZACI\u00d3N Y LIMPIEZA DE JUGUETES DE LA BA\u00d1ERA PARA ENSE\u00d1AR LAS PALABRAS \u201cS\u00cd\u201d \u201cNO\u201d \u201cDENTRO\u201d Y \u201cFUERA\u201d <\/b><\/h3>\n\n\n<div class=\"wp-block-image\">\n<figure class=\"aligncenter\"><a href=\"https:\/\/parenttraining.chip.uconn.edu\/wp-content\/uploads\/2016\/05\/picture31.jpg\"><img loading=\"lazy\" decoding=\"async\" width=\"300\" height=\"300\" src=\"https:\/\/parenttraining.chip.uconn.edu\/wp-content\/uploads\/2016\/05\/picture31-300x300.jpg\" alt=\"picture31\" class=\"wp-image-728\" srcset=\"https:\/\/parenttraining.chip.uconn.edu\/wp-content\/uploads\/2016\/05\/picture31-300x300.jpg 300w, https:\/\/parenttraining.chip.uconn.edu\/wp-content\/uploads\/2016\/05\/picture31-150x150.jpg 150w, https:\/\/parenttraining.chip.uconn.edu\/wp-content\/uploads\/2016\/05\/picture31.jpg 500w\" sizes=\"auto, (max-width: 300px) 100vw, 300px\" \/><\/a><figcaption class=\"wp-element-caption\">Flickr<\/figcaption><\/figure>\n<\/div>\n\n\n<p><span style=\"font-weight: 400;\">Si tienes una red o canasta para guardar los juguetes del ba\u00f1o, deja los juguetes guardados cuando pongas a tu ni\u00f1o en el ba\u00f1o para que puedas preguntarle si quieres \u201csacarlos\u201d uno por uno. Esto te dar\u00e1 una oportunidad para usar un enfoque de lenguaje repetitivo para trabajar en construir vocabulario. Por ejemplo, podr\u00edas preguntar, \u201c\u00bfRanita fuera?\u201d Si tu ni\u00f1o dice que s\u00ed, o asiente con la cabeza, o incluso si solo alcanza el juguete, di, \u201c\u00a1OK, ranita fuera!\u201d y saca la ranita de la red o canasta con un gesto mientras dices la palabra \u201cfuera.\u201d Por supuesto, si tu ni\u00f1o no responde, inv\u00edtalo a decir s\u00ed de la forma que pueda y luego contin\u00faa como si hubiera respondido solo. Luego pregunta por el siguiente juguete, y as\u00ed sucesivamente, hasta que tu ni\u00f1o tenga muchos juguetes de ba\u00f1o en la ba\u00f1era para jugar. Si quieres que tu ni\u00f1o se concentre en solo uno o dos juguetes a la vez, entonces coloca algunos otros alrededor del borde de la ba\u00f1era cuando los saques.<\/span><\/p>\n\n\n\n<p><span style=\"font-weight: 400;\">Al final del ba\u00f1o, intenta turnarte con tu ni\u00f1o para poner diferentes juguetes en la red o canasta cuando digas la palabra \u201cdentro.\u201d Tambi\u00e9n puedes nombrar los objetos mientras los guardas. Por ejemplo, podr\u00edas decir, \u201cRanita dentro,\u201d y hacer que la ranita salte dentro de la red o canasta.<\/span><\/p>\n\n\n\n<h3 class=\"wp-block-heading\"><strong>6. LA<\/strong><b> RUTINA DE LLENAR Y DERRAMAR<\/b><\/h3>\n\n\n\n<p><span style=\"font-weight: 400;\"> Consigue algunos vasos de pl\u00e1stico o papel y muestra a tu ni\u00f1o c\u00f3mo \u201cllenar&#8230;\u201d (haz que tu voz suba al final) y \u201cderramar\u201d el agua (entonaci\u00f3n descendente). Despu\u00e9s de todo, \u00bfqu\u00e9 ni\u00f1o no disfruta verter agua? Usa un enfoque de lenguaje repetitivo y el procedimiento CLOZE (rellenar) para ense\u00f1ar estas dos palabras. Cada vez que llenes un vaso con agua di, \u201cPrimero <\/span><i><span style=\"font-weight: 400;\">llenamos<\/span><\/i><span style=\"font-weight: 400;\"> y luego <\/span><i><span style=\"font-weight: 400;\">derramamos<\/span><\/i><span style=\"font-weight: 400;\">.\u201d Mientras dices la palabra \u201cderramar,\u201d derrama el agua fuera del vaso. Despu\u00e9s de un rato, pausa antes de decir las palabras \u201cllenar\u201d y \u201cderramar\u201d y mira si tu ni\u00f1o llenar\u00e1 el espacio en blanco. Cuando lo haga, an\u00edmalo y dale un vaso de agua para que lo vierta. Puedes hacer lo mismo con \u201cverter\u201d y \u201cm\u00e1s\u201d diciendo, \u201cPrimero <\/span><i><span style=\"font-weight: 400;\">vertemos<\/span><\/i><span style=\"font-weight: 400;\"> y luego conseguimos <\/span><i><span style=\"font-weight: 400;\">m\u00e1s!<\/span><\/i><span style=\"font-weight: 400;\">\u201d<\/span><\/p>\n\n\n<div class=\"wp-block-image\">\n<figure class=\"aligncenter\"><a href=\"https:\/\/parenttraining.chip.uconn.edu\/wp-content\/uploads\/2016\/08\/cup.pixabay.jpg\"><img loading=\"lazy\" decoding=\"async\" width=\"300\" height=\"225\" src=\"https:\/\/parenttraining.chip.uconn.edu\/wp-content\/uploads\/2016\/08\/cup.pixabay-300x225.jpg\" alt=\"Used with permission from Pixabay\" class=\"wp-image-3344\" srcset=\"https:\/\/parenttraining.chip.uconn.edu\/wp-content\/uploads\/2016\/08\/cup.pixabay-300x225.jpg 300w, https:\/\/parenttraining.chip.uconn.edu\/wp-content\/uploads\/2016\/08\/cup.pixabay-768x576.jpg 768w, https:\/\/parenttraining.chip.uconn.edu\/wp-content\/uploads\/2016\/08\/cup.pixabay.jpg 960w\" sizes=\"auto, (max-width: 300px) 100vw, 300px\" \/><\/a><figcaption class=\"wp-element-caption\">Pixabay<\/figcaption><\/figure>\n<\/div>\n\n\n<h3 class=\"wp-block-heading\"><b>7. CANCIONES SOBRE SECAR Y PONER LOCI\u00d3N PARA TERMINAR LA RUTINA DE BA\u00d1O Y TRABAJAR LOS NOMBRES DE PARTES DEL CUERPO<\/b><\/h3>\n\n\n\n<p><span style=\"font-weight: 400;\"> Cuando tu ni\u00f1o salga del ba\u00f1o, envu\u00e9lvelo en una toalla suave (una toalla reci\u00e9n salida de la secadora es especialmente c\u00f3moda y llamativa) y dale un masaje con loci\u00f3n (si le gusta). Puedes cantar la canci\u00f3n del ba\u00f1o (\u201cAs\u00ed es como lavamos\u201d con la melod\u00eda de \u201cAqu\u00ed vamos alrededor del arbusto de moras\u201d) pero sustituyendo la palabra \u201clavamos\u201d con la palabra \u201csecamos\u201d cuando est\u00e9s secando a tu ni\u00f1o con la toalla. Tambi\u00e9n puedes sustituir con la palabra \u201cfrotar\u201d cuando est\u00e9s poniendo loci\u00f3n o polvo. Por ejemplo, cuando est\u00e9s sec\u00e1ndolo con la toalla puedes cantar, \u201cAs\u00ed es como secamos los brazos, secamos los brazos, secamos los brazos. As\u00ed es como secamos los brazos, despu\u00e9s de tomar un ba\u00f1o.\u201d Luego cuando est\u00e9s frotando la loci\u00f3n en \u00e9l, canta, \u201cAs\u00ed es como frotamos los brazos, frotamos los brazos, frotamos los brazos. As\u00ed es como frotamos los brazos cuando ponemos loci\u00f3n.\u201d<\/span><\/p>\n\n\n\n<p><span style=\"font-weight: 400;\">Mantener a tu ni\u00f1o entretenido con estas canciones, juegos y actividades deber\u00eda ayudar a mantener su atenci\u00f3n y a mantenerlo comprometido contigo durante toda la rutina del ba\u00f1o. De esta forma estar\u00e1s fortaleciendo tu relaci\u00f3n con \u00e9l mientras tambi\u00e9n lo ayudas a aprender nuevas habilidades.<\/span><\/p>\n\n\n\n<p class=\"has-text-align-center\"><strong><a href=\"https:\/\/parenttraining.chip.uconn.edu\/index.php\/language\/es\/juegos-para-jugar-al-aire-libre\/\">Juego al aire libre y en interiores<\/a><\/strong><\/p>\n","protected":false},"excerpt":{"rendered":"<div class=\"entry-summary\">\nLa hora del ba\u00f1o es un momento excelente para trabajar las palabras de las partes del cuerpo, as\u00ed como los&hellip;\n<\/div>\n<div class=\"link-more\"><a href=\"https:\/\/parenttraining.chip.uconn.edu\/index.php\/language\/es\/juegos-para-la-hora-del-bano\/\" class=\"more-link\">Continue reading<span class=\"screen-reader-text\"> &ldquo;Juegos para la hora del ba\u00f1o&rdquo;<\/span>&hellip;<\/a><\/div>\n","protected":false},"author":497,"featured_media":0,"parent":0,"menu_order":0,"comment_status":"closed","ping_status":"closed","template":"","meta":{"footnotes":""},"class_list":["post-9074","page","type-page","status-publish","hentry","entry"],"_links":{"self":[{"href":"https:\/\/parenttraining.chip.uconn.edu\/index.php\/wp-json\/wp\/v2\/pages\/9074","targetHints":{"allow":["GET"]}}],"collection":[{"href":"https:\/\/parenttraining.chip.uconn.edu\/index.php\/wp-json\/wp\/v2\/pages"}],"about":[{"href":"https:\/\/parenttraining.chip.uconn.edu\/index.php\/wp-json\/wp\/v2\/types\/page"}],"author":[{"embeddable":true,"href":"https:\/\/parenttraining.chip.uconn.edu\/index.php\/wp-json\/wp\/v2\/users\/497"}],"replies":[{"embeddable":true,"href":"https:\/\/parenttraining.chip.uconn.edu\/index.php\/wp-json\/wp\/v2\/comments?post=9074"}],"version-history":[{"count":6,"href":"https:\/\/parenttraining.chip.uconn.edu\/index.php\/wp-json\/wp\/v2\/pages\/9074\/revisions"}],"predecessor-version":[{"id":10705,"href":"https:\/\/parenttraining.chip.uconn.edu\/index.php\/wp-json\/wp\/v2\/pages\/9074\/revisions\/10705"}],"wp:attachment":[{"href":"https:\/\/parenttraining.chip.uconn.edu\/index.php\/wp-json\/wp\/v2\/media?parent=9074"}],"curies":[{"name":"wp","href":"https:\/\/api.w.org\/{rel}","templated":true}]}}