{"id":8971,"date":"2026-01-10T17:23:19","date_gmt":"2026-01-10T22:23:19","guid":{"rendered":"https:\/\/parenttraining.chip.uconn.edu\/?page_id=8971"},"modified":"2026-02-24T08:28:43","modified_gmt":"2026-02-24T13:28:43","slug":"uso-de-horarios-visuales-para-prevenir-conductas-problematicas","status":"publish","type":"page","link":"https:\/\/parenttraining.chip.uconn.edu\/index.php\/language\/es\/uso-de-horarios-visuales-para-prevenir-conductas-problematicas\/","title":{"rendered":"Uso de Horarios Visuales para Prevenir Conductas Problematicas"},"content":{"rendered":"\n<h3 class=\"wp-block-heading\">&nbsp;<strong>Ense\u00f1ando a Tu Ni\u00f1o a Esperar Usando el \u201cPrimero\/Despu\u00e9s\u201d<\/strong><\/h3>\n\n\n\n<p>Los ni\u00f1os que no pueden hablar o comunicarse bien pueden mostrarte lo que quieren usando im\u00e1genes. Describimos el Sistema de Comunicaci\u00f3n por Intercambio de Im\u00e1genes (PECS) en el <a href=\"https:\/\/parenttraining.chip.uconn.edu\/index.php\/language\/es\/modulo-13-pecs-sistema-de-comunicacion-por-intercambio-de-imagenes\/\">M\u00f3dulo 13.<\/a><\/p>\n\n\n\n<p>Para los ni\u00f1os que no siempre <strong><em>entienden<\/em><\/strong> todo lo que les dices, las im\u00e1genes tambi\u00e9n pueden ayudarles a comprender. Una herramienta simple y \u00fatil para esto es un tablero de \u201cPrimero\/Despu\u00e9s\u201d. Usando este tablero, puedes hacerle saber a tu ni\u00f1o que algo que quiere EST\u00c1 POR LLEGAR. Pero primero tiene que hacer otra cosa. A menudo, cuando los ni\u00f1os entienden que pronto tendr\u00e1n lo que quieren, pueden esperar con m\u00e1s paciencia. Tambi\u00e9n hablamos de los tableros de <a href=\"https:\/\/parenttraining.chip.uconn.edu\/index.php\/language\/es\/tableros-primero-despues\/\">Primero\/Despu\u00e9s en el M\u00f3dulo 9<\/a> \u2013 Sesiones Especiales de Aprendizaje.<\/p>\n\n\n\n<p>Aqu\u00ed tienes un ejemplo de un tablero de Primero\/Despu\u00e9s con im\u00e1genes tomadas de Google Im\u00e1genes. Este tablero indica que el ni\u00f1o podr\u00e1 ver televisi\u00f3n por unos minutos, pero primero tiene que vestirse.<\/p>\n\n\n<div class=\"wp-block-image\">\n<figure class=\"aligncenter\"><a href=\"https:\/\/parenttraining.chip.uconn.edu\/wp-content\/uploads\/2015\/12\/165.png\"><img loading=\"lazy\" decoding=\"async\" width=\"650\" height=\"358\" src=\"https:\/\/parenttraining.chip.uconn.edu\/wp-content\/uploads\/2015\/12\/165-300x165.png\" alt=\"165\" class=\"wp-image-1455\" srcset=\"https:\/\/parenttraining.chip.uconn.edu\/wp-content\/uploads\/2015\/12\/165-300x165.png 300w, https:\/\/parenttraining.chip.uconn.edu\/wp-content\/uploads\/2015\/12\/165.png 650w\" sizes=\"auto, (max-width: 650px) 100vw, 650px\" \/><\/a><\/figure>\n<\/div>\n\n\n<p>Se\u00f1ala las im\u00e1genes del tablero mientras dices las palabras. Por ejemplo, \u201c<strong><em>Primero<\/em><\/strong> v\u00edstete, <strong><em>despu\u00e9s<\/em><\/strong> mira televisi\u00f3n,\u201d o \u201c<strong><em>Primero<\/em><\/strong> cena,<strong><em> despu\u00e9s<\/em><\/strong> galleta.\u201d Tu ni\u00f1o tendr\u00e1 m\u00e1s oportunidad de entenderte si se\u00f1alas las im\u00e1genes mientras hablas. No debes esperar que entienda la idea de Primero\/Despu\u00e9s la primera vez. Como la mayor\u00eda de las cosas, los tableros Primero\/Despu\u00e9s funcionar\u00e1n mejor con el tiempo si los usas mucho. Despu\u00e9s de un rato, usar un tablero Primero\/Despu\u00e9s deber\u00eda ayudarle a hacer su tarea y esperar su recompensa porque sabe que est\u00e1 por venir.<\/p>\n\n\n\n<h3 class=\"wp-block-heading\"><strong>Encontrando Im\u00e1genes<\/strong><\/h3>\n\n\n\n<p>Deber\u00edas poder encontrar im\u00e1genes que se parezcan a las comidas y golosinas habituales de tu ni\u00f1o si usas Internet. Si no, los anuncios de peri\u00f3dicos locales o los folletos de supermercados son una buena fuente de im\u00e1genes. Y, por supuesto, si tienes un tel\u00e9fono inteligente o c\u00e1mara digital, puedes tomar las im\u00e1genes exactas que quieras. Puedes descargar e imprimir im\u00e1genes en cualquier m\u00f3dulo de este programa. Si quieres m\u00e1s ideas para usar im\u00e1genes que ayuden a tu ni\u00f1o a comunicarse, revisa el M\u00f3dulo PECS (M\u00f3dulo 13) y visita el sitio web <a href=\"https:\/\/pecs-spain.com\/\">www.PECS.com<\/a>.<\/p>\n\n\n\n<h3 class=\"wp-block-heading\"><strong>Cu\u00e1ndo Usar un Tablero Primero\/Despu\u00e9s<\/strong><\/h3>\n\n\n\n<p>Hay muchos momentos en que los tableros Primero\/Despu\u00e9s pueden ser \u00fatiles. Por ejemplo, quieres hacer una sesi\u00f3n especial de aprendizaje con tu ni\u00f1o pero \u00e9l quiere ir al parque. Lo sabes porque est\u00e1 intentando ponerse la chaqueta. Puedes hacer un tablero Primero\/Despu\u00e9s con una imagen de tu ni\u00f1o en una sesi\u00f3n de aprendizaje en el lado de \u201cPrimero\u201d y una imagen del parque en el lado de \u201cDespu\u00e9s.\u201d<\/p>\n\n\n\n<p>Aqu\u00ed hay otro tablero Primero\/Despu\u00e9s que encontramos en Google Im\u00e1genes. Muestra que PRIMERO el ni\u00f1o debe ayudar a limpiar, y DESPU\u00c9S ser\u00e1 tiempo de salir a jugar afuera. Usar un tablero Primero\/Despu\u00e9s es una excelente forma de ense\u00f1ar a esperar.<\/p>\n\n\n<div class=\"wp-block-image\">\n<figure class=\"aligncenter\"><a href=\"https:\/\/parenttraining.chip.uconn.edu\/wp-content\/uploads\/2015\/12\/166.jpg\"><img loading=\"lazy\" decoding=\"async\" width=\"228\" height=\"112\" src=\"https:\/\/parenttraining.chip.uconn.edu\/wp-content\/uploads\/2015\/12\/166.jpg\" alt=\"166\" class=\"wp-image-1456\"\/><\/a><figcaption class=\"wp-element-caption\">www.connectability.ca<\/figcaption><\/figure>\n<\/div>\n\n\n<p>Tambi\u00e9n puedes usar un tablero Primero\/Despu\u00e9s mientras haces tus sesiones especiales de aprendizaje. Esto le mostrar\u00e1 a tu ni\u00f1o que una actividad preferida viene justo despu\u00e9s de una tarea nueva o una que requiere un poco m\u00e1s de esfuerzo. Aqu\u00ed tienes un ejemplo que muestra que PRIMERO, el ni\u00f1o debe ensartar cuentas y DESPU\u00c9S puede jugar con el helic\u00f3ptero.<\/p>\n\n\n<div class=\"wp-block-image\">\n<figure class=\"aligncenter\"><a href=\"https:\/\/parenttraining.chip.uconn.edu\/wp-content\/uploads\/2015\/12\/167.png\"><img loading=\"lazy\" decoding=\"async\" width=\"300\" height=\"152\" src=\"https:\/\/parenttraining.chip.uconn.edu\/wp-content\/uploads\/2015\/12\/167-300x152.png\" alt=\"167\" class=\"wp-image-1457\" srcset=\"https:\/\/parenttraining.chip.uconn.edu\/wp-content\/uploads\/2015\/12\/167-300x152.png 300w, https:\/\/parenttraining.chip.uconn.edu\/wp-content\/uploads\/2015\/12\/167.png 648w\" sizes=\"auto, (max-width: 300px) 100vw, 300px\" \/><\/a><\/figure>\n<\/div>\n\n\n<p>Se\u00f1ala las im\u00e1genes de izquierda a derecha diciendo, \u201c<strong><em>Primero<\/em><\/strong> cuentas, <strong><em>despu\u00e9s<\/em><\/strong> helic\u00f3ptero.\u201d Luego se\u00f1ala nuevamente la imagen de las cuentas y di, \u201cPrimero cuentas,\u201d y entr\u00e9gale algunas cuentas para ensartar.<\/p>\n\n\n\n<p>Si hay muchas cuentas en la caja, saca algunas y gu\u00e1rdalas antes de darle la caja a tu ni\u00f1o. As\u00ed, la tarea no parecer\u00e1 tan dif\u00edcil y \u00e9l sabr\u00e1 que se puede hacer r\u00e1pido. Con el tiempo, puedes a\u00f1adir una o dos cuentas m\u00e1s antes de darle la caja.<\/p>\n\n\n\n<p><strong>Cuando est\u00e1s ense\u00f1ando a tu ni\u00f1o a seguir un horario con im\u00e1genes que incluyen tareas que debe hacer solo, es mejor usar tareas que no sean muy dif\u00edciles y que no tomen mucho tiempo. Tambi\u00e9n es bueno que las tareas tengan puntos de inicio y fin claros.<\/strong><\/p>\n\n\n\n<p>Una vez que el ni\u00f1o termina la tarea, el\u00f3gialo con entusiasmo, quita la imagen de las cuentas del tablero Primero\/Despu\u00e9s y luego se\u00f1ala la imagen del helic\u00f3ptero. Di algo como, \u201c\u00a1Helic\u00f3ptero!\u201d o \u201c\u00a1Vamos a jugar con el helic\u00f3ptero ahora!\u201d Despu\u00e9s de mucha pr\u00e1ctica, puedes simplemente se\u00f1alar las im\u00e1genes y nombrarlas en orden (es decir, Primero cuentas, despu\u00e9s helic\u00f3ptero). Y tu ni\u00f1o seguir\u00e1 el horario como tal, con poca o ninguna instrucci\u00f3n adicional.<\/p>\n\n\n\n<p>En el siguiente video, la maestra est\u00e1 usando un tablero Primero\/Despu\u00e9s. Ella le muestra al ni\u00f1o que despu\u00e9s de que termine una tarea simple, puede jugar con un juguete que le gusta.<\/p>\n\n\n<p><iframe loading=\"lazy\" title=\"Max-7 1920x1080\" src=\"https:\/\/player.vimeo.com\/video\/199162345?dnt=1&amp;app_id=122963\" width=\"1200\" height=\"675\" frameborder=\"0\" allow=\"autoplay; fullscreen; picture-in-picture; clipboard-write; encrypted-media; web-share\" referrerpolicy=\"strict-origin-when-cross-origin\"><\/iframe><\/p>\n\n\n<div class=\"wp-block-image\">\n<figure class=\"aligncenter\"><a href=\"https:\/\/parenttraining.chip.uconn.edu\/wp-content\/uploads\/2015\/12\/168.png\"><img loading=\"lazy\" decoding=\"async\" width=\"300\" height=\"174\" src=\"https:\/\/parenttraining.chip.uconn.edu\/wp-content\/uploads\/2015\/12\/168-300x174.png\" alt=\"168\" class=\"wp-image-1458\" srcset=\"https:\/\/parenttraining.chip.uconn.edu\/wp-content\/uploads\/2015\/12\/168-300x174.png 300w, https:\/\/parenttraining.chip.uconn.edu\/wp-content\/uploads\/2015\/12\/168.png 647w\" sizes=\"auto, (max-width: 300px) 100vw, 300px\" \/><\/a><\/figure>\n<\/div>\n\n\n<p>Los tableros Primero\/Despu\u00e9s pueden ser muy \u00fatiles cuando tu ni\u00f1o encuentra algo estresante. Por ejemplo, el siguiente es un tablero Primero\/Despu\u00e9s que se puede usar para visitas al m\u00e9dico.<\/p>\n\n\n<div class=\"wp-block-image\">\n<figure class=\"aligncenter\"><a href=\"https:\/\/parenttraining.chip.uconn.edu\/wp-content\/uploads\/2015\/12\/169.jpg\"><img loading=\"lazy\" decoding=\"async\" width=\"300\" height=\"174\" src=\"https:\/\/parenttraining.chip.uconn.edu\/wp-content\/uploads\/2015\/12\/169-300x174.jpg\" alt=\"169\" class=\"wp-image-1459\" srcset=\"https:\/\/parenttraining.chip.uconn.edu\/wp-content\/uploads\/2015\/12\/169-300x174.jpg 300w, https:\/\/parenttraining.chip.uconn.edu\/wp-content\/uploads\/2015\/12\/169-768x445.jpg 768w, https:\/\/parenttraining.chip.uconn.edu\/wp-content\/uploads\/2015\/12\/169-1024x593.jpg 1024w, https:\/\/parenttraining.chip.uconn.edu\/wp-content\/uploads\/2015\/12\/169.jpg 1103w\" sizes=\"auto, (max-width: 300px) 100vw, 300px\" \/><\/a><\/figure>\n<\/div>\n\n\n<p>Mientras est\u00e9s en la sala de espera y en el consultorio del doctor, puedes repasar un tablero Primero\/Despu\u00e9s con tu ni\u00f1o. Esto le mostrar\u00e1 que pronto vendr\u00e1 una recompensa o actividad que le gusta mucho. Solo coloca una imagen de algo muy especial para tu ni\u00f1o en el cuadro \u201cDespu\u00e9s\u201d. Por ejemplo: primero doctor, despu\u00e9s parque; o primero doctor, despu\u00e9s nataci\u00f3n. Cuando visites al doctor, tambi\u00e9n puede ayudar tener a mano algunos premios y juguetes. De esta manera, puedes recompensar a tu ni\u00f1o cada 30 segundos aproximadamente por dejar que el doctor haga incluso peque\u00f1as partes del examen.<\/p>\n\n\n\n<p>Usar\u00e1s muchas de las mismas im\u00e1genes que usas si pruebas PECS. Protege las im\u00e1genes que usar\u00e1s mucho. Puedes hacerlo plastific\u00e1ndolas o cubri\u00e9ndolas con papel de contacto o papel film. Los juguetes, premios y actividades que tu ni\u00f1o prefiera ser\u00e1n usados para el lado \u201cDESPU\u00c9S\u201d del tablero. Las actividades menos preferidas, o las que requieren esfuerzo de parte del ni\u00f1o, se usar\u00e1n para el lado \u201cPRIMERO\u201d del tablero.<\/p>\n\n\n\n<p>Una vez que tu ni\u00f1o entienda la idea de \u201cprimero\/despu\u00e9s,\u201d puede que solo necesites <strong><em>decir las palabras<\/em><\/strong> \u201cprimero\u201d y \u201cdespu\u00e9s.\u201d En el siguiente clip, el ni\u00f1o ha estado en un descanso. Durante su descanso, pudo sentarse en una silla giratoria que \u00e9l llama \u201cla silla grande.\u201d Cuando termina su descanso, se molesta por volver a la \u201csilla peque\u00f1a\u201d para trabajar. Su maestra lo calma usando primero\/despu\u00e9s. Su equipo ha trabajado esta idea por un tiempo, as\u00ed que la maestra solo dice \u201cPrimero la silla peque\u00f1a, despu\u00e9s la silla grande.\u201d \u00a1\u00c9l responde r\u00e1pido incluso sin ver las im\u00e1genes del tablero y no hay berrinche!<\/p>\n\n\n<p><iframe loading=\"lazy\" title=\"Viggo-60 864x486\" src=\"https:\/\/player.vimeo.com\/video\/201768059?dnt=1&amp;app_id=122963\" width=\"864\" height=\"486\" frameborder=\"0\" allow=\"autoplay; fullscreen; picture-in-picture; clipboard-write; encrypted-media; web-share\" referrerpolicy=\"strict-origin-when-cross-origin\"><\/iframe><\/p>\n\n\n\n<h3 class=\"wp-block-heading\"><strong>HORARIOS VISUALES CON IM\u00c1GENES<\/strong><\/h3>\n\n\n\n<p>Empieza tus tableros Primero\/Despu\u00e9s con solo dos im\u00e1genes. Cuando tu ni\u00f1o parezca esperar pacientemente al ver que algo bueno viene pronto, puedes estar listo para aumentar lentamente el n\u00famero de im\u00e1genes. <strong><em>Nos referiremos a tableros Primero\/Despu\u00e9s con m\u00e1s de dos im\u00e1genes como horarios visuales con im\u00e1genes. <\/em><\/strong>Aunque empieces a trabajar con horarios visuales, es buena idea seguir usando el tablero Primero\/Despu\u00e9s con solo dos im\u00e1genes.<\/p>\n\n\n\n<p>Los horarios visuales suelen ir de <strong><em>arriba hacia abajo<\/em><\/strong> o de<strong><em> izquierda a derecha<\/em><\/strong>. Se usan para mostrar a los ni\u00f1os los pasos de una rutina, o para mostrarles el horario de diferentes partes del d\u00eda. As\u00ed sabr\u00e1n qu\u00e9 sigue despu\u00e9s, lo que ayuda con las transiciones de una actividad a otra. Los horarios visuales pueden ser tan largos o tan cortos como quieras. Comienza con horarios muy cortos, de solo 3 o 4 im\u00e1genes, y aumenta el n\u00famero poco a poco. Aqu\u00ed tienes un ejemplo de un horario de actividad que muestra una rutina corta para la hora de dormir.<\/p>\n\n\n<div class=\"wp-block-image\">\n<figure class=\"aligncenter size-full is-resized\"><a href=\"https:\/\/parenttraining.chip.uconn.edu\/wp-content\/uploads\/2025\/10\/module-6-first-then-then.jpg\"><img loading=\"lazy\" decoding=\"async\" width=\"484\" height=\"217\" src=\"https:\/\/parenttraining.chip.uconn.edu\/wp-content\/uploads\/2025\/10\/module-6-first-then-then.jpg\" alt=\"\" class=\"wp-image-8144\" style=\"width:332px;height:auto\" srcset=\"https:\/\/parenttraining.chip.uconn.edu\/wp-content\/uploads\/2025\/10\/module-6-first-then-then.jpg 484w, https:\/\/parenttraining.chip.uconn.edu\/wp-content\/uploads\/2025\/10\/module-6-first-then-then-300x135.jpg 300w\" sizes=\"auto, (max-width: 484px) 100vw, 484px\" \/><\/a><\/figure>\n<\/div>\n\n\n<p>Incluso para ni\u00f1os que no muestran conductas problem\u00e1ticas, los horarios visuales pueden ayudar a prevenir que el ni\u00f1o se altere. La mayor\u00eda de los ni\u00f1os reaccionan mejor si saben qu\u00e9 viene despu\u00e9s. Cuando no saben qu\u00e9 viene, eso puede hacer que se preocupen o se asusten.<\/p>\n\n\n\n<h3 class=\"wp-block-heading\"><strong>Usar horarios visuales para ense\u00f1ar rutinas diarias<\/strong><\/h3>\n\n\n\n<p>Los horarios visuales pueden ser una herramienta muy buena para ayudar a los ni\u00f1os a aprender rutinas diarias importantes. Estas incluyen actividades como cepillarse los dientes, ba\u00f1arse, prepararse para la escuela o salir de casa. Aqu\u00ed hay un horario visual ya hecho para cepillarse los dientes que encontramos en Internet buscando \u201chorarios de actividades con im\u00e1genes para el cepillado de dientes\u201d en Google Im\u00e1genes.<\/p>\n\n\n<div class=\"wp-block-image\">\n<figure class=\"aligncenter\"><a href=\"https:\/\/parenttraining.chip.uconn.edu\/wp-content\/uploads\/2021\/08\/toothbrush-schedule.jpg\"><img loading=\"lazy\" decoding=\"async\" width=\"300\" height=\"225\" src=\"https:\/\/parenttraining.chip.uconn.edu\/wp-content\/uploads\/2021\/08\/toothbrush-schedule-300x225.jpg\" alt=\"\" class=\"wp-image-4895\" srcset=\"https:\/\/parenttraining.chip.uconn.edu\/wp-content\/uploads\/2021\/08\/toothbrush-schedule-300x225.jpg 300w, https:\/\/parenttraining.chip.uconn.edu\/wp-content\/uploads\/2021\/08\/toothbrush-schedule-768x576.jpg 768w, https:\/\/parenttraining.chip.uconn.edu\/wp-content\/uploads\/2021\/08\/toothbrush-schedule.jpg 936w\" sizes=\"auto, (max-width: 300px) 100vw, 300px\" \/><\/a><\/figure>\n<\/div>\n\n\n<p><span style=\"text-align: justify;\"><\/span><\/p>\n\n\n\n<p>F\u00edjate que hay peque\u00f1as casillas debajo de cada imagen para que puedas poner una marca de verificaci\u00f3n cada vez que tu ni\u00f1o complete un paso. Eso le ayudar\u00eda a llevar la cuenta de en qu\u00e9 parte de la rutina est\u00e1. Si plastificas tus horarios visuales, puedes escribir con un marcador borrable y usarlos una y otra vez.<\/p>\n\n\n\n<p>Usar horarios visuales es una buena forma de ayudar a tu ni\u00f1o a recordar los pasos de estas rutinas mientras las aprende. Con el tiempo, habilidades que incluyen varios pasos, como cepillarse los dientes, ba\u00f1arse y vestirse, pueden volverse familiares y entonces tu ni\u00f1o quiz\u00e1s ya no necesite un horario paso a paso. Una vez que tu ni\u00f1o haya aprendido los pasos de varias rutinas, incluso puedes hacer horarios visuales para ayudarle a conocer las partes de su d\u00eda. En este caso, una sola imagen muestra cada rutina que tiene varios pasos. Aqu\u00ed hay un ejemplo de un horario visual para la rutina de la ma\u00f1ana.<\/p>\n\n\n<div class=\"wp-block-image\">\n<figure class=\"aligncenter size-full\"><a href=\"https:\/\/parenttraining.chip.uconn.edu\/wp-content\/uploads\/2025\/10\/module-6-routine1.jpg\"><img loading=\"lazy\" decoding=\"async\" width=\"145\" height=\"606\" src=\"https:\/\/parenttraining.chip.uconn.edu\/wp-content\/uploads\/2025\/10\/module-6-routine1.jpg\" alt=\"\" class=\"wp-image-8141\" srcset=\"https:\/\/parenttraining.chip.uconn.edu\/wp-content\/uploads\/2025\/10\/module-6-routine1.jpg 145w, https:\/\/parenttraining.chip.uconn.edu\/wp-content\/uploads\/2025\/10\/module-6-routine1-72x300.jpg 72w\" sizes=\"auto, (max-width: 145px) 100vw, 145px\" \/><\/a><\/figure>\n<\/div>\n\n\n<h3 class=\"wp-block-heading\"><strong>Horarios diarios<\/strong><\/h3>\n\n\n\n<p>El \u00faltimo ejemplo es un horario visual diario que muestra el horario de un ni\u00f1o para todo el d\u00eda. Hicimos este horario usando im\u00e1genes de Google Im\u00e1genes, por lo que el \u00fanico costo para este horario ser\u00eda el del papel, tinta y las l\u00e1minas para plastificar. Este horario visual est\u00e1 hecho juntando tres o cuatro horarios visuales. Comienza con un horario para la rutina de la ma\u00f1ana y termina con uno para la rutina antes de dormir. La parte del medio muestra las actividades planeadas para el d\u00eda. Con tantas oportunidades para divertirse durante el d\u00eda, \u00a1este ni\u00f1o deber\u00eda esperar con gusto su dia!<\/p>\n\n\n<div class=\"wp-block-image\">\n<figure class=\"aligncenter size-full\"><a href=\"https:\/\/parenttraining.chip.uconn.edu\/wp-content\/uploads\/2026\/02\/Schedule-in-Spanish.png\"><img loading=\"lazy\" decoding=\"async\" width=\"520\" height=\"724\" src=\"https:\/\/parenttraining.chip.uconn.edu\/wp-content\/uploads\/2026\/02\/Schedule-in-Spanish.png\" alt=\"\" class=\"wp-image-10831\" srcset=\"https:\/\/parenttraining.chip.uconn.edu\/wp-content\/uploads\/2026\/02\/Schedule-in-Spanish.png 520w, https:\/\/parenttraining.chip.uconn.edu\/wp-content\/uploads\/2026\/02\/Schedule-in-Spanish-215x300.png 215w\" sizes=\"auto, (max-width: 520px) 100vw, 520px\" \/><\/a><\/figure>\n<\/div>\n\n\n<p>F\u00edjate c\u00f3mo las actividades preferidas (resaltadas en morado), es decir, las que al ni\u00f1o realmente le gustan, est\u00e1n programadas entre cada una o dos actividades que requieren un poco m\u00e1s de esfuerzo por parte del ni\u00f1o. De esta manera, las actividades preferidas funcionan como recompensas para las actividades m\u00e1s exigentes, tal como ocurre con un tablero de First\/Then (Primero\/Despu\u00e9s). Quiz\u00e1s hayas notado que, para este ni\u00f1o, las comidas y la hora del ba\u00f1o se consideran actividades preferidas, aunque esto no es as\u00ed para todos los ni\u00f1os.<\/p>\n\n\n\n<p>Tambi\u00e9n es buena idea evitar programar algo que al ni\u00f1o no le guste justo despu\u00e9s de una actividad altamente preferida. Por ejemplo, si una salida al parque es un premio muy especial, es mejor que despu\u00e9s del parque venga otra actividad preferida, pero que no sea tan especial, antes de pasar a una actividad m\u00e1s desafiante. As\u00ed, cuando le digas que es hora de salir del parque, el ni\u00f1o podr\u00e1 ver que va a casa a jugar con sus juguetes antes de comenzar su sesi\u00f3n de aprendizaje, la cual deber\u00eda ser placentera pero aun as\u00ed exigirle cierto esfuerzo.<\/p>\n\n\n\n<p>Adem\u00e1s, puede que hayas notado que para este ni\u00f1o est\u00e1n programados viajes al ba\u00f1o (resaltados en amarillo) despu\u00e9s de cada comida, al despertar y justo antes de acostarse. Este puede ser un buen horario para un ni\u00f1o que est\u00e1 cerca de aprender a usar el ba\u00f1o, pero los ni\u00f1os que reci\u00e9n est\u00e1n empezando a entrenarse en el uso del ba\u00f1o podr\u00edan necesitar m\u00e1s im\u00e1genes del ba\u00f1o en su horario. En resumen, los horarios visuales deben adaptarse a lo que a tu hijo le gusta y necesita.<\/p>\n\n\n\n<p>Cuando el ni\u00f1o ya entiende c\u00f3mo seguir un horario visual, puede disfrutar tachando algunas im\u00e1genes a medida que termina las actividades, sabiendo que la siguiente actividad ser\u00e1 algo divertido. Este horario de actividades corre de izquierda a derecha y de arriba hacia abajo. Puedes usar un marcador de borrado en seco para tachar cada actividad y al final del d\u00eda simplemente borrar con un pa\u00f1uelo para prepararlo para el siguiente uso.Tambi\u00e9n puedes hacer un horario visual para cada ma\u00f1ana o tarde pegando las im\u00e1genes en una cartulina grande con Velcro, para ir quit\u00e1ndolas a medida que las actividades se completan, o quitar todas al final del d\u00eda.<\/p>\n\n\n\n<p>Existen programas de computadora excelentes que puedes comprar y que est\u00e1n dise\u00f1ados especialmente para crear horarios visuales. Las im\u00e1genes son muy claras y f\u00e1ciles de entender; \u2018Mayer Johnson Board Maker\u2019 es uno de los mejores productos en este sentido. Sin embargo, no es necesario gastar dinero para hacer horarios visuales: crear tus propios horarios con im\u00e1genes tomadas de Internet, revistas, o fotos hechas con un smartphone o c\u00e1mara digital funciona perfectamente.<\/p>\n\n\n\n<p class=\"has-text-align-center\"><a href=\"https:\/\/parenttraining.chip.uconn.edu\/index.php\/language\/es\/fomentar-el-juego\/\"><strong>Fomentar el juego<\/strong><\/a><\/p>\n\n\n\n<p><\/p>\n","protected":false},"excerpt":{"rendered":"<div class=\"entry-summary\">\n&nbsp;Ense\u00f1ando a Tu Ni\u00f1o a Esperar Usando el \u201cPrimero\/Despu\u00e9s\u201d Los ni\u00f1os que no pueden hablar o comunicarse bien pueden mostrarte&hellip;\n<\/div>\n<div class=\"link-more\"><a href=\"https:\/\/parenttraining.chip.uconn.edu\/index.php\/language\/es\/uso-de-horarios-visuales-para-prevenir-conductas-problematicas\/\" class=\"more-link\">Continue reading<span class=\"screen-reader-text\"> &ldquo;Uso de Horarios Visuales para Prevenir Conductas Problematicas&rdquo;<\/span>&hellip;<\/a><\/div>\n","protected":false},"author":497,"featured_media":0,"parent":0,"menu_order":0,"comment_status":"closed","ping_status":"closed","template":"","meta":{"footnotes":""},"class_list":["post-8971","page","type-page","status-publish","hentry","entry"],"_links":{"self":[{"href":"https:\/\/parenttraining.chip.uconn.edu\/index.php\/wp-json\/wp\/v2\/pages\/8971","targetHints":{"allow":["GET"]}}],"collection":[{"href":"https:\/\/parenttraining.chip.uconn.edu\/index.php\/wp-json\/wp\/v2\/pages"}],"about":[{"href":"https:\/\/parenttraining.chip.uconn.edu\/index.php\/wp-json\/wp\/v2\/types\/page"}],"author":[{"embeddable":true,"href":"https:\/\/parenttraining.chip.uconn.edu\/index.php\/wp-json\/wp\/v2\/users\/497"}],"replies":[{"embeddable":true,"href":"https:\/\/parenttraining.chip.uconn.edu\/index.php\/wp-json\/wp\/v2\/comments?post=8971"}],"version-history":[{"count":9,"href":"https:\/\/parenttraining.chip.uconn.edu\/index.php\/wp-json\/wp\/v2\/pages\/8971\/revisions"}],"predecessor-version":[{"id":10832,"href":"https:\/\/parenttraining.chip.uconn.edu\/index.php\/wp-json\/wp\/v2\/pages\/8971\/revisions\/10832"}],"wp:attachment":[{"href":"https:\/\/parenttraining.chip.uconn.edu\/index.php\/wp-json\/wp\/v2\/media?parent=8971"}],"curies":[{"name":"wp","href":"https:\/\/api.w.org\/{rel}","templated":true}]}}