{"id":8809,"date":"2026-01-09T18:46:53","date_gmt":"2026-01-09T23:46:53","guid":{"rendered":"https:\/\/parenttraining.chip.uconn.edu\/?page_id=8809"},"modified":"2026-02-11T03:18:45","modified_gmt":"2026-02-11T08:18:45","slug":"colores-receptivos","status":"publish","type":"page","link":"https:\/\/parenttraining.chip.uconn.edu\/index.php\/language\/es\/colores-receptivos\/","title":{"rendered":"Colores receptivos"},"content":{"rendered":"<p>Empecemos con los colores. Si su hijo ha aprendido a emparejar colores y ha practicado el emparejamiento de colores, deber\u00eda estar listo para comenzar a aprender los nombres de los colores. En cualquier caso, aseg\u00farese de que su hijo pueda emparejar los colores correctamente en al menos 8 de cada 10 intentos. Si no puede hacerlo, deber\u00e1 ense\u00f1arle (o volver a ense\u00f1arle) a emparejar colores, tal como aprendi\u00f3 a ense\u00f1ar el emparejamiento de objetos. Sin embargo, con los colores no incluya objetos de otras categor\u00edas. Utilice \u00fanicamente tarjetas de colores lisos para este programa de ense\u00f1anza. Una vez que su hijo pueda emparejar los colores primarios correctamente en al menos 8 de cada 10 intentos, estar\u00e1 listo para aprender los nombres de estos colores. Habr\u00e1 tenido la oportunidad de escuchar los nombres de los colores mientras aprend\u00eda a emparejarlos, \u00a1lo cual le dar\u00e1 una buena ventaja!<\/p>\n<p>Comience colocando tres tarjetas o trozos de papel de colores sobre la mesa delante de su hijo. Los colores b\u00e1sicos son rojo, azul, verde, amarillo y naranja. Empiece con tres de ellos y vaya a\u00f1adiendo los dem\u00e1s uno por uno. Una vez que los haya aprendido, introduzca negro, blanco, marr\u00f3n, rosa, morado y gris, tambi\u00e9n de uno en uno, en el orden que prefiera. Puede a\u00f1adir cualquier otro color que desee. Pero esta vez, en lugar de utilizar im\u00e1genes, utilizar\u00e1 tarjetas de colores lisos, como las siguientes:<\/p>\n<p style=\"text-align: justify;\"><a href=\"https:\/\/parenttraining.chip.uconn.edu\/wp-content\/uploads\/2015\/07\/131.jpg\"><img loading=\"lazy\" decoding=\"async\" class=\"alignnone wp-image-1413\" src=\"https:\/\/parenttraining.chip.uconn.edu\/wp-content\/uploads\/2015\/07\/131.jpg\" alt=\"131\" width=\"168\" height=\"130\" \/><\/a>\u00a0 \u00a0\u00a0\u00a0<a href=\"https:\/\/parenttraining.chip.uconn.edu\/wp-content\/uploads\/2015\/07\/132.jpg\"><img loading=\"lazy\" decoding=\"async\" class=\"alignnone wp-image-1414\" src=\"https:\/\/parenttraining.chip.uconn.edu\/wp-content\/uploads\/2015\/07\/132.jpg\" alt=\"132\" width=\"168\" height=\"130\" \/><\/a>\u00a0 \u00a0\u00a0<a href=\"https:\/\/parenttraining.chip.uconn.edu\/wp-content\/uploads\/2015\/07\/133.jpg\"><img loading=\"lazy\" decoding=\"async\" class=\"alignnone wp-image-1415\" src=\"https:\/\/parenttraining.chip.uconn.edu\/wp-content\/uploads\/2015\/07\/133.jpg\" alt=\"133\" width=\"166\" height=\"128\" \/><\/a><\/p>\n<p>Al igual que en los otros programas que hemos comentado, es mejor comenzar utilizando solo el nombre del color como instrucci\u00f3n. Si coloca tarjetas rojas, azules y amarillas delante de su hijo, simplemente diga uno de los colores, como \u201crojo\u201d, y gu\u00ede su mano para que toque o se\u00f1ale la tarjeta roja. Si considera que su hijo lo entender\u00e1, puede decir \u201ctoque el rojo\u201d o \u201cmu\u00e9streme el rojo\u201d. Sin embargo, suele ser mejor empezar con instrucciones simples y, si es necesario, utilizar frases m\u00e1s largas o detalladas m\u00e1s adelante. Y, por supuesto, recuerde elogiar a su hijo y, si le resulta motivador, ofr\u00e9zcale una peque\u00f1a recompensa.<\/p>\n<table style=\"background-color: #a0ded1;\">\n<tbody>\n<tr>\n<td>\n<ul>\n<li style=\"font-weight: 400;\" aria-level=\"1\"><span style=\"font-weight: 400;\">Coloque tres tarjetas de colores diferentes sobre la mesa delante de su hijo.<\/span><\/li>\n<li style=\"font-weight: 400;\" aria-level=\"1\"><span style=\"font-weight: 400;\">Dale una instrucci\u00f3n clara y sencilla. Por ejemplo, \u00abrojo\u00bb o \u00abtoca el rojo\u00bb.<\/span><\/li>\n<li style=\"font-weight: 400;\" aria-level=\"1\"><span style=\"font-weight: 400;\">Utilice la indicaci\u00f3n m\u00e1s breve que crea que funcionar\u00e1. Con el tiempo, utilizar\u00e1 indicaciones cada vez m\u00e1s breves.<\/span><\/li>\n<li style=\"font-weight: 400;\" aria-level=\"1\"><span style=\"font-weight: 400;\">Refuerce a su hijo cuando toque el color correcto.<\/span><\/li>\n<\/ul>\n<\/td>\n<\/tr>\n<\/tbody>\n<\/table>\n<p>Recuerde cambiar con frecuencia la posici\u00f3n de las tarjetas de colores (de lo contrario, su hijo podr\u00eda pensar que \u201crojo\u201d significa \u201cla de la izquierda\u201d). Adem\u00e1s, aseg\u00farese de presentar las pruebas en un orden aleatorio. <span style=\"font-weight: 400;\">Por ejemplo:<\/span><\/p>\n<p><span style=\"text-decoration: underline;\"><b>Instrucciones<\/b><\/span><b> \u00a0 \u00a0 \u00a0 \u00a0 \u00a0 \u00a0 \u00a0 \u00a0 \u00a0 \u00a0\u00a0<\/b><span style=\"text-decoration: underline;\"><b> Posiciones de las tarjetas de colores<\/b><\/span><\/p>\n<p style=\"text-align: justify;\"><span style=\"font-weight: 400;\">\u00abAzul\u00bb<\/span><\/p>\n<p style=\"text-align: justify;\">\u00a0 \u00a0 \u00a0 \u00a0 \u00a0 \u00a0<a href=\"https:\/\/parenttraining.chip.uconn.edu\/wp-content\/uploads\/2015\/07\/133.jpg\"><img loading=\"lazy\" decoding=\"async\" class=\"alignnone wp-image-1415\" src=\"https:\/\/parenttraining.chip.uconn.edu\/wp-content\/uploads\/2015\/07\/133.jpg\" alt=\"133\" width=\"168\" height=\"130\" \/><\/a>\u00a0<a href=\"https:\/\/parenttraining.chip.uconn.edu\/wp-content\/uploads\/2015\/07\/132.jpg\"><img loading=\"lazy\" decoding=\"async\" class=\"alignnone wp-image-1414\" src=\"https:\/\/parenttraining.chip.uconn.edu\/wp-content\/uploads\/2015\/07\/132.jpg\" alt=\"132\" width=\"168\" height=\"130\" \/><\/a>\u00a0<a href=\"https:\/\/parenttraining.chip.uconn.edu\/wp-content\/uploads\/2015\/07\/131.jpg\"><img loading=\"lazy\" decoding=\"async\" class=\"alignnone wp-image-1413\" src=\"https:\/\/parenttraining.chip.uconn.edu\/wp-content\/uploads\/2015\/07\/131.jpg\" alt=\"131\" width=\"168\" height=\"130\" \/><\/a><\/p>\n<p style=\"text-align: justify;\"><span style=\"font-weight: 400;\">\u00abRojo\u00bb<\/span><\/p>\n<p style=\"text-align: justify;\">\u00a0 \u00a0 \u00a0 \u00a0 \u00a0\u00a0<a href=\"https:\/\/parenttraining.chip.uconn.edu\/wp-content\/uploads\/2015\/07\/131.jpg\"><img loading=\"lazy\" decoding=\"async\" class=\"alignnone wp-image-1413\" src=\"https:\/\/parenttraining.chip.uconn.edu\/wp-content\/uploads\/2015\/07\/131.jpg\" alt=\"131\" width=\"168\" height=\"130\" \/><\/a>\u00a0<a href=\"https:\/\/parenttraining.chip.uconn.edu\/wp-content\/uploads\/2015\/07\/133.jpg\"><img loading=\"lazy\" decoding=\"async\" class=\"alignnone wp-image-1415\" src=\"https:\/\/parenttraining.chip.uconn.edu\/wp-content\/uploads\/2015\/07\/133.jpg\" alt=\"133\" width=\"168\" height=\"130\" \/><\/a>\u00a0<a href=\"https:\/\/parenttraining.chip.uconn.edu\/wp-content\/uploads\/2015\/07\/132.jpg\"><img loading=\"lazy\" decoding=\"async\" class=\"alignnone wp-image-1414\" src=\"https:\/\/parenttraining.chip.uconn.edu\/wp-content\/uploads\/2015\/07\/132.jpg\" alt=\"132\" width=\"168\" height=\"130\" \/><\/a><\/p>\n<p style=\"text-align: justify;\"><span style=\"font-weight: 400;\">\u00abRojo\u00bb<\/span><\/p>\n<p style=\"text-align: justify;\">\u00a0 \u00a0 \u00a0 \u00a0 \u00a0\u00a0<a href=\"https:\/\/parenttraining.chip.uconn.edu\/wp-content\/uploads\/2015\/07\/132.jpg\"><img loading=\"lazy\" decoding=\"async\" class=\"alignnone wp-image-1414\" src=\"https:\/\/parenttraining.chip.uconn.edu\/wp-content\/uploads\/2015\/07\/132.jpg\" alt=\"132\" width=\"168\" height=\"130\" \/><\/a><img loading=\"lazy\" decoding=\"async\" class=\"alignnone wp-image-1415\" src=\"https:\/\/parenttraining.chip.uconn.edu\/wp-content\/uploads\/2015\/07\/133.jpg\" alt=\"133\" width=\"167\" height=\"130\" \/>\u00a0<a href=\"https:\/\/parenttraining.chip.uconn.edu\/wp-content\/uploads\/2015\/07\/131.jpg\"><img loading=\"lazy\" decoding=\"async\" class=\"alignnone wp-image-1413\" src=\"https:\/\/parenttraining.chip.uconn.edu\/wp-content\/uploads\/2015\/07\/131.jpg\" alt=\"131\" width=\"167\" height=\"129\" \/><\/a><\/p>\n<p><span style=\"font-weight: 400;\">\u00abAmarillo\u00bb<\/span><\/p>\n<p style=\"text-align: justify;\">\u00a0 \u00a0 \u00a0 \u00a0 \u00a0<a href=\"https:\/\/parenttraining.chip.uconn.edu\/wp-content\/uploads\/2015\/07\/133.jpg\"><img loading=\"lazy\" decoding=\"async\" class=\"alignnone wp-image-1415\" src=\"https:\/\/parenttraining.chip.uconn.edu\/wp-content\/uploads\/2015\/07\/133.jpg\" alt=\"133\" width=\"168\" height=\"130\" \/><\/a><img loading=\"lazy\" decoding=\"async\" class=\"alignnone wp-image-1413\" src=\"https:\/\/parenttraining.chip.uconn.edu\/wp-content\/uploads\/2015\/07\/131.jpg\" alt=\"131\" width=\"168\" height=\"130\" \/>\u00a0<a href=\"https:\/\/parenttraining.chip.uconn.edu\/wp-content\/uploads\/2015\/07\/132.jpg\"><img loading=\"lazy\" decoding=\"async\" class=\"alignnone wp-image-1414\" src=\"https:\/\/parenttraining.chip.uconn.edu\/wp-content\/uploads\/2015\/07\/132.jpg\" alt=\"132\" width=\"168\" height=\"130\" \/><\/a><\/p>\n<p style=\"text-align: justify;\"><span style=\"font-weight: 400;\">\u00abAmarillo\u00bb<\/span><\/p>\n<p style=\"text-align: justify;\">\u00a0 \u00a0 \u00a0 \u00a0 \u00a0<a href=\"https:\/\/parenttraining.chip.uconn.edu\/wp-content\/uploads\/2015\/07\/132.jpg\"><img loading=\"lazy\" decoding=\"async\" class=\"alignnone wp-image-1414\" src=\"https:\/\/parenttraining.chip.uconn.edu\/wp-content\/uploads\/2015\/07\/132.jpg\" alt=\"132\" width=\"168\" height=\"130\" \/><\/a><img loading=\"lazy\" decoding=\"async\" class=\"alignnone wp-image-1415\" src=\"https:\/\/parenttraining.chip.uconn.edu\/wp-content\/uploads\/2015\/07\/133.jpg\" alt=\"133\" width=\"168\" height=\"130\" \/>\u00a0<a href=\"https:\/\/parenttraining.chip.uconn.edu\/wp-content\/uploads\/2015\/07\/131.jpg\"><img loading=\"lazy\" decoding=\"async\" class=\"alignnone wp-image-1413\" src=\"https:\/\/parenttraining.chip.uconn.edu\/wp-content\/uploads\/2015\/07\/131.jpg\" alt=\"131\" width=\"168\" height=\"130\" \/><\/a><\/p>\n<p><span style=\"font-weight: 400;\">\u00abAzul\u00bb<\/span><\/p>\n<p style=\"text-align: justify;\">\u00a0 \u00a0 \u00a0 \u00a0 \u00a0<a href=\"https:\/\/parenttraining.chip.uconn.edu\/wp-content\/uploads\/2015\/07\/133.jpg\"><img loading=\"lazy\" decoding=\"async\" class=\"alignnone wp-image-1415\" src=\"https:\/\/parenttraining.chip.uconn.edu\/wp-content\/uploads\/2015\/07\/133.jpg\" alt=\"133\" width=\"168\" height=\"130\" \/><\/a>\u00a0<a href=\"https:\/\/parenttraining.chip.uconn.edu\/wp-content\/uploads\/2015\/07\/132.jpg\"><img loading=\"lazy\" decoding=\"async\" class=\"alignnone wp-image-1414\" src=\"https:\/\/parenttraining.chip.uconn.edu\/wp-content\/uploads\/2015\/07\/132.jpg\" alt=\"132\" width=\"168\" height=\"130\" \/><\/a>\u00a0<a href=\"https:\/\/parenttraining.chip.uconn.edu\/wp-content\/uploads\/2015\/07\/131.jpg\"><img loading=\"lazy\" decoding=\"async\" class=\"alignnone wp-image-1413\" src=\"https:\/\/parenttraining.chip.uconn.edu\/wp-content\/uploads\/2015\/07\/131.jpg\" alt=\"131\" width=\"168\" height=\"130\" \/><\/a><\/p>\n<p><span style=\"font-weight: 400;\">F\u00edjese en que las tarjetas de colores est\u00e1n en lugares diferentes cada vez y que el orden de las pruebas no es predecible. Por ejemplo, no conviene utilizar un orden repetitivo o predecible como:<\/span><span style=\"font-weight: 400;\"><br \/>\n<\/span><span style=\"font-weight: 400;\">rojo, amarillo, azul, rojo, amarillo, azul <\/span><span style=\"font-weight: 400;\">o rojo, azul, rojo, azul, rojo, azul. <\/span><span style=\"font-weight: 400;\">Utilizar un orden impredecible (aleatorio) obliga al ni\u00f1o a prestar m\u00e1s atenci\u00f3n para elegir correctamente el color que usted ha nombrado.<\/span><\/p>\n<h2 style=\"text-align: justify;\"><b>Compruebe si su hijo ya conoce algunas palabras relacionadas con los colores<\/b><\/h2>\n<p><span style=\"font-weight: 400;\">Al igual que con la comprensi\u00f3n de objetos y animales, comience con un conjunto de <\/span><b>tres colores<\/b><span style=\"font-weight: 400;\"> y compruebe si su hijo ya conoce alguno de ellos. <\/span><span style=\"font-weight: 400;\">Si considera que su hijo puede conocer uno o m\u00e1s colores, empiece con los que ya domina junto con uno o dos nuevos. <\/span><span style=\"font-weight: 400;\">\u00a1Esto le dar\u00e1 una buena ventaja!<\/span><\/p>\n<h2><b>Cu\u00e1ndo a\u00f1adir un nuevo color<\/b><\/h2>\n<p><span style=\"font-weight: 400;\">Una vez que su hijo haya aprendido el primer conjunto de tres colores, a\u00f1ada un cuarto color, y as\u00ed sucesivamente. Debe tener tres opciones sobre la mesa para cada prueba. En cada una, utilice dos de los colores que ya conoce junto con el nuevo color. Por ejemplo, si su hijo ha aprendido rojo, azul y amarillo, puede a\u00f1adir verde a continuaci\u00f3n. Coloque la tarjeta verde junto con la azul y la roja durante algunas pruebas y, despu\u00e9s, c\u00e1mbiela utilizando la tarjeta amarilla en lugar de la azul o la roja. Contin\u00fae de esta forma para que su hijo practique los colores que ya conoce y, al mismo tiempo, aprenda el nuevo color, en este caso, el \u201cverde\u201d.<\/span><\/p>\n<h2 style=\"text-align: justify;\"><b>A\u00f1ada palabras de colores a la lista de palabras que su hijo ha aprendido<\/b><\/h2>\n<p><span style=\"font-weight: 400;\">Recuerde a\u00f1adir las palabras de colores que su hijo aprenda a la lista de palabras que comprende. Por ejemplo, un ni\u00f1o que haya aprendido tres colores junto con otras veinte palabras cotidianas podr\u00eda tener una lista de palabras como la siguiente:<\/span><\/p>\n<table style=\"background-color: #a0ded1;\">\n<thead>\n<tr>\n<td><b>Comida\/bebida<\/b><\/td>\n<td><b>Animales<\/b><\/td>\n<td><b>Ropa<\/b><\/td>\n<td><b>Veh\u00edculos<\/b><\/td>\n<td><b>Muebles<\/b><\/td>\n<td><b>Varios<\/b><\/td>\n<td><b>Colores<\/b><\/td>\n<\/tr>\n<\/thead>\n<tbody>\n<tr>\n<td><b>Manzana<\/b><\/td>\n<td><b>Perro<\/b><\/td>\n<td><b>Calcet\u00edn<\/b><\/td>\n<td><b>Coche<\/b><\/td>\n<td><b>Mesa<\/b><\/td>\n<td><b>Taza<\/b><\/td>\n<td><b>Rojo<\/b><\/td>\n<\/tr>\n<tr>\n<td><b>Cheerios<\/b><\/td>\n<td><b>Gato<\/b><\/td>\n<td><b>Camisa<\/b><\/td>\n<td><b>Cami\u00f3n<\/b><\/td>\n<td><b>Silla<\/b><\/td>\n<td><b>Cuchara<\/b><\/td>\n<td><b>Azul<\/b><\/td>\n<\/tr>\n<tr>\n<td><b>Galleta<\/b><\/td>\n<td><\/td>\n<td><b>Zapato(s)<\/b><\/td>\n<td><b>Avi\u00f3n<\/b><\/td>\n<td><b>Cama<\/b><\/td>\n<td><b>Rompecabezas<\/b><\/td>\n<td><b>Amarillo<\/b><\/td>\n<\/tr>\n<tr>\n<td><b>Pan<\/b><\/td>\n<td><\/td>\n<td><b>Pantalones<\/b><\/td>\n<td><b>Tren<\/b><\/td>\n<td><\/td>\n<td><b>Cepillo de dientes<\/b><\/td>\n<td><b>Verde<\/b><\/td>\n<\/tr>\n<tr>\n<td><b>Yogur<\/b><\/td>\n<td><\/td>\n<td><\/td>\n<td><\/td>\n<td><\/td>\n<td><\/td>\n<td><\/td>\n<\/tr>\n<\/tbody>\n<\/table>\n<h2><b>Ense\u00f1ar a su hijo a clasificar diferentes tonos del mismo color<\/b><\/h2>\n<p><span style=\"font-weight: 400;\">Una vez que su hijo haya aprendido cinco o seis colores, puede ampliar el aprendizaje de los colores pidi\u00e9ndole que clasifique peque\u00f1os trozos de papel con diferentes tonos del mismo color en platos de papel o en cuencos peque\u00f1os. Las tiendas de pintura suelen tener muchas muestras de pintura gratuitas que puede llevarse a casa y recortar.<\/span><\/p>\n<p><span style=\"font-weight: 400;\">Aqu\u00ed tiene algunos ejemplos de tonos de azul, rojo y amarillo que encontramos en una tienda de pinturas:<\/span><\/p>\n<p style=\"text-align: justify;\"><a href=\"https:\/\/parenttraining.chip.uconn.edu\/wp-content\/uploads\/2015\/07\/134.jpg\"><img loading=\"lazy\" decoding=\"async\" class=\"size-medium wp-image-1416 aligncenter\" src=\"https:\/\/parenttraining.chip.uconn.edu\/wp-content\/uploads\/2015\/07\/134-300x161.jpg\" alt=\"134\" width=\"300\" height=\"161\" srcset=\"https:\/\/parenttraining.chip.uconn.edu\/wp-content\/uploads\/2015\/07\/134-300x161.jpg 300w, https:\/\/parenttraining.chip.uconn.edu\/wp-content\/uploads\/2015\/07\/134.jpg 471w\" sizes=\"auto, (max-width: 300px) 100vw, 300px\" \/><\/a>\u00a0<a href=\"https:\/\/parenttraining.chip.uconn.edu\/wp-content\/uploads\/2015\/07\/135.jpg\"><img loading=\"lazy\" decoding=\"async\" class=\"size-medium wp-image-1417 aligncenter\" src=\"https:\/\/parenttraining.chip.uconn.edu\/wp-content\/uploads\/2015\/07\/135-300x117.jpg\" alt=\"135\" width=\"300\" height=\"117\" srcset=\"https:\/\/parenttraining.chip.uconn.edu\/wp-content\/uploads\/2015\/07\/135-300x117.jpg 300w, https:\/\/parenttraining.chip.uconn.edu\/wp-content\/uploads\/2015\/07\/135.jpg 686w\" sizes=\"auto, (max-width: 300px) 100vw, 300px\" \/><\/a><\/p>\n<p><span style=\"font-weight: 400;\">El objetivo es ense\u00f1ar a su hijo a emparejar todos los tonos de un mismo color entre s\u00ed: todos los tonos de rojo con rojo, todos los tonos de azul con azul, y as\u00ed sucesivamente. Puede realizar este programa de ense\u00f1anza del mismo modo que el programa de emparejamiento no id\u00e9ntico. Coloque una de las tarjetas de colores que su hijo ya haya aprendido en uno de los tres platos o cuencos. Puede a\u00f1adir un tono adicional de cada color junto con la tarjeta del color original para ayudarle a comprender lo que debe hacer. Cuando le entregue un nuevo tono, nombre el color y gu\u00edelo, si es necesario, para que lo coloque en el recipiente correcto. Con el tiempo, reduzca su orientaci\u00f3n hasta que su hijo pueda clasificar los diferentes tonos correctamente. Evite utilizar colores que no sean claramente identificables como un color u otro.<\/span><\/p>\n<p><span style=\"font-weight: 400;\">En los dos siguientes v\u00eddeos, el ni\u00f1o est\u00e1 aprendiendo a clasificar colores. Observe que, en el segundo v\u00eddeo, la profesora le ense\u00f1a a hacerlo como una actividad independiente. Ella permanece detr\u00e1s de \u00e9l, lista para ayudarle si lo necesita, y solo le ofrece un peque\u00f1o elogio. Al final, permanece completamente en silencio y lo elogia \u00fanicamente cuando ha completado toda la tarea de clasificaci\u00f3n.<\/span><\/p>\n<p><iframe loading=\"lazy\" title=\"Preston-7 1920x1080\" src=\"https:\/\/player.vimeo.com\/video\/201763934?dnt=1&amp;app_id=122963\" width=\"1200\" height=\"675\" frameborder=\"0\" allow=\"autoplay; fullscreen; picture-in-picture; clipboard-write; encrypted-media; web-share\" referrerpolicy=\"strict-origin-when-cross-origin\"><\/iframe><\/p>\n<p><iframe loading=\"lazy\" title=\"Preston-8 1920x1080\" src=\"https:\/\/player.vimeo.com\/video\/201763985?dnt=1&amp;app_id=122963\" width=\"1200\" height=\"675\" frameborder=\"0\" allow=\"autoplay; fullscreen; picture-in-picture; clipboard-write; encrypted-media; web-share\" referrerpolicy=\"strict-origin-when-cross-origin\"><\/iframe><\/p>\n<p><span style=\"font-weight: 400;\">Una vez que su hijo domine esta actividad, puede utilizar estos diferentes tonos junto con las tarjetas de colores originales del programa Colores receptivos.<\/span><\/p>\n<p style=\"text-align: center;\"><strong><a href=\"https:\/\/parenttraining.chip.uconn.edu\/index.php\/language\/es\/formas-receptivas\/\">Siguiente: Formas receptivas<\/a><\/strong><\/p>\n","protected":false},"excerpt":{"rendered":"<div class=\"entry-summary\">\nEmpecemos con los colores. Si su hijo ha aprendido a emparejar colores y ha practicado el emparejamiento de colores, deber\u00eda&hellip;\n<\/div>\n<div class=\"link-more\"><a href=\"https:\/\/parenttraining.chip.uconn.edu\/index.php\/language\/es\/colores-receptivos\/\" class=\"more-link\">Continue reading<span class=\"screen-reader-text\"> &ldquo;Colores receptivos&rdquo;<\/span>&hellip;<\/a><\/div>\n","protected":false},"author":497,"featured_media":0,"parent":0,"menu_order":0,"comment_status":"closed","ping_status":"closed","template":"","meta":{"footnotes":""},"class_list":["post-8809","page","type-page","status-publish","hentry","entry"],"_links":{"self":[{"href":"https:\/\/parenttraining.chip.uconn.edu\/index.php\/wp-json\/wp\/v2\/pages\/8809","targetHints":{"allow":["GET"]}}],"collection":[{"href":"https:\/\/parenttraining.chip.uconn.edu\/index.php\/wp-json\/wp\/v2\/pages"}],"about":[{"href":"https:\/\/parenttraining.chip.uconn.edu\/index.php\/wp-json\/wp\/v2\/types\/page"}],"author":[{"embeddable":true,"href":"https:\/\/parenttraining.chip.uconn.edu\/index.php\/wp-json\/wp\/v2\/users\/497"}],"replies":[{"embeddable":true,"href":"https:\/\/parenttraining.chip.uconn.edu\/index.php\/wp-json\/wp\/v2\/comments?post=8809"}],"version-history":[{"count":19,"href":"https:\/\/parenttraining.chip.uconn.edu\/index.php\/wp-json\/wp\/v2\/pages\/8809\/revisions"}],"predecessor-version":[{"id":10089,"href":"https:\/\/parenttraining.chip.uconn.edu\/index.php\/wp-json\/wp\/v2\/pages\/8809\/revisions\/10089"}],"wp:attachment":[{"href":"https:\/\/parenttraining.chip.uconn.edu\/index.php\/wp-json\/wp\/v2\/media?parent=8809"}],"curies":[{"name":"wp","href":"https:\/\/api.w.org\/{rel}","templated":true}]}}