{"id":8638,"date":"2026-01-06T13:10:52","date_gmt":"2026-01-06T18:10:52","guid":{"rendered":"https:\/\/parenttraining.chip.uconn.edu\/?page_id=8638"},"modified":"2026-03-30T03:41:38","modified_gmt":"2026-03-30T07:41:38","slug":"pecs-fase-2-ampliar-el-uso-de-imagenes","status":"publish","type":"page","link":"https:\/\/parenttraining.chip.uconn.edu\/index.php\/language\/es\/pecs-fase-2-ampliar-el-uso-de-imagenes\/","title":{"rendered":"PECS Fase 2: Ampliar el uso de im\u00e1genes"},"content":{"rendered":"<h2>Aumentar el n\u00famero de im\u00e1genes que su hijo puede utilizar para hacer peticiones y saber d\u00f3nde buscarlas<\/h2>\n<p style=\"text-align: justify;\">Durante la fase 1 del entrenamiento PECS, nos centramos en ense\u00f1ar al ni\u00f1o los conceptos b\u00e1sicos de c\u00f3mo utilizar el intercambio de im\u00e1genes para hacer una petici\u00f3n. Le facilitamos mucho el \u00e9xito. Quer\u00edamos que tuviera muchas oportunidades de reforzarle por hacer peticiones utilizando el intercambio de im\u00e1genes. Por eso nos aseguramos de que su compa\u00f1ero de comunicaci\u00f3n estuviera muy cerca de \u00e9l y directamente frente a \u00e9l, sosteniendo una recompensa favorita. Tambi\u00e9n nos aseguramos de que la imagen de esa recompensa estuviera directamente frente a \u00e9l y f\u00e1cilmente a su alcance. Al hacer estas cosas, le facilitamos la tarea al m\u00e1ximo. Sin embargo, en el mundo real no suele ser tan f\u00e1cil. Si queremos que un ni\u00f1o sea capaz de utilizar esta habilidad fuera de sus sesiones de aprendizaje, primero tenemos que ense\u00f1arle a esforzarse un poco m\u00e1s para encontrar la imagen.<br \/>Aqu\u00ed, en la fase 2, aprenderemos m\u00e1s sobre recompensas e im\u00e1genes y ense\u00f1aremos al ni\u00f1o a encontrar la imagen y al adulto desde m\u00e1s lejos. Tambi\u00e9n tenemos que ense\u00f1arle a encontrar y llamar la atenci\u00f3n de su compa\u00f1ero de comunicaci\u00f3n, es decir, la persona a la que le entregar\u00e1 la imagen. Y tambi\u00e9n queremos que aprenda que puede pedir m\u00e1s de dos o tres cosas.<\/p>\n<blockquote>\n<p style=\"text-align: justify;\">La fase 2 consiste en hacer que esta habilidad sea m\u00e1s \u00fatil en el mundo real.<\/p>\n<\/blockquote>\n<h2><b>OBJETIVOS DE LA FASE 2:<\/b><\/h2>\n<table style=\"background-color: #a0ded1;\">\n<tbody>\n<tr>\n<td>\n<p><b>En la fase 2 queremos alcanzar los siguientes objetivos.<\/b><\/p>\n<h4 style=\"text-align: left;\"><b>Objetivo 1: El ni\u00f1o aprender\u00e1 que sus dibujos se guardan en un cuaderno o carpeta especial y que debe encontrar esta carpeta para poder coger el dibujo del objeto que desea.<\/b><\/h4>\n<p><span style=\"font-weight: 400;\">Una sola imagen es algo muy peque\u00f1o y se puede perder f\u00e1cilmente. Incluso cuando est\u00e1 a la vista, puede ser dif\u00edcil de ver desde el otro lado de la habitaci\u00f3n. Adem\u00e1s, a medida que se a\u00f1aden m\u00e1s y m\u00e1s im\u00e1genes, ser\u00e1 importante guardarlas todas en un solo lugar y mantenerlas organizadas. Al guardarlas todas juntas en una carpeta especial, tanto usted como su hijo sabr\u00e1n exactamente d\u00f3nde buscar cuando necesiten una imagen. Una carpeta ser\u00e1 mucho m\u00e1s f\u00e1cil de encontrar que una sola imagen cuando se busca por la habitaci\u00f3n.<\/span><\/p>\n<h4><strong><b>Objetivo 2: El ni\u00f1o cruzar\u00e1 la habitaci\u00f3n, comenzando en diferentes lugares, para llegar hasta usted y hacer una petici\u00f3n utilizando el PECS. <\/b><\/strong><\/h4>\n<p><span style=\"font-weight: 400;\">Si ha comenzado a ense\u00f1ar el PECS en una habitaci\u00f3n, como la sala de estar, deber\u00e1 asegurarse de que tambi\u00e9n pueda pedirle las cosas que quiere cuando se encuentra en otros lugares, como la cocina, un dormitorio, el jard\u00edn o el parque. Si lo piensa bien, para un ni\u00f1o que a\u00fan no puede hablar, usar el puntero o el PECS para comunicarse es la mejor alternativa a las palabras. Los ni\u00f1os que no pueden comunicarse a menudo se frustran, se enfadan o se entristecen cuando no pueden conseguir lo que m\u00e1s desean o hacerte saber lo que no quieren. Queremos que a su hijo le resulte lo m\u00e1s f\u00e1cil posible hacerle saber lo que quiere y necesita. Recuerde, \u00a1los dem\u00e1s ni\u00f1os llevan sus palabras consigo a todas partes! Aunque llevamos nuestros dedos \u00edndice con nosotros sin tener que pensar en ello, llevar las fotos de su hijo con usted requerir\u00e1 un peque\u00f1o esfuerzo adicional al principio. Pero una vez que se acostumbre, le resultar\u00e1 cada vez m\u00e1s f\u00e1cil recordarlo<\/span>.<\/p>\n<h4><strong><b>Objetivo 3: El ni\u00f1o practicar\u00e1 c\u00f3mo pedir al menos 10 cosas diferentes, incluyendo sus comidas y bebidas favoritas, juguetes y actividades que puede hacer con usted, como burbujas, cosquillas, leer un libro juntos o jugar en un columpio. <\/b>\u00a0<\/strong><\/h4>\n<p><span style=\"font-weight: 400;\">Ser\u00e1 importante que su hijo practique mucho c\u00f3mo pedir diferentes cosas utilizando el PECS. Con el tiempo, aprender\u00e1 que puede pedir todo tipo de cosas utilizando im\u00e1genes. En una secci\u00f3n anterior de este programa de formaci\u00f3n para padres (m\u00f3dulo 6), hablamos de c\u00f3mo prevenir los comportamientos problem\u00e1ticos. En esa secci\u00f3n, hablamos de c\u00f3mo ense\u00f1ar a su hijo a utilizar im\u00e1genes para pedirle un descanso o para rechazar cosas diciendo \u00abno\u00bb en lugar de llorar o hacer una rabieta.<\/span><\/p>\n<\/td>\n<\/tr>\n<\/tbody>\n<\/table>\n<h2><b>INTRODUCCI\u00d3N A LA CARPETA PECS<\/b><\/h2>\n<p><span style=\"font-weight: 400;\">Las carpetas PECS se pueden comprar en el sitio web de PECS, <a href=\"https:\/\/pecsusa.com\/\">pecsusa.com<\/a>, <a href=\"https:\/\/pecs-spain.com\/\">pecs-spain<\/a> o <a href=\"https:\/\/pecs.com\/\">PECS.com<\/a>. Cualquiera de estas direcciones es v\u00e1lida. Le daremos esta informaci\u00f3n de nuevo al final de esta secci\u00f3n. Sin embargo, tambi\u00e9n puede hacer usted mismo una carpeta PECS para su hijo, de forma bastante f\u00e1cil y econ\u00f3mica. Todo lo que necesita es una peque\u00f1a carpeta de tres anillas y un poco de velcro. Aqu\u00ed hay algunas carpetas PECS compradas en el sitio web de PECS.<\/span><\/p>\n<p><a href=\"https:\/\/parenttraining.chip.uconn.edu\/wp-content\/uploads\/2015\/07\/binder6.png\"><img loading=\"lazy\" decoding=\"async\" class=\"alignnone wp-image-393\" src=\"https:\/\/parenttraining.chip.uconn.edu\/wp-content\/uploads\/2015\/07\/binder1-289x300.png\" alt=\"binder1\" width=\"188\" height=\"195\" \/><\/a>\u00a0<a href=\"https:\/\/parenttraining.chip.uconn.edu\/wp-content\/uploads\/2015\/07\/binder5.png\"><img loading=\"lazy\" decoding=\"async\" class=\"alignnone wp-image-391\" src=\"https:\/\/parenttraining.chip.uconn.edu\/wp-content\/uploads\/2015\/07\/binder3.png\" alt=\"binder3\" width=\"254\" height=\"213\" \/><img loading=\"lazy\" decoding=\"async\" class=\"wp-image-392 alignnone\" src=\"https:\/\/parenttraining.chip.uconn.edu\/wp-content\/uploads\/2015\/07\/binder2-200x300.png\" alt=\"binder2\" width=\"177\" height=\"266\" srcset=\"https:\/\/parenttraining.chip.uconn.edu\/wp-content\/uploads\/2015\/07\/binder2-200x300.png 200w, https:\/\/parenttraining.chip.uconn.edu\/wp-content\/uploads\/2015\/07\/binder2.png 260w\" sizes=\"auto, (max-width: 177px) 100vw, 177px\" \/><\/a><\/p>\n<p style=\"text-align: center;\"><span style=\"font-weight: 400;\">Aqu\u00ed hay otra hecha con productos de oficina f\u00e1cilmente disponibles.<\/span><\/p>\n<p style=\"text-align: center;\"><a href=\"https:\/\/parenttraining.chip.uconn.edu\/wp-content\/uploads\/2015\/07\/binder5.png\"><img loading=\"lazy\" decoding=\"async\" class=\"alignnone size-medium wp-image-389\" src=\"https:\/\/parenttraining.chip.uconn.edu\/wp-content\/uploads\/2015\/07\/binder5-225x300.png\" alt=\"binder5\" width=\"225\" height=\"300\" srcset=\"https:\/\/parenttraining.chip.uconn.edu\/wp-content\/uploads\/2015\/07\/binder5-225x300.png 225w, https:\/\/parenttraining.chip.uconn.edu\/wp-content\/uploads\/2015\/07\/binder5.png 293w\" sizes=\"auto, (max-width: 225px) 100vw, 225px\" \/><\/a>\u00a0<a href=\"https:\/\/parenttraining.chip.uconn.edu\/wp-content\/uploads\/2015\/07\/binder4.png\"><img loading=\"lazy\" decoding=\"async\" class=\"alignnone size-medium wp-image-390\" src=\"https:\/\/parenttraining.chip.uconn.edu\/wp-content\/uploads\/2015\/07\/binder4-300x279.png\" alt=\"binder4\" width=\"300\" height=\"279\" srcset=\"https:\/\/parenttraining.chip.uconn.edu\/wp-content\/uploads\/2015\/07\/binder4-300x279.png 300w, https:\/\/parenttraining.chip.uconn.edu\/wp-content\/uploads\/2015\/07\/binder4.png 422w\" sizes=\"auto, (max-width: 300px) 100vw, 300px\" \/><\/a><\/p>\n<table style=\"background-color: #a0ded1;\">\n<tbody>\n<tr>\n<td>\n<p><b>Hay algunas cosas que debe tener en cuenta al hacer una carpeta PECS para su hijo.<\/b><\/p>\n<ul>\n<li style=\"font-weight: 400;\" aria-level=\"1\"><span style=\"font-weight: 400;\">Si encuentra una carpeta peque\u00f1a de tres anillas, como la de la imagen, probablemente el cuaderno ser\u00e1 lo suficientemente peque\u00f1o como para que su hijo pueda manejarlo por s\u00ed mismo.<\/span><\/li>\n<li style=\"font-weight: 400;\" aria-level=\"1\"><span style=\"font-weight: 400;\">Observe c\u00f3mo una carpeta vac\u00eda o medio llena crea una superficie inclinada. Puede utilizarla para las im\u00e1genes que desea que su hijo vea y coja. Las im\u00e1genes que se adhieren a una superficie inclinada son un poco m\u00e1s f\u00e1ciles de ver y manejar que las que se adhieren a una superficie plana.<\/span><\/li>\n<li style=\"font-weight: 400;\" aria-level=\"1\"><span style=\"font-weight: 400;\">Los separadores de pl\u00e1stico resistentes, como estos, son ideales para su carpeta PECS porque no se rompen f\u00e1cilmente.<\/span><\/li>\n<\/ul>\n<\/td>\n<\/tr>\n<\/tbody>\n<\/table>\n<p><img loading=\"lazy\" decoding=\"async\" class=\"size-medium wp-image-388 aligncenter\" src=\"https:\/\/parenttraining.chip.uconn.edu\/wp-content\/uploads\/2015\/07\/binder6-300x225.png\" alt=\"binder6\" width=\"300\" height=\"225\" srcset=\"https:\/\/parenttraining.chip.uconn.edu\/wp-content\/uploads\/2015\/07\/binder6-300x225.png 300w, https:\/\/parenttraining.chip.uconn.edu\/wp-content\/uploads\/2015\/07\/binder6.png 414w\" sizes=\"auto, (max-width: 300px) 100vw, 300px\" \/><\/p>\n<p style=\"text-align: justify;\">Recuerde que usted y su hijo estar\u00e1n despegando las im\u00e1genes de las tiras de velcro. Incluso el papel grueso o el cart\u00f3n probablemente se romper\u00e1n con el tiempo. Pero los separadores de pl\u00e1stico como estos duran mucho tiempo. Si utiliza separadores de pl\u00e1stico, no necesitar\u00e1 plastificar las p\u00e1ginas. Si le resulta dif\u00edcil encontrar separadores de pl\u00e1stico peque\u00f1os, pero puede encontrar otros m\u00e1s grandes, compre los m\u00e1s grandes. A continuaci\u00f3n, c\u00f3rtelos al tama\u00f1o adecuado y haga agujeros en los lugares correctos para las anillas de su carpeta m\u00e1s peque\u00f1a. Es una buena idea utilizar estos separadores de pl\u00e1stico como p\u00e1ginas de la carpeta.<\/p>\n<p style=\"text-align: justify;\">Una vez que tenga las p\u00e1ginas, simplemente forre las p\u00e1ginas con velcro. Ver\u00e1 que el velcro tiene un lado m\u00e1s suave y otro m\u00e1s duro y \u00e1spero. Pegue el lado m\u00e1s duro y \u00e1spero en la parte delantera de la carpeta y en las p\u00e1ginas de la carpeta, en filas. A continuaci\u00f3n, corte trozos m\u00e1s peque\u00f1os del lado m\u00e1s suave y p\u00e9guelos en la parte posterior de sus fotos. Cuando haya terminado, las p\u00e1ginas de su carpeta deber\u00edan tener este aspecto.<\/p>\n<p style=\"text-align: center;\">.<a href=\"https:\/\/parenttraining.chip.uconn.edu\/wp-content\/uploads\/2015\/07\/binder9.png\"><img loading=\"lazy\" decoding=\"async\" class=\"alignnone size-medium wp-image-395\" src=\"https:\/\/parenttraining.chip.uconn.edu\/wp-content\/uploads\/2015\/07\/binder7-300x225.png\" alt=\"binder7\" width=\"300\" height=\"225\" srcset=\"https:\/\/parenttraining.chip.uconn.edu\/wp-content\/uploads\/2015\/07\/binder7-300x225.png 300w, https:\/\/parenttraining.chip.uconn.edu\/wp-content\/uploads\/2015\/07\/binder7.png 515w\" sizes=\"auto, (max-width: 300px) 100vw, 300px\" \/><\/a><\/p>\n<p><span style=\"font-weight: 400;\">Necesitar\u00e1 un par de p\u00e1ginas para empezar con sus im\u00e1genes. Lo mejor es clasificarlas por categor\u00edas. Por ejemplo, ponga las cosas para comer y beber en una p\u00e1gina. Ponga los juguetes y otras actividades divertidas, como pompas de jab\u00f3n o columpios, en otra. Con el tiempo, necesitar\u00e1 m\u00e1s p\u00e1ginas. Si contin\u00faa con PECS m\u00e1s all\u00e1 de lo que le mostramos en este programa, es posible que necesite muchas m\u00e1s p\u00e1ginas.<\/span><\/p>\n<p style=\"text-align: center;\"><a href=\"https:\/\/parenttraining.chip.uconn.edu\/wp-content\/uploads\/2015\/07\/binder9.png\"><img loading=\"lazy\" decoding=\"async\" class=\"alignnone size-medium wp-image-400\" src=\"https:\/\/parenttraining.chip.uconn.edu\/wp-content\/uploads\/2015\/07\/binder9-275x300.png\" alt=\"binder9\" width=\"275\" height=\"300\" srcset=\"https:\/\/parenttraining.chip.uconn.edu\/wp-content\/uploads\/2015\/07\/binder9-275x300.png 275w, https:\/\/parenttraining.chip.uconn.edu\/wp-content\/uploads\/2015\/07\/binder9.png 433w\" sizes=\"auto, (max-width: 275px) 100vw, 275px\" \/><\/a><\/p>\n<p style=\"text-align: justify;\"><span style=\"font-weight: 400;\">Sin embargo, por ahora, dos o tres p\u00e1ginas deber\u00edan ser suficientes. Aqu\u00ed tienes un ejemplo de un cuaderno PECS inicial. Al mirar las p\u00e1ginas con im\u00e1genes del cuaderno PECS de un ni\u00f1o, puede averiguar muchas cosas sobre lo que m\u00e1s le gusta.<\/span><\/p>\n<figure id=\"attachment_401\" aria-describedby=\"caption-attachment-401\" style=\"width: 326px\" class=\"wp-caption aligncenter\"><a href=\"https:\/\/parenttraining.chip.uconn.edu\/wp-content\/uploads\/2015\/07\/binder81.png\"><img loading=\"lazy\" decoding=\"async\" class=\"wp-image-401\" src=\"https:\/\/parenttraining.chip.uconn.edu\/wp-content\/uploads\/2015\/07\/binder81-294x300.png\" alt=\"binder8\" width=\"326\" height=\"332\" srcset=\"https:\/\/parenttraining.chip.uconn.edu\/wp-content\/uploads\/2015\/07\/binder81-294x300.png 294w, https:\/\/parenttraining.chip.uconn.edu\/wp-content\/uploads\/2015\/07\/binder81.png 365w\" sizes=\"auto, (max-width: 326px) 100vw, 326px\" \/><\/a><figcaption id=\"caption-attachment-401\" class=\"wp-caption-text\"><span style=\"font-weight: 400;\">Usado con permiso de PECSUSA.com<\/span><\/figcaption><\/figure>\n<p style=\"text-align: justify;\">Como puede ver, a este ni\u00f1o le gustan los globos y las patatas fritas, y tambi\u00e9n le gusta jugar con rompecabezas y plastilina.<br \/>Aqu\u00ed hay otra carpeta PECS de otro ni\u00f1o. Se puede deducir que a este ni\u00f1o le gustan muchas cosas diferentes. Observe detenidamente la esquina superior derecha de la portada (junto a \u00abbreak\u00bb). Se puede ver que tambi\u00e9n puede estar aprendiendo a usar el ba\u00f1o.\u00a0<span style=\"font-weight: 400;\">Hay una imagen de un inodoro para que pueda pedir ir al ba\u00f1o cuando lo necesite.<\/span><\/p>\n<figure id=\"attachment_399\" aria-describedby=\"caption-attachment-399\" style=\"width: 366px\" class=\"wp-caption aligncenter\"><a href=\"https:\/\/parenttraining.chip.uconn.edu\/wp-content\/uploads\/2015\/07\/binder10.png\"><img loading=\"lazy\" decoding=\"async\" class=\"wp-image-399\" src=\"https:\/\/parenttraining.chip.uconn.edu\/wp-content\/uploads\/2015\/07\/binder10-300x271.png\" alt=\"binder10\" width=\"366\" height=\"331\" srcset=\"https:\/\/parenttraining.chip.uconn.edu\/wp-content\/uploads\/2015\/07\/binder10-300x271.png 300w, https:\/\/parenttraining.chip.uconn.edu\/wp-content\/uploads\/2015\/07\/binder10.png 604w\" sizes=\"auto, (max-width: 366px) 100vw, 366px\" \/><\/a><figcaption id=\"caption-attachment-399\" class=\"wp-caption-text\">Usado con permiso de PECSUSA.com<\/figcaption><\/figure>\n<p><span style=\"font-size: revert; color: initial;\">El profesor que aparece en el siguiente v\u00eddeo se est\u00e1 preparando para su pr\u00f3xima lecci\u00f3n de PECS.<\/span><\/p>\n<p><iframe loading=\"lazy\" title=\"14-binder1 720x486\" src=\"https:\/\/player.vimeo.com\/video\/199047991?dnt=1&amp;app_id=122963\" width=\"720\" height=\"480\" frameborder=\"0\" allow=\"autoplay; fullscreen; picture-in-picture; clipboard-write; encrypted-media; web-share\" referrerpolicy=\"strict-origin-when-cross-origin\"><\/iframe><\/p>\n<p>\u00a0<\/p>\n<p><span style=\"font-weight: 400;\">Para comenzar la fase 2 del entrenamiento PECS, contin\u00fae exactamente como lo hizo antes. Seleccione una golosina, un juguete o una actividad favorita. La \u00fanica diferencia es que ahora va a pegar la imagen en la portada de su cuaderno o carpeta PECS en lugar de colocarla sobre una mesa. La portada de su carpeta deber\u00eda tener un aspecto similar a este.<\/span><\/p>\n<p style=\"text-align: justify;\"><a href=\"https:\/\/parenttraining.chip.uconn.edu\/wp-content\/uploads\/2015\/07\/binder11.png\"><img loading=\"lazy\" decoding=\"async\" class=\"size-medium wp-image-398 aligncenter\" src=\"https:\/\/parenttraining.chip.uconn.edu\/wp-content\/uploads\/2015\/07\/binder11-300x248.png\" alt=\"binder11\" width=\"300\" height=\"248\" srcset=\"https:\/\/parenttraining.chip.uconn.edu\/wp-content\/uploads\/2015\/07\/binder11-300x248.png 300w, https:\/\/parenttraining.chip.uconn.edu\/wp-content\/uploads\/2015\/07\/binder11.png 348w\" sizes=\"auto, (max-width: 300px) 100vw, 300px\" \/><\/a><\/p>\n<p><span style=\"font-weight: 400;\">En este momento, solo debe haber una imagen en la portada de su carpeta. Todas las dem\u00e1s im\u00e1genes deben estar dentro de la carpeta, en las p\u00e1ginas de im\u00e1genes. Al igual que antes, solo debe haber una imagen que el ni\u00f1o pueda obtener. Por ahora, no le estamos ense\u00f1ando a elegir la imagen correcta entre dos o m\u00e1s im\u00e1genes. Solo le estamos ense\u00f1ando a sacar la imagen de la portada de la carpeta. Aunque lleve un tiempo trabajando en esto sin ayuda, es posible que su hijo vuelva a necesitarla. La persona que le ayude debe prestarle toda la ayuda que necesite para sacar la imagen de la carpeta y pon\u00e9rsela en la mano.<\/span><\/p>\n<p><iframe loading=\"lazy\" title=\"15-chip 720x486\" src=\"https:\/\/player.vimeo.com\/video\/199048046?dnt=1&amp;app_id=122963\" width=\"720\" height=\"480\" frameborder=\"0\" allow=\"autoplay; fullscreen; picture-in-picture; clipboard-write; encrypted-media; web-share\" referrerpolicy=\"strict-origin-when-cross-origin\"><\/iframe><\/p>\n<p><span style=\"background-color: #ffffff;\">\u00a0 \u00a0 \u00a0 \u00a0 \u00a0 \u00a0 \u00a0 \u00a0 \u00a0 \u00a0 \u00a0 \u00a0 \u00a0 \u00a0 \u00a0 \u00a0 \u00a0 \u00a0 \u00a0 \u00a0 \u00a0 \u00a0 <span style=\"font-weight: 400;\">Usado con permiso de PECSUSA.com<\/span><\/span><\/p>\n<p><span style=\"font-weight: 400;\">Y recuerde que el ayudante debe comenzar a reducir las indicaciones tan pronto como su hijo empiece a sacar la imagen de la carpeta por s\u00ed mismo. Siempre que utilicemos indicaciones para ayudar a un ni\u00f1o a hacer algo, debemos reducirlas gradualmente hasta que el ni\u00f1o pueda realizar la tarea por s\u00ed mismo.<\/span><\/p>\n<p><span style=\"font-weight: 400;\">Una vez que su hijo pueda sacar la imagen de la carpeta por s\u00ed mismo, puede pasar al siguiente paso. El siguiente paso es alejar un poco m\u00e1s la carpeta del ni\u00f1o. De esta manera, tendr\u00e1 que esforzarse un poco m\u00e1s para conseguir la imagen que necesita. Empiece por alejarla hasta el l\u00edmite de su alcance, de modo que tenga que estirar la mano para alcanzarla. Cuando pueda hacerlo, intente alejar la carpeta unos cent\u00edmetros para que tenga que dar unos pasos para alcanzarla.<\/span><\/p>\n<p><iframe loading=\"lazy\" title=\"16-chocolate\" src=\"https:\/\/player.vimeo.com\/video\/207310216?dnt=1&amp;app_id=122963\" width=\"640\" height=\"360\" frameborder=\"0\" allow=\"autoplay; fullscreen; picture-in-picture; clipboard-write; encrypted-media; web-share\" referrerpolicy=\"strict-origin-when-cross-origin\"><\/iframe><\/p>\n<p><span style=\"background-color: #ffffff;\"> Usado con permiso de PECSUSA.com<\/span><\/p>\n<p style=\"text-align: center;\"><strong><a href=\"https:\/\/parenttraining.chip.uconn.edu\/index.php\/language\/es\/fase-2-continuacion-aumentar-la-distancia-y-anadir-mas-imagenes\/\">Siguiente: Fase 2, continuaci\u00f3n: aumentar la distancia y a\u00f1adir m\u00e1s im\u00e1genes<\/a><\/strong><\/p>\n\n","protected":false},"excerpt":{"rendered":"<div class=\"entry-summary\">\nAumentar el n\u00famero de im\u00e1genes que su hijo puede utilizar para hacer peticiones y saber d\u00f3nde buscarlas Durante la fase&hellip;\n<\/div>\n<div class=\"link-more\"><a href=\"https:\/\/parenttraining.chip.uconn.edu\/index.php\/language\/es\/pecs-fase-2-ampliar-el-uso-de-imagenes\/\" class=\"more-link\">Continue reading<span class=\"screen-reader-text\"> &ldquo;PECS Fase 2: Ampliar el uso de im\u00e1genes&rdquo;<\/span>&hellip;<\/a><\/div>\n","protected":false},"author":497,"featured_media":0,"parent":0,"menu_order":0,"comment_status":"closed","ping_status":"closed","template":"","meta":{"footnotes":""},"class_list":["post-8638","page","type-page","status-publish","hentry","entry"],"_links":{"self":[{"href":"https:\/\/parenttraining.chip.uconn.edu\/index.php\/wp-json\/wp\/v2\/pages\/8638","targetHints":{"allow":["GET"]}}],"collection":[{"href":"https:\/\/parenttraining.chip.uconn.edu\/index.php\/wp-json\/wp\/v2\/pages"}],"about":[{"href":"https:\/\/parenttraining.chip.uconn.edu\/index.php\/wp-json\/wp\/v2\/types\/page"}],"author":[{"embeddable":true,"href":"https:\/\/parenttraining.chip.uconn.edu\/index.php\/wp-json\/wp\/v2\/users\/497"}],"replies":[{"embeddable":true,"href":"https:\/\/parenttraining.chip.uconn.edu\/index.php\/wp-json\/wp\/v2\/comments?post=8638"}],"version-history":[{"count":6,"href":"https:\/\/parenttraining.chip.uconn.edu\/index.php\/wp-json\/wp\/v2\/pages\/8638\/revisions"}],"predecessor-version":[{"id":10962,"href":"https:\/\/parenttraining.chip.uconn.edu\/index.php\/wp-json\/wp\/v2\/pages\/8638\/revisions\/10962"}],"wp:attachment":[{"href":"https:\/\/parenttraining.chip.uconn.edu\/index.php\/wp-json\/wp\/v2\/media?parent=8638"}],"curies":[{"name":"wp","href":"https:\/\/api.w.org\/{rel}","templated":true}]}}