{"id":8468,"date":"2025-12-30T03:08:45","date_gmt":"2025-12-30T08:08:45","guid":{"rendered":"https:\/\/parenttraining.chip.uconn.edu\/?page_id=8468"},"modified":"2026-02-04T02:11:07","modified_gmt":"2026-02-04T07:11:07","slug":"seguir-instrucciones-sencillas-con-objetos","status":"publish","type":"page","link":"https:\/\/parenttraining.chip.uconn.edu\/index.php\/language\/es\/seguir-instrucciones-sencillas-con-objetos\/","title":{"rendered":"Seguir instrucciones sencillas con objetos"},"content":{"rendered":"<h2><b>D\u00e9 instrucciones sencillas y claras que su hijo QUIERA seguir<\/b><\/h2>\n<p><span style=\"font-weight: 400;\">Una forma f\u00e1cil de empezar a trabajar la cooperaci\u00f3n es darle a su hijo instrucciones que sea muy probable que siga. Por ejemplo, puede decirle \u00abcome la galleta\u00bb mientras le da un trozo peque\u00f1o de una galleta que sabe que le gusta. A continuaci\u00f3n, el\u00f3gielo por hacer lo que le ha pedido. O podr\u00eda decirle \u00abjuega con el coche\u00bb mientras le da su coche de juguete favorito. <\/span><span style=\"font-weight: 400;\">Si su hijo tiene un juguete con piezas que le gusta montar, puede darle las piezas, una o dos cada vez, y decirle que juegue con el juguete. Por ejemplo, mientras le da una pieza de su clasificador de formas favorito, diga \u00abdentro\u00bb. O bien, puede decir \u00abaqu\u00ed\u00bb mientras se\u00f1ala d\u00f3nde va. Utilizar un objeto familiar y un gesto como se\u00f1alar, si lo necesita, deber\u00eda ayudar a su hijo a comprender lo que quiere que haga. <\/span><span style=\"font-weight: 400;\">Si a su hijo le gusta jugar con un rompecabezas f\u00e1cil, puede darle el tablero del rompecabezas y luego darle una pieza del rompecabezas mientras le indica que la ponga \u00aben\u00bb el tablero. Aseg\u00farese de darle toda la ayuda que necesite para seguir sus instrucciones, tal como lo hace la maestra en el siguiente video.<\/span><\/p>\n<p><iframe loading=\"lazy\" title=\"Viggo-12 864x486\" src=\"https:\/\/player.vimeo.com\/video\/201766745?dnt=1&amp;app_id=122963\" width=\"864\" height=\"486\" frameborder=\"0\" allow=\"autoplay; fullscreen; picture-in-picture; clipboard-write; encrypted-media; web-share\" referrerpolicy=\"strict-origin-when-cross-origin\"><\/iframe><\/p>\n<p><span style=\"font-weight: 400;\">\u00bfSe ha fijado en que la profesora ha utilizado un lenguaje muy sencillo: \u00abPon dentro\u00bb? Cuando hablamos con ni\u00f1os muy peque\u00f1os, o que a\u00fan no entienden muchas palabras, utilizamos un lenguaje muy sencillo y claro. Esto es especialmente importante cuando les ense\u00f1amos una habilidad nueva. Aunque el ni\u00f1o claramente quer\u00eda intentar poner las piezas de cualquier manera, su profesora le dec\u00eda que las pusiera \u00abdentro\u00bb y luego lo reforzaba cuando lo hac\u00eda. <\/span><span style=\"font-weight: 400;\">Acompa\u00f1\u00f3 sus elogios con cosquillas utilizando un cepillo de maquillaje suave o una pluma. Luego, cuando termin\u00f3 el rompecabezas, le dio un trozo de su cereal favorito. <em><strong>Al indicarle que hiciera algo que \u00e9l quer\u00eda hacer de todos modos, ella buscaba oportunidades para reforzar su cooperaci\u00f3n. En otras palabras, lo recompensaba por hacer lo que se le ped\u00eda.<\/strong><\/em><\/span><\/p>\n<blockquote>\n<p><span style=\"font-weight: 400;\">Cuando hablamos con ni\u00f1os muy peque\u00f1os, o que a\u00fan no entienden muchas palabras, utilizamos un lenguaje muy sencillo y claro.<\/span><\/p>\n<\/blockquote>\n<p><span style=\"font-weight: 400;\">El trozo de cereal tambi\u00e9n ten\u00eda otro prop\u00f3sito. Quiz\u00e1s haya notado que la primera vez que termin\u00f3 el rompecabezas, comenz\u00f3 a quejarse un poco cuando ella intent\u00f3 quit\u00e1rselo. Sin embargo, la segunda vez que hizo el rompecabezas, ella estaba lista con el trozo de cereal y se lo entreg\u00f3 mientras quitaba el rompecabezas. Esto facilit\u00f3 pasar a una nueva tarea mientras \u00e9l disfrutaba felizmente de su golosina. <\/span><span style=\"font-weight: 400;\">Veamos de nuevo el final del \u00faltimo v\u00eddeo. F\u00edjese en c\u00f3mo ella tiene preparada la golosina y la utiliza para distraerlo y que no vuelva a coger el rompecabezas.<\/span><\/p>\n<p><iframe loading=\"lazy\" title=\"Viggo-13 864x486\" src=\"https:\/\/player.vimeo.com\/video\/201766787?dnt=1&amp;app_id=122963\" width=\"864\" height=\"486\" frameborder=\"0\" allow=\"autoplay; fullscreen; picture-in-picture; clipboard-write; encrypted-media; web-share\" referrerpolicy=\"strict-origin-when-cross-origin\"><\/iframe><\/p>\n<p><span style=\"font-weight: 400;\">Usted puede hacer lo mismo con clavijas y un tablero o con objetos peque\u00f1os que quepan en una taza o un cuenco. Cada vez que le d\u00e9 una pieza al ni\u00f1o, d\u00edgale \u00abponlo\u00bb o simplemente \u00abdentro\u00bb. Tambi\u00e9n puede trabajar el cumplimiento de las instrucciones con juguetes para apilar. En lugar de \u00abdentro\u00bb o \u00abponlo\u00bb, diga \u00abponlo encima\u00bb o \u00abponlo arriba\u00bb. Puede utilizar cualquier juguete o actividad que crea que le guste a su hijo. <\/span><span style=\"font-weight: 400;\">Recuerde elogiar a su hijo y mostrarle que est\u00e1 contento con \u00e9l cada vez que hace algo que le ha pedido, incluso si es algo que sabe que le gusta hacer de todos modos. Al hacerlo, aumentar\u00e1 las posibilidades de que su hijo coopere con sus instrucciones en el futuro.<\/span><\/p>\n<blockquote>\n<p><span style=\"font-weight: 400;\">Recuerde elogiar a su hijo y mostrarle que est\u00e1 contento con \u00e9l cada vez que hace algo que le ha pedido, incluso si es algo que sabe que le gusta hacer de todos modos.<\/span><\/p>\n<\/blockquote>\n<p><span style=\"font-weight: 400;\">En el siguiente v\u00eddeo, la profesora est\u00e1 trabajando la cooperaci\u00f3n en el lugar de aprendizaje. Le pide al ni\u00f1o que ponga un bloque o una cuchara en una taza. \u00c9l ya sabe c\u00f3mo hacerlo. Sin embargo, al pedirle que haga cosas muy sencillas y luego reforzarlo con golosinas y elogios, ella est\u00e1 tratando de fomentar la cooperaci\u00f3n. <\/span><\/p>\n<p><span style=\"font-weight: 400;\">Aqu\u00ed vemos al mismo ni\u00f1o siguiendo las instrucciones para colocar las piezas del Sr. Potato Head \u00abdentro\u00bb. Ya ha aprendido a se\u00f1alar las cosas para pedirlas. Por lo tanto, la profesora le hace practicar c\u00f3mo pedir las cosas eligiendo las piezas, una por una.<\/span><\/p>\n<p><iframe loading=\"lazy\" title=\"Viggo-50 864x486\" src=\"https:\/\/player.vimeo.com\/video\/201767781?dnt=1&amp;app_id=122963\" width=\"864\" height=\"486\" frameborder=\"0\" allow=\"autoplay; fullscreen; picture-in-picture; clipboard-write; encrypted-media; web-share\" referrerpolicy=\"strict-origin-when-cross-origin\"><\/iframe><\/p>\n<p style=\"text-align: justify; background: white; vertical-align: baseline; margin: 0in 0in 11.25pt 0in;\"><span style=\"font-weight: 400;\">Para un ni\u00f1o que a\u00fan no sabe c\u00f3mo armar al Sr. Potato Head, puede quitar una o dos piezas. Por ejemplo, quite solo los ojos y una de las orejas. Luego, a medida que le entrega las piezas, una por una, puede indicarle que las ponga \u00abdentro\u00bb. Ay\u00fadelo tanto como sea necesario.<\/span><\/p>\n<p><span style=\"font-weight: 400;\">Puede indicarle se\u00f1alando el agujero correcto o ayud\u00e1ndole a introducir la pieza en el agujero. Aseg\u00farese de elogiarlo en cualquier caso, seguido de una peque\u00f1a recompensa.<\/span><\/p>\n<h2><b>Recordatorio sobre el uso de indicaciones<\/b><\/h2>\n<p style=\"text-align: justify; background: white; vertical-align: baseline; margin: 0in 0in 11.25pt 0in;\"><span style=\"font-weight: 400;\">Si su hijo no hace lo que le ha pedido en unos segundos o si cree que puede necesitar ayuda para hacerlo correctamente, debe darle una indicaci\u00f3n. Para ello, coloque su mano sobre la de \u00e9l y ay\u00fadelo f\u00edsicamente a hacer lo que le ha pedido. A continuaci\u00f3n, el\u00f3gielo como si lo hubiera hecho \u00e9l solo.<\/span><\/p>\n<p><iframe loading=\"lazy\" title=\"Viggo-14 864x486\" src=\"https:\/\/player.vimeo.com\/video\/201766825?dnt=1&amp;app_id=122963\" width=\"864\" height=\"486\" frameborder=\"0\" allow=\"autoplay; fullscreen; picture-in-picture; clipboard-write; encrypted-media; web-share\" referrerpolicy=\"strict-origin-when-cross-origin\"><\/iframe><\/p>\n<p><span style=\"font-weight: 400;\">\u00bfRecuerda c\u00f3mo se llama este tipo de indicaciones? Este tipo de indicaciones se denominan <\/span>indicaciones f\u00edsicas<span style=\"font-weight: 400;\">. A veces tambi\u00e9n nos referimos a ellas como \u00abindicaciones mano sobre mano\u00bb. Esto se debe a que, literalmente, utilizamos nuestra propia mano para hacer que la mano del ni\u00f1o haga algo de una determinada manera. <\/span><span style=\"font-weight: 400;\">Recuerde que a menudo tenemos que dar indicaciones a los ni\u00f1os para ayudarles a aprender cosas nuevas. Con el tiempo, queremos darles cada vez menos indicaciones hasta que puedan hacerlo por s\u00ed mismos. Como hemos comentado, reducimos gradualmente la cantidad de ayuda o indicaciones necesarias para asegurarnos de que el ni\u00f1o responde correctamente por s\u00ed mismo. A esto lo llamamos <\/span>\u00abdesvanecimiento de las indicaciones\u00bb<span style=\"font-weight: 400;\">. <\/span><span style=\"font-weight: 400;\">Aunque es muy importante darle a su hijo toda la ayuda que necesita para tener \u00e9xito, tambi\u00e9n es importante desvanecer gradualmente las indicaciones. Debe reducir la cantidad de ayuda que le da hasta que su hijo sea capaz de responder correctamente por s\u00ed mismo. <em><strong>Si tarda demasiado<\/strong><\/em> en reducir las indicaciones, existe el riesgo de que su hijo llegue a depender de ellas y espere su ayuda antes incluso de intentar hacer las cosas por s\u00ed mismo.<\/span><\/p>\n<h2 style=\"text-align: justify;\"><b>Utilice mucho refuerzo en las primeras sesiones de aprendizaje de su hijo.<\/b><\/h2>\n<p style=\"text-align: justify; background: white; vertical-align: baseline; margin: 0in 0in 11.25pt 0in;\"><span style=\"font-weight: 400;\">Recompense siempre a su hijo con elogios entusiastas y\/o alg\u00fan tipo de recompensa cada vez que haga lo que usted le pida. Esto le ense\u00f1ar\u00e1 a prestarle atenci\u00f3n y a hacer lo que usted le diga. Con el tiempo, no ser\u00e1 necesario recompensarlo cada vez que lo intente. Sin embargo, al principio es mejor hacerlo. De esta manera, probablemente le resultar\u00e1 m\u00e1s f\u00e1cil ense\u00f1arle a sentarse tranquilamente con usted durante las sesiones de aprendizaje.<\/span><\/p>\n<h2><b>Utilice tareas que tengan un comienzo y un final claros<\/b><\/h2>\n<p style=\"text-align: justify; background: white; vertical-align: baseline; margin: 0in 0in 11.25pt 0in;\"><span style=\"font-weight: 400;\">Otra forma importante de ense\u00f1ar a su hijo a ser un buen estudiante es asegurarse de que no interrumpa una actividad a mitad. Una forma de hacerlo es indic\u00e1ndole que complete una tarea que tenga un principio y un final claros. Por ejemplo, si a su hijo le gusta jugar con rompecabezas, podr\u00eda empezar por indicarle que haga uno muy sencillo. Cuando termine el rompecabezas, el\u00f3gielo con entusiasmo y luego ofr\u00e9zcale una actividad realmente divertida. Es importante comenzar con una tarea muy f\u00e1cil. Lo ideal es que la tarea sea tambi\u00e9n algo que le guste a su hijo. Recuerde que la \u00fanica habilidad nueva que est\u00e1 tratando de ense\u00f1arle en este momento es c\u00f3mo comportarse en sus sesiones de aprendizaje. Usted quiere ense\u00f1arle a prestar atenci\u00f3n y a hacer lo que le pide. Y quiere que termine las tareas que comienza.<\/span><\/p>\n<p><iframe loading=\"lazy\" title=\"Jake-1 1920x1080\" src=\"https:\/\/player.vimeo.com\/video\/199161644?dnt=1&amp;app_id=122963\" width=\"1200\" height=\"675\" frameborder=\"0\" allow=\"autoplay; fullscreen; picture-in-picture; clipboard-write; encrypted-media; web-share\" referrerpolicy=\"strict-origin-when-cross-origin\"><\/iframe><\/p>\n<p><span style=\"font-weight: 400;\">Si a su hijo le cuesta quedarse sentado en un sitio, dele una tarea breve que le guste y que pueda hacer con poca o ninguna ayuda. En cuanto haya terminado la tarea, recomp\u00e9nselo con entusiasmo y ofr\u00e9zcale un descanso. La actividad del descanso debe realizarse lejos del espacio de aprendizaje. Intente encontrar una actividad que le haga levantarse y moverse.<\/span><\/p>\n<p><iframe loading=\"lazy\" title=\"Viggo-49A 864x486\" src=\"https:\/\/player.vimeo.com\/video\/201767746?dnt=1&amp;app_id=122963\" width=\"864\" height=\"486\" frameborder=\"0\" allow=\"autoplay; fullscreen; picture-in-picture; clipboard-write; encrypted-media; web-share\" referrerpolicy=\"strict-origin-when-cross-origin\"><\/iframe><\/p>\n<p><span style=\"font-weight: 400;\"><em><strong>Si consigue ense\u00f1arle a su hijo a prestarle atenci\u00f3n y a esforzarse por seguir sus instrucciones, podr\u00e1 ense\u00f1arle muchas cosas m\u00e1s adelante.<\/strong><\/em> Es posible que est\u00e9 ansioso por ense\u00f1arle muchas cosas nuevas de inmediato. Sin embargo, primero debe ense\u00f1arle a hacer lo que le dice durante las sesiones de aprendizaje. Por esta raz\u00f3n, es mejor comenzar con tareas que su hijo ya sabe hacer. Por ejemplo, supongamos que su hijo sabe hacer un rompecabezas de ocho piezas, pero no siempre lo termina. En ese caso, podr\u00eda empezar con uno de tres piezas. Si no tiene ninguno m\u00e1s f\u00e1cil a mano, puede empezar con uno de ocho piezas en el que ya est\u00e9n colocadas cinco.<\/span><\/p>\n<p style=\"text-align: center;\"><a href=\"https:\/\/parenttraining.chip.uconn.edu\/wp-content\/uploads\/2015\/07\/Cody_still-shot_1.jpg\"><img loading=\"lazy\" decoding=\"async\" class=\"alignnone size-medium wp-image-1218\" src=\"https:\/\/parenttraining.chip.uconn.edu\/wp-content\/uploads\/2015\/07\/Cody_still-shot_1-300x203.jpg\" alt=\"Cody_still-shot_1\" width=\"300\" height=\"203\" srcset=\"https:\/\/parenttraining.chip.uconn.edu\/wp-content\/uploads\/2015\/07\/Cody_still-shot_1-300x203.jpg 300w, https:\/\/parenttraining.chip.uconn.edu\/wp-content\/uploads\/2015\/07\/Cody_still-shot_1.jpg 720w\" sizes=\"auto, (max-width: 300px) 100vw, 300px\" \/><\/a><\/p>\n<p style=\"text-align: center;\"><a href=\"https:\/\/parenttraining.chip.uconn.edu\/wp-content\/uploads\/2015\/07\/Cody_still-shot_1.jpg\"><span style=\"font-weight: 400;\">ROMPECABEZAS DE MELISSA Y DOUG<\/span><\/a><\/p>\n<h2><b>Ense\u00f1e nuevas tareas con un enfoque paso a paso<\/b><\/h2>\n<p style=\"text-align: justify; background: white; vertical-align: baseline; margin: 0in 0in 11.25pt 0in;\"><span style=\"font-weight: 400;\">Si su hijo no sabe hacer rompecabezas, puede ense\u00f1arle con uno muy sencillo y empezar quitando solo una pieza. D\u00edgale que haga el rompecabezas o d\u00edgale: \u00abHaga el rompecabezas\u00bb. A continuaci\u00f3n, ay\u00fadelo todo lo que necesite para colocar la pieza que falta, y luego el\u00f3gielo y dele una recompensa. Y recuerde recompensarlo incluso si ha tenido que ayudarlo. Cuando sea capaz de hacer una pieza por s\u00ed mismo, quite dos piezas y p\u00eddele que haga las dos para conseguir la recompensa, y as\u00ed sucesivamente.<\/span><\/p>\n<p style=\"text-align: center;\"><b>Paso 1<\/b><\/p>\n<p style=\"text-align: center;\"><a href=\"https:\/\/parenttraining.chip.uconn.edu\/wp-content\/uploads\/2015\/07\/picture91.jpg\"><img loading=\"lazy\" decoding=\"async\" class=\"alignnone size-medium wp-image-1371\" src=\"https:\/\/parenttraining.chip.uconn.edu\/wp-content\/uploads\/2015\/07\/picture91-225x300.jpg\" alt=\"picture91\" width=\"225\" height=\"300\" srcset=\"https:\/\/parenttraining.chip.uconn.edu\/wp-content\/uploads\/2015\/07\/picture91-225x300.jpg 225w, https:\/\/parenttraining.chip.uconn.edu\/wp-content\/uploads\/2015\/07\/picture91.jpg 389w\" sizes=\"auto, (max-width: 225px) 100vw, 225px\" \/><\/a>\u00a0<a href=\"https:\/\/parenttraining.chip.uconn.edu\/wp-content\/uploads\/2015\/07\/picture92.jpg\"><img loading=\"lazy\" decoding=\"async\" class=\"alignnone size-medium wp-image-1372\" src=\"https:\/\/parenttraining.chip.uconn.edu\/wp-content\/uploads\/2015\/07\/picture92-225x300.jpg\" alt=\"picture92\" width=\"225\" height=\"300\" srcset=\"https:\/\/parenttraining.chip.uconn.edu\/wp-content\/uploads\/2015\/07\/picture92-225x300.jpg 225w, https:\/\/parenttraining.chip.uconn.edu\/wp-content\/uploads\/2015\/07\/picture92.jpg 389w\" sizes=\"auto, (max-width: 225px) 100vw, 225px\" \/><\/a><\/p>\n<p style=\"text-align: center;\"><b>Paso 2<\/b><\/p>\n<p style=\"text-align: center;\">\u00a0\u00a0<a href=\"https:\/\/parenttraining.chip.uconn.edu\/wp-content\/uploads\/2015\/07\/picture94.jpg\"><img loading=\"lazy\" decoding=\"async\" class=\"alignnone size-medium wp-image-1374\" src=\"https:\/\/parenttraining.chip.uconn.edu\/wp-content\/uploads\/2015\/07\/picture94-225x300.jpg\" alt=\"picture94\" width=\"225\" height=\"300\" srcset=\"https:\/\/parenttraining.chip.uconn.edu\/wp-content\/uploads\/2015\/07\/picture94-225x300.jpg 225w, https:\/\/parenttraining.chip.uconn.edu\/wp-content\/uploads\/2015\/07\/picture94.jpg 399w\" sizes=\"auto, (max-width: 225px) 100vw, 225px\" \/><\/a><\/p>\n<p style=\"text-align: center;\"><b>Paso 3<\/b><\/p>\n<p style=\"text-align: center;\">\u00a0<a href=\"https:\/\/parenttraining.chip.uconn.edu\/wp-content\/uploads\/2015\/07\/picture95.jpg\"><img loading=\"lazy\" decoding=\"async\" class=\"alignnone size-medium wp-image-1375\" src=\"https:\/\/parenttraining.chip.uconn.edu\/wp-content\/uploads\/2015\/07\/picture95-225x300.jpg\" alt=\"picture95\" width=\"225\" height=\"300\" srcset=\"https:\/\/parenttraining.chip.uconn.edu\/wp-content\/uploads\/2015\/07\/picture95-225x300.jpg 225w, https:\/\/parenttraining.chip.uconn.edu\/wp-content\/uploads\/2015\/07\/picture95.jpg 401w\" sizes=\"auto, (max-width: 225px) 100vw, 225px\" \/><\/a><\/p>\n<p style=\"text-align: justify;\"><span style=\"font-weight: 400;\">Puede hacer lo mismo con muchos juguetes. Por ejemplo, el c\u00edrculo es la forma m\u00e1s f\u00e1cil de colocar en un clasificador de formas. Puede guardar las otras formas y tapar los otros agujeros con la mano para que solo quede abierto el c\u00edrculo. Una vez que su hijo pueda colocar f\u00e1cilmente el c\u00edrculo en el agujero circular, destape un segundo agujero y vea si puede encontrar el agujero circular y colocar el c\u00edrculo en \u00e9l. Cuando pueda hacerlo, ofr\u00e9zcale dos piezas y as\u00ed sucesivamente.<\/span><\/p>\n<p style=\"text-align: justify; background: white; vertical-align: baseline; margin: 0in 0in 11.25pt 0in;\"><span style=\"font-weight: 400;\">O, si tiene un juguete Mr. Potato Head, puede dejar todas las piezas en su sitio excepto los ojos y la nariz. A continuaci\u00f3n, entr\u00e9guele a su hijo la pieza que falta y p\u00eddale que la coloque, se\u00f1alando el agujero vac\u00edo y ayud\u00e1ndole con la mano si es necesario. Una vez hecho esto, la tarea habr\u00e1 terminado. Cuando pueda colocar una pieza, empiece por quitar dos piezas, y as\u00ed sucesivamente. Si empieza a tener dificultades cuando quite dos o m\u00e1s piezas, vuelva a pedirle que coloque solo una pieza y el\u00f3gielo mucho por ello. Cuando crea que est\u00e1 listo, vuelva a quitar dos piezas. Pase lo que pase, el\u00f3gielo mucho por intentarlo. <\/span><span style=\"font-weight: 400;\">Al principio, su hijo se sentar\u00e1 y le obedecer\u00e1 solo durante unos segundos y colocar\u00e1 solo una pieza del rompecabezas o del juguete. Sin embargo, con el paso del tiempo, se sentar\u00e1 con usted y har\u00e1 lo que le pida durante per\u00edodos cada vez m\u00e1s largos.<\/span><\/p>\n<blockquote>\n<p><span style=\"font-weight: 400;\">Al principio, su hijo se sentar\u00e1 y le obedecer\u00e1 solo durante unos segundos y colocar\u00e1 solo una pieza del rompecabezas o del juguete. Sin embargo, con el paso del tiempo, se sentar\u00e1 con usted y har\u00e1 lo que le pida durante per\u00edodos cada vez m\u00e1s largos.<\/span><\/p>\n<\/blockquote>\n<p><span style=\"font-weight: 400;\">Otra idea ser\u00eda colocar una taza, un cuenco o cualquier otro tipo de recipiente delante de su hijo. A continuaci\u00f3n, coloque dos o tres bloques u otros objetos peque\u00f1os donde pueda verlos claramente. Diga, por ejemplo, \u00abBloques en el cuenco\u00bb, o incluso solo \u00abBloques dentro\u00bb. Utilice un lenguaje muy sencillo para decirle que ponga los objetos \u00abdentro\u00bb del recipiente. Ay\u00fadelo indic\u00e1ndole lo necesario, por ejemplo, se\u00f1alando los bloques y el cuenco o ayud\u00e1ndole suavemente a mover los bloques al cuenco. En cuanto todos los bloques est\u00e9n en el cuenco, ofr\u00e9zcale inmediatamente una peque\u00f1a recompensa y luego un breve descanso con una actividad muy divertida. \u00a1Nada ayuda m\u00e1s a un ni\u00f1o a aprender que tener \u00e9xito! Por lo tanto, es una buena idea empezar con algo que su hijo sea capaz de hacer f\u00e1cilmente.<\/span><\/p>\n<p><iframe loading=\"lazy\" title=\"Jake-2 1920x1080\" src=\"https:\/\/player.vimeo.com\/video\/199161669?dnt=1&amp;app_id=122963\" width=\"1200\" height=\"675\" frameborder=\"0\" allow=\"autoplay; fullscreen; picture-in-picture; clipboard-write; encrypted-media; web-share\" referrerpolicy=\"strict-origin-when-cross-origin\"><\/iframe><\/p>\n<p style=\"text-align: justify; background: white; vertical-align: baseline; margin: 0in 0in 11.25pt 0in;\"><span style=\"font-weight: 400;\">Aumente gradualmente el tiempo que pasa sentado. Puede hacerlo pidi\u00e9ndole a su hijo que complete tareas que le lleven un poco m\u00e1s de tiempo. Por ejemplo, si su hijo empieza colocando tres bloques en un cuenco, aumente gradualmente el tiempo a\u00f1adiendo m\u00e1s bloques.<\/span><\/p>\n<p><iframe loading=\"lazy\" title=\"Jake-3 1920x1080\" src=\"https:\/\/player.vimeo.com\/video\/199161691?dnt=1&amp;app_id=122963\" width=\"1200\" height=\"675\" frameborder=\"0\" allow=\"autoplay; fullscreen; picture-in-picture; clipboard-write; encrypted-media; web-share\" referrerpolicy=\"strict-origin-when-cross-origin\"><\/iframe><\/p>\n<p><span style=\"font-weight: 400;\">Aqu\u00ed hay otro ejemplo: la maestra aumenta gradualmente el tiempo que el ni\u00f1o dedica al aprendizaje quitando m\u00e1s piezas del rompecabezas cada vez que el ni\u00f1o lo completa.<\/span><\/p>\n<p><iframe loading=\"lazy\" title=\"Max-8 1920x1080\" src=\"https:\/\/player.vimeo.com\/video\/199162369?dnt=1&amp;app_id=122963\" width=\"1200\" height=\"675\" frameborder=\"0\" allow=\"autoplay; fullscreen; picture-in-picture; clipboard-write; encrypted-media; web-share\" referrerpolicy=\"strict-origin-when-cross-origin\"><\/iframe><\/p>\n<p><span style=\"font-weight: 400;\">Y usted puede utilizar la misma estrategia para ense\u00f1ar a su hijo a ensartar cuentas. Comience con una sola cuenta y a\u00f1ada una o dos cada vez hasta que sea capaz de ensartar todas las cuentas.<\/span><\/p>\n<p><iframe loading=\"lazy\" title=\"Jake-4 1920x1080\" src=\"https:\/\/player.vimeo.com\/video\/199161715?dnt=1&amp;app_id=122963\" width=\"1200\" height=\"675\" frameborder=\"0\" allow=\"autoplay; fullscreen; picture-in-picture; clipboard-write; encrypted-media; web-share\" referrerpolicy=\"strict-origin-when-cross-origin\"><\/iframe><\/p>\n<p><span style=\"font-weight: 400;\">Estas ideas son solo ejemplos. Puede utilizar cualquier juguete o material que crea que le pueda gustar a su hijo. Si no est\u00e1 seguro, puede ser muy \u00fatil observarlo y prestar mucha atenci\u00f3n a lo que hace cuando puede elegir lo que le gusta. A continuaci\u00f3n, vea si se le ocurren un par de actividades similares. Intente utilizar juguetes o materiales que \u00e9l suele elegir por s\u00ed mismo.<\/span><\/p>\n<p><span style=\"font-weight: 400;\">Ense\u00f1e a su hijo a completar algunas actividades diferentes, de principio a fin. Por ejemplo, ens\u00e9\u00f1ele a armar un rompecabezas, a poner bloques en un cuenco y a ensartar cuentas. Luego, puede trabajar para que complete dos tareas f\u00e1ciles, en lugar de solo una, antes de ofrecerle un descanso. Recuerde colocar ambas tareas delante de \u00e9l desde el principio. De esta manera, sabr\u00e1 lo que se espera de \u00e9l. <\/span><span style=\"font-weight: 400;\">Cuando intente ense\u00f1arle por primera vez a completar dos actividades antes de ganarse el descanso, no se sorprenda si se resiste a la segunda actividad. Recuerde que es posible que le haya gustado tener un descanso y una recompensa despu\u00e9s de completar solo una tarea. Por eso es importante no quedarse con una sola actividad durante demasiado tiempo. Con el tiempo, aprender\u00e1 que los descansos llegan cuando termina los juguetes o las tareas que se le han asignado. <\/span><span style=\"font-weight: 400;\">En el siguiente v\u00eddeo, observe c\u00f3mo este ni\u00f1o aprende a completar dos tareas completas: hace un rompecabezas y luego arma el juguete Mr. Potato Head antes de tomarse un descanso para jugar lejos de su lugar de trabajo con un juguete especial, un helic\u00f3ptero.<\/span><\/p>\n<p><iframe loading=\"lazy\" title=\"Viggo-49 864x486\" src=\"https:\/\/player.vimeo.com\/video\/201767713?dnt=1&amp;app_id=122963\" width=\"864\" height=\"486\" frameborder=\"0\" allow=\"autoplay; fullscreen; picture-in-picture; clipboard-write; encrypted-media; web-share\" referrerpolicy=\"strict-origin-when-cross-origin\"><\/iframe><\/p>\n<p style=\"text-align: center;\"><a href=\"https:\/\/parenttraining.chip.uconn.edu\/index.php\/la-imitacion-una-habilidad-importante-para-aprender-a-aprender\/\"><b>Siguiente: La imitaci\u00f3n: una habilidad importante para aprender a aprender<\/b><\/a><\/p>\n\n","protected":false},"excerpt":{"rendered":"<div class=\"entry-summary\">\nD\u00e9 instrucciones sencillas y claras que su hijo QUIERA seguir Una forma f\u00e1cil de empezar a trabajar la cooperaci\u00f3n es&hellip;\n<\/div>\n<div class=\"link-more\"><a href=\"https:\/\/parenttraining.chip.uconn.edu\/index.php\/language\/es\/seguir-instrucciones-sencillas-con-objetos\/\" class=\"more-link\">Continue reading<span class=\"screen-reader-text\"> &ldquo;Seguir instrucciones sencillas con objetos&rdquo;<\/span>&hellip;<\/a><\/div>\n","protected":false},"author":498,"featured_media":0,"parent":0,"menu_order":0,"comment_status":"closed","ping_status":"closed","template":"","meta":{"footnotes":""},"class_list":["post-8468","page","type-page","status-publish","hentry","entry"],"_links":{"self":[{"href":"https:\/\/parenttraining.chip.uconn.edu\/index.php\/wp-json\/wp\/v2\/pages\/8468","targetHints":{"allow":["GET"]}}],"collection":[{"href":"https:\/\/parenttraining.chip.uconn.edu\/index.php\/wp-json\/wp\/v2\/pages"}],"about":[{"href":"https:\/\/parenttraining.chip.uconn.edu\/index.php\/wp-json\/wp\/v2\/types\/page"}],"author":[{"embeddable":true,"href":"https:\/\/parenttraining.chip.uconn.edu\/index.php\/wp-json\/wp\/v2\/users\/498"}],"replies":[{"embeddable":true,"href":"https:\/\/parenttraining.chip.uconn.edu\/index.php\/wp-json\/wp\/v2\/comments?post=8468"}],"version-history":[{"count":21,"href":"https:\/\/parenttraining.chip.uconn.edu\/index.php\/wp-json\/wp\/v2\/pages\/8468\/revisions"}],"predecessor-version":[{"id":9789,"href":"https:\/\/parenttraining.chip.uconn.edu\/index.php\/wp-json\/wp\/v2\/pages\/8468\/revisions\/9789"}],"wp:attachment":[{"href":"https:\/\/parenttraining.chip.uconn.edu\/index.php\/wp-json\/wp\/v2\/media?parent=8468"}],"curies":[{"name":"wp","href":"https:\/\/api.w.org\/{rel}","templated":true}]}}