{"id":8412,"date":"2025-12-29T16:04:33","date_gmt":"2025-12-29T21:04:33","guid":{"rendered":"https:\/\/parenttraining.chip.uconn.edu\/?page_id=8412"},"modified":"2026-03-29T18:36:39","modified_gmt":"2026-03-29T22:36:39","slug":"comenzar-el-entrenamiento-intestinal","status":"publish","type":"page","link":"https:\/\/parenttraining.chip.uconn.edu\/index.php\/language\/es\/comenzar-el-entrenamiento-intestinal\/","title":{"rendered":"Comenzar el entrenamiento intestinal"},"content":{"rendered":"<p><span style=\"font-weight: 400;\">Por la ma\u00f1ana, cuando su hijo se despierte, ll\u00e9velo al ba\u00f1o para que orine. A continuaci\u00f3n, v\u00edstalo con una camiseta y ropa interior, pero sin pantalones. De este modo, podr\u00e1 ver cualquier accidente que pueda ocurrir lo antes posible. Esto le dar\u00e1 la mejor oportunidad de detectar el accidente a tiempo para que al menos parte de la evacuaci\u00f3n intestinal vaya al inodoro. Si su hijo es mayor o tiene que salir de casa, no se preocupe. V\u00edstalo como lo hace normalmente.<\/span><\/p>\n<h2 style=\"text-align: justify;\"><b>Programe sesiones para ir al ba\u00f1o aproximadamente 15 minutos despu\u00e9s de las comidas o los refrigerios abundantes. <\/b><\/h2>\n<p><span style=\"font-weight: 400;\">Dele el desayuno a su hijo y luego s\u00edgalo. Interact\u00fae con \u00e9l con frecuencia durante los siguientes 15 minutos. La primera sesi\u00f3n debe ser aproximadamente 15 minutos despu\u00e9s de que su hijo termine el desayuno. Puede ser antes si ve que se esconde, hace fuerza o retiene las deposiciones. La raz\u00f3n para programar las sesiones 15 minutos despu\u00e9s de las comidas y los refrigerios abundantes es que este es el momento en que deber\u00eda ser m\u00e1s f\u00e1cil para su hijo hacer sus deposiciones. As\u00ed es como funciona nuestro cuerpo: a medida que comemos y tragamos los alimentos, los m\u00fasculos de nuestro sistema digestivo se activan. Los residuos m\u00e1s antiguos se empujan hacia el intestino para dejar espacio a los nuevos alimentos a medida que comienzan su recorrido por nuestro sistema digestivo.<\/span><\/p>\n<table style=\"background-color: #a0ded1;\">\n<tbody>\n<tr>\n<td><b>Un horario t\u00edpico para sentar a su hijo en el inodoro para defecar podr\u00eda ser el siguiente:<\/b><\/p>\n<ul>\n<li style=\"font-weight: 400;\" aria-level=\"1\"><span style=\"font-weight: 400;\">15 minutos despu\u00e9s del desayuno<\/span><\/li>\n<li style=\"font-weight: 400;\" aria-level=\"1\"><span style=\"font-weight: 400;\">15 minutos despu\u00e9s de la merienda<\/span><\/li>\n<li style=\"font-weight: 400;\" aria-level=\"1\"><span style=\"font-weight: 400;\">15 minutos despu\u00e9s de la comida<\/span><\/li>\n<li style=\"font-weight: 400;\" aria-level=\"1\"><span style=\"font-weight: 400;\">15 minutos despu\u00e9s de la merienda<\/span><\/li>\n<li style=\"font-weight: 400;\" aria-level=\"1\"><span style=\"font-weight: 400;\">15 minutos despu\u00e9s de la cena<\/span><\/li>\n<li style=\"font-weight: 400;\" aria-level=\"1\"><span style=\"font-weight: 400;\">Si no ha habido evacuaci\u00f3n intestinal en todo el d\u00eda, int\u00e9ntelo una vez m\u00e1s antes de acostarse<\/span><\/li>\n<\/ul>\n<\/td>\n<\/tr>\n<\/tbody>\n<\/table>\n<h2><b>Inicie y refuerce la iniciativa<\/b><\/h2>\n<p><span style=\"font-weight: 400;\">Al igual que con el entrenamiento para orinar, anime a su hijo a pedir ir al ba\u00f1o entreg\u00e1ndole la imagen del inodoro. O, si su hijo dice palabras, puede decir \u00abba\u00f1o\u00bb o \u00abquiero ir al ba\u00f1o\u00bb. Puede utilizar cualquier palabra que emplee usted para referirse al ba\u00f1o. Es importante que adquiera el h\u00e1bito de avisarle cuando tenga que ir. Esto ser\u00e1 especialmente importante cuando salgan juntos de casa.<\/span><\/p>\n<h2><b>Recompense los pantalones limpios<\/b><\/h2>\n<p><span style=\"font-weight: 400;\">Cuando su hijo llegue al ba\u00f1o y se baje los pantalones, compruebe si hay manchas o restos de heces (BM) en los calzoncillos. Si los pantalones est\u00e1n limpios, el\u00f3gielo por tener \u00ablos pantalones limpios\u00bb. Si hay manchas o restos de heces en la ropa interior, l\u00edmpiela y c\u00e1mbiele la ropa interior. (Tenga varios pares de ropa interior en el ba\u00f1o). Las manchas en la ropa interior pueden ser un signo de que est\u00e1 intentando retener las heces y tambi\u00e9n pueden ser un signo de estre\u00f1imiento cr\u00f3nico. Si observa esto, aseg\u00farese de informar a su m\u00e9dico.<\/span><\/p>\n<h2><b>No mantenga a su hijo en el inodoro m\u00e1s de 5 minutos<\/b><\/h2>\n<p><span style=\"font-weight: 400;\">Al igual que con el entrenamiento para orinar, las sesiones deben durar entre 3 y 5 minutos aproximadamente. Puede ser \u00fatil utilizar un temporizador. De esta manera, su hijo aprender\u00e1 que, cuando suene el temporizador, puede levantarse del inodoro. No mantenga a su hijo en el inodoro m\u00e1s de 5 minutos, ya que podr\u00eda empezar a verlo como un lugar desagradable, \u00a1y eso es lo que queremos evitar!<\/span><\/p>\n<h2><b>Algunas palabras m\u00e1s sobre el refuerzo<\/b><\/h2>\n<p><span style=\"font-weight: 400;\">Recuerde reforzar a su hijo por sentarse en el inodoro con mucha atenci\u00f3n social, as\u00ed como con libros, m\u00fasica, etc. Haga que sentarse en el inodoro sea una experiencia agradable para su hijo. Pero guarde los refuerzos m\u00e1s poderosos (como una bolsita de Skittles o un peque\u00f1o plato de helado) hasta que haga caca en el inodoro. Si su hijo expulsa gases mientras est\u00e1 sentado en el inodoro, el\u00f3gielo y dele un peque\u00f1o refuerzo (como uno o dos Skittles, por ejemplo). Pero reserve los refuerzos realmente importantes SOLO para cuando haga caca. Puede mantener el refuerzo potente a la vista, si puede guardarlo en una bolsa de pl\u00e1stico limpia y herm\u00e9tica. O puede tener cerca una foto del refuerzo. Si su hijo lo busca, d\u00edgale con suavidad pero con firmeza que el premio especial es solo para defecar en el inodoro. Por supuesto, debe utilizar las palabras que se usan en su familia.<\/span><\/p>\n<h2><b>Repita este proceso despu\u00e9s de todas las comidas y meriendas abundantes<\/b><\/h2>\n<p><span style=\"font-weight: 400;\">Si su hijo no hace BM en el inodoro durante la sesi\u00f3n despu\u00e9s del desayuno, s\u00e1quelo del inodoro. L\u00e1vele las manos y salga del ba\u00f1o. Mantenga una actitud neutral durante este tiempo. Contin\u00fae jugando, ense\u00f1ando o haciendo lo que estuviera haciendo antes de la sesi\u00f3n. Luego, despu\u00e9s de su pr\u00f3xima comida o merienda, repita el proceso. <em><strong>Recuerde, cada vez que repita este proceso, comience por pedirle a su hijo que pida ir al ba\u00f1o.<\/strong><\/em><\/span><\/p>\n<h2><b>Qu\u00e9 hacer si su hijo tiene un accidente durante el entrenamiento para ir al ba\u00f1o\u00a0<\/b><\/h2>\n<p><span style=\"font-weight: 400;\">Durante esta fase inicial del entrenamiento para ir al ba\u00f1o, debe estar con su hijo todo el d\u00eda y revisar sus pantalones con frecuencia. Si ve que empieza a hacer fuerza y cree que puede estar intentando defecar, ll\u00e9velo inmediatamente al ba\u00f1o. H\u00e1galo con calma y en silencio. Si ya ha empezado a hacer caca, simplemente tire al inodoro lo que haya en los pantalones. A continuaci\u00f3n, vea si puede terminar de hacer caca sentado en el inodoro. Si lo consigue, refuerce a su hijo por haber hecho parte de la caca en el inodoro. H\u00e1galo como lo habr\u00eda hecho si hubiera hecho toda la caca en el inodoro, \u00a1con entusiasmo!<\/span><\/p>\n<p><span style=\"font-weight: 400;\">Si su hijo hace caca en los pantalones y usted no lo ve hasta que ha terminado, ll\u00e9velo al ba\u00f1o. H\u00e1galo con calma y en silencio. L\u00edmpielo y luego vuelva a lo que estaba haciendo. No lo refuerce, pero tampoco lo rega\u00f1e ni lo castigue. \u00a1Eso no ayudar\u00e1! Con suerte, esto no ocurrir\u00e1 a menudo. Prestarle mucha atenci\u00f3n durante el entrenamiento deber\u00eda ayudar mucho. Esto ser\u00e1 m\u00e1s importante entre 10 y 30 minutos despu\u00e9s de que coma o tome un tentempi\u00e9 abundante.<\/span><\/p>\n<h2><b>Refuerza el \u00e9xito con un refuerzo muy deseado\u00a0<\/b><\/h2>\n<p style=\"text-align: justify;\"><span style=\"font-weight: 400;\">Cuando su hijo tenga \u00e9xito por primera vez al hacer sus necesidades en el inodoro durante una sesi\u00f3n programada, \u00a1dele su refuerzo m\u00e1s potente! Entr\u00e9gueselo inmediatamente y con entusiasmo (por ejemplo, una bolsa entera de Skittles del tama\u00f1o de un tentempi\u00e9), acompa\u00f1ado de muchos elogios, cosquillas, etc. Si cree que su hijo entender\u00e1 que se ha ganado los Skittles sin abrir la bolsa, ens\u00e9\u00f1eselos mientras lo elogia y col\u00f3quelos sobre la encimera. A continuaci\u00f3n, l\u00edmpielo y l\u00e1vese las manos y las de \u00e9l. Despu\u00e9s, dele los Skittles. O puede ponerle unos cuantos Skittles en la boca, uno a uno, mientras sigue sentado en el inodoro antes de limpiarlo. <em><strong>Esto ser\u00e1 especialmente importante si no le gusta que lo limpien.<\/strong><\/em> Debe recibir el refuerzo lo antes posible despu\u00e9s de hacer caca, para que establezca la conexi\u00f3n entre hacer caca en el inodoro y el refuerzo. Puede ense\u00f1arle a lavarse las manos m\u00e1s adelante en el entrenamiento para ir al ba\u00f1o.<\/span><\/p>\n<h2><b>Despu\u00e9s de hacer caca en el inodoro: \u00a1haz algo realmente divertido!<\/b><\/h2>\n<p><span style=\"font-weight: 400;\">Una vez terminada la rutina del ba\u00f1o, ll\u00e9velo inmediatamente a una de sus actividades favoritas. Puede ser ver su v\u00eddeo musical favorito o salir a jugar al columpio. <strong><em>Debe hacerse inmediatamente, ya que de lo contrario es posible que no establezca la conexi\u00f3n entre la actividad divertida y la recompensa por hacer caca en el inodoro.<\/em><\/strong> Si hay otros miembros de la familia en casa, h\u00e1gales saber que su hijo ha hecho caca en el inodoro. As\u00ed recibir\u00e1 a\u00fan m\u00e1s elogios de ellos. \u00a1Todos pueden darle un gran aplauso!<\/span><\/p>\n<h2><strong>Est\u00e1 bien saltarse algunas de las sesiones diarias despu\u00e9s de que su hijo haya hecho una deposici\u00f3n.<\/strong><\/h2>\n<p><em><span style=\"font-weight: 400;\"><strong>Contin\u00fae con este proceso. Ponga a su hijo en el inodoro unos 15 minutos despu\u00e9s de cada comida y merienda hasta que haga caca en cantidad suficiente.<\/strong><\/span><\/em><span style=\"font-weight: 400;\"><em> Despu\u00e9s, usted debe decidir cu\u00e1ntas sesiones restantes hacer ese d\u00eda.<\/em> Recuerde elogiar a su hijo en cada sesi\u00f3n por tener los pantalones limpios. Puede ser una buena idea intentar sentarlo 15 minutos despu\u00e9s de la cena, si es la comida m\u00e1s abundante. Pero si ya ha hecho una deposici\u00f3n de buen tama\u00f1o, es posible que no haga otra. Como hemos dicho, una vez que su hijo ha hecho una deposici\u00f3n de buen tama\u00f1o, es poco probable que m\u00e1s sesiones ese d\u00eda produzcan m\u00e1s deposiciones. No es conveniente animar a su hijo a empujar o hacer fuerza cuando no hay heces que expulsar. Por lo tanto, no pasa nada si no realiza m\u00e1s sesiones despu\u00e9s de la deposici\u00f3n abundante. No obstante, siga vigil\u00e1ndolo de cerca, por si acaso.<\/span><\/p>\n<h2><b>Refuerce siempre la iniciativa<\/b><\/h2>\n<p><span style=\"font-weight: 400;\">\u00bfQu\u00e9 pasa si su hijo le dice que quiere ir al ba\u00f1o o simplemente entra al ba\u00f1o por s\u00ed mismo? Si intenta sentarse en el inodoro y hace incluso una peque\u00f1a cantidad de heces en el inodoro, \u00a1celebren! Sea lo que sea lo que m\u00e1s le guste a su hijo, aseg\u00farese de que lo obtenga&#8230; \u00a1de inmediato!<\/span><\/p>\n<h2><b>Reduzca gradualmente las indicaciones eliminando una sesi\u00f3n programada cada vez\u00a0<\/b><\/h2>\n<p><span style=\"font-weight: 400;\">Contin\u00fae con esta fase inicial del entrenamiento para ir al ba\u00f1o hasta que su hijo haga caca en el inodoro casi todos los d\u00edas. No deber\u00eda tener m\u00e1s de un accidente cada dos semanas. En este punto, incluso si no lo inicia \u00e9l, elimine una de las sesiones. Si hay una sesi\u00f3n en particular que tiende a ser m\u00e1s exitosa, mantenga esta durante m\u00e1s tiempo. Una idea es dejar de hacer las sesiones despu\u00e9s de la merienda. Haga esto hasta que solo tenga que pedirle a su hijo que vaya al ba\u00f1o para hacer caca dos o tres veces al d\u00eda. Las sesiones que debe eliminar son aquellas en las que no suele hacer caca. Siga recompensando las veces que hace caca en el ba\u00f1o y responda a los accidentes de la misma manera que antes. Aseg\u00farese de que su hijo sigue haciendo caca en el ba\u00f1o la mayor\u00eda de los d\u00edas. Cuando su hijo pase dos semanas sin tener ning\u00fan accidente, puede eliminar una sesi\u00f3n m\u00e1s.<\/span><\/p>\n<h2><b>Cu\u00e1ndo empezar a reducir gradualmente el refuerzo<\/b><\/h2>\n<p><span style=\"font-weight: 400;\">Contin\u00fae as\u00ed hasta que su hijo logre la independencia. Uno o dos meses de entrenamiento intestinal exitoso significan que su hijo est\u00e1 haciendo sus deposiciones en el inodoro la mayor\u00eda de los d\u00edas. Y no deber\u00eda tener m\u00e1s de dos accidentes al mes. Entonces puede darle recompensas m\u00e1s peque\u00f1as. H\u00e1galo gradualmente. El\u00f3gielo siempre con entusiasmo por hacer sus necesidades en el inodoro. Al igual que con el entrenamiento para orinar, incluso despu\u00e9s de que su hijo ya no reciba recompensas por hacer sus necesidades en el inodoro, es una buena idea darle una recompensa sorpresa de vez en cuando por su \u00e9xito en el inodoro.<\/span><\/p>\n<h2><b>Cu\u00e1ndo buscar ayuda profesional<\/b><\/h2>\n<p><span style=\"font-weight: 400;\">Como hemos comentado anteriormente, si su hijo tiende al estre\u00f1imiento, debe consultar al pediatra antes de comenzar el entrenamiento intestinal. Adem\u00e1s, si ha seguido estas pautas durante un par de meses y su hijo no ha progresado o lo ha hecho muy poco, hable con el pediatra. Si cuenta con la ayuda de un analista conductual certificado (BCBA) que trabaja con usted y su hijo, p\u00eddale que revise su plan antes de empezar. El BCBA de su hijo tambi\u00e9n debe comprobar su progreso. Debe hacerlo hasta que su hijo haya aprendido a ir al ba\u00f1o por completo. A veces, ser\u00e1 necesaria la ayuda de un especialista. Sin embargo, normalmente un BCBA con experiencia deber\u00eda poder ayudarle a resolver la mayor\u00eda de los problemas relacionados con el entrenamiento para ir al ba\u00f1o.<\/span><\/p>\n<p style=\"text-align: center;\"><strong><a href=\"https:\/\/parenttraining.chip.uconn.edu\/index.php\/language\/es\/mojar-la-cama\/\">Siguiente: Mojar la cama<\/a><\/strong><\/p>\n","protected":false},"excerpt":{"rendered":"<div class=\"entry-summary\">\nPor la ma\u00f1ana, cuando su hijo se despierte, ll\u00e9velo al ba\u00f1o para que orine. A continuaci\u00f3n, v\u00edstalo con una camiseta&hellip;\n<\/div>\n<div class=\"link-more\"><a href=\"https:\/\/parenttraining.chip.uconn.edu\/index.php\/language\/es\/comenzar-el-entrenamiento-intestinal\/\" class=\"more-link\">Continue reading<span class=\"screen-reader-text\"> &ldquo;Comenzar el entrenamiento intestinal&rdquo;<\/span>&hellip;<\/a><\/div>\n","protected":false},"author":498,"featured_media":0,"parent":0,"menu_order":0,"comment_status":"closed","ping_status":"closed","template":"","meta":{"footnotes":""},"class_list":["post-8412","page","type-page","status-publish","hentry","entry"],"_links":{"self":[{"href":"https:\/\/parenttraining.chip.uconn.edu\/index.php\/wp-json\/wp\/v2\/pages\/8412","targetHints":{"allow":["GET"]}}],"collection":[{"href":"https:\/\/parenttraining.chip.uconn.edu\/index.php\/wp-json\/wp\/v2\/pages"}],"about":[{"href":"https:\/\/parenttraining.chip.uconn.edu\/index.php\/wp-json\/wp\/v2\/types\/page"}],"author":[{"embeddable":true,"href":"https:\/\/parenttraining.chip.uconn.edu\/index.php\/wp-json\/wp\/v2\/users\/498"}],"replies":[{"embeddable":true,"href":"https:\/\/parenttraining.chip.uconn.edu\/index.php\/wp-json\/wp\/v2\/comments?post=8412"}],"version-history":[{"count":17,"href":"https:\/\/parenttraining.chip.uconn.edu\/index.php\/wp-json\/wp\/v2\/pages\/8412\/revisions"}],"predecessor-version":[{"id":10885,"href":"https:\/\/parenttraining.chip.uconn.edu\/index.php\/wp-json\/wp\/v2\/pages\/8412\/revisions\/10885"}],"wp:attachment":[{"href":"https:\/\/parenttraining.chip.uconn.edu\/index.php\/wp-json\/wp\/v2\/media?parent=8412"}],"curies":[{"name":"wp","href":"https:\/\/api.w.org\/{rel}","templated":true}]}}