{"id":8370,"date":"2025-12-29T15:32:08","date_gmt":"2025-12-29T20:32:08","guid":{"rendered":"https:\/\/parenttraining.chip.uconn.edu\/?page_id=8370"},"modified":"2026-03-28T20:06:11","modified_gmt":"2026-03-29T00:06:11","slug":"desafios-y-triunfos","status":"publish","type":"page","link":"https:\/\/parenttraining.chip.uconn.edu\/index.php\/language\/es\/desafios-y-triunfos\/","title":{"rendered":"Desaf\u00edos y triunfos"},"content":{"rendered":"<h2><b>C\u00f3mo responder a los accidentes durante las sesiones de entrenamiento <\/b><\/h2>\n<figure id=\"attachment_4043\" aria-describedby=\"caption-attachment-4043\" style=\"width: 300px\" class=\"wp-caption alignleft\"><a href=\"https:\/\/parenttraining.chip.uconn.edu\/wp-content\/uploads\/2016\/08\/potty.flickr.jpg\"><img loading=\"lazy\" decoding=\"async\" class=\"size-medium wp-image-4043\" src=\"https:\/\/parenttraining.chip.uconn.edu\/wp-content\/uploads\/2016\/08\/potty.flickr-300x200.jpg\" alt=\"Used with permission from Flickr\" width=\"300\" height=\"200\" srcset=\"https:\/\/parenttraining.chip.uconn.edu\/wp-content\/uploads\/2016\/08\/potty.flickr-300x200.jpg 300w, https:\/\/parenttraining.chip.uconn.edu\/wp-content\/uploads\/2016\/08\/potty.flickr-768x512.jpg 768w, https:\/\/parenttraining.chip.uconn.edu\/wp-content\/uploads\/2016\/08\/potty.flickr.jpg 800w\" sizes=\"auto, (max-width: 300px) 100vw, 300px\" \/><\/a><figcaption id=\"caption-attachment-4043\" class=\"wp-caption-text\">Flickr<\/figcaption><\/figure>\n<p><span style=\"font-weight: 400;\">Si su hijo tiene un accidente en cualquier momento mientras no est\u00e1 en el ba\u00f1o, ll\u00e9velo r\u00e1pidamente al ba\u00f1o. Haga que termine de orinar en el inodoro. Refuerce a su hijo por orinar en el inodoro. Refuerce incluso si solo ha orinado un poco en el inodoro. Al principio, est\u00e1 bien utilizar recompensas muy buenas por esta micci\u00f3n parcial en el inodoro. Es importante que su hijo disfrute de la recompensa y que asocie la recompensa con el acto de orinar en el inodoro.<\/span><\/p>\n<h2><b>Qu\u00e9 hacer si no llega a tiempo para un \u00e9xito parcial<\/b><\/h2>\n<p><span style=\"font-weight: 400;\">Si su hijo tiene un accidente completo y usted no lo ve hasta que ha terminado, mantenga la calma. No reaccione. No hable del accidente. Simplemente lleve a su hijo al ba\u00f1o para que se limpie. Act\u00fae como si nada hubiera pasado. Mant\u00e9ngase lo m\u00e1s neutral posible. Mant\u00e9ngase cerca de su hijo durante las sesiones de entrenamiento. Intente observarlo de cerca. Eso le ayudar\u00e1 a detectar cualquier accidente lo antes posible. Cuanto m\u00e1s observe a su hijo, menos accidentes habr\u00e1 y estos ser\u00e1n menos graves.<\/span><\/p>\n<h2><b>Contin\u00fae reforzando los \u00e9xitos parciales, pero guarde las mejores recompensas para cuando lo logre completamente.<\/b><\/h2>\n<p><span style=\"font-weight: 400;\"><em><strong>Siga reforzando incluso la micci\u00f3n parcial en el inodoro. Utilice los refuerzos favoritos de su hijo hasta que consiga su primer \u00e9xito al empezar a orinar mientras est\u00e1 sentado en el inodoro.<\/strong><\/em> Cuando eso ocurra, dele una cantidad a\u00fan mayor de su refuerzo favorito. Despu\u00e9s de la primera vez que esto ocurra, recompense el \u00e9xito parcial de una manera un poco diferente. \u00bfQu\u00e9 pasa si su hijo empieza a orinar cuando no est\u00e1 en el inodoro, pero usted llega al ba\u00f1o a tiempo para que parte de la orina caiga en el inodoro? Elogie a su hijo y dele una peque\u00f1a recompensa. Debe ser algo que le guste. De lo contrario, \u00a1no ser\u00eda una recompensa! Pero guarde las mejores y m\u00e1s grandes recompensas para cuando su hijo aguante la orina hasta estar sentado en el inodoro.<\/span><\/p>\n<table style=\"background-color: #a0ded1;\">\n<tbody>\n<tr>\n<td><span style=\"font-weight: 400;\">Repitamos: cuando su hijo est\u00e9 aprendiendo que la orina va al inodoro, dele un refuerzo importante solo por <strong>terminar de orinar<\/strong> en el inodoro. Una vez que su hijo haya orinado completamente en el inodoro al menos una vez, contin\u00fae reforzando incluso unas pocas gotas o el terminar de orinar en el inodoro con una recompensa ligeramente menos preferida o una cantidad menor de una recompensa favorita. <em><strong>A partir de ese momento, guarde el refuerzo m\u00e1s grande o favorito para cuando haga toda la orina en el inodoro.<\/strong><\/em><\/span><\/td>\n<\/tr>\n<\/tbody>\n<\/table>\n<p><span style=\"font-weight: 400;\">Veamos un ejemplo. Supongamos que utiliza Skittles como recompensa especial para el entrenamiento para ir al ba\u00f1o. Al principio, podr\u00eda darle 3 o 4 Skittles por terminar de orinar en el inodoro. Guarde los Skittles solo para el entrenamiento para ir al ba\u00f1o. La primera vez que su hijo orine en el inodoro de principio a fin, podr\u00eda darle 8 o 10 Skittles o incluso una \u00abbolsita de aperitivos\u00bb entera de Skittles. Despu\u00e9s, cada vez que empiece a hacer pis en la ropa interior y termine en el inodoro, dele 1 o 2 Skittles por haber hecho pis parcialmente en el inodoro. A continuaci\u00f3n, dele m\u00e1s Skittles (5-8) cuando aguante la orina hasta sentarse en el inodoro y haga todo el pis en el inodoro.<\/span><\/p>\n<table style=\"background-color: #a0ded1;\">\n<tbody>\n<tr>\n<td><b>Aqu\u00ed tienes un ejemplo de lo que podr\u00edas utilizar si a tu hijo le gustan los Skittles o otra golosina similar de tama\u00f1o peque\u00f1o:<\/b><\/p>\n<ul>\n<li><span style=\"font-weight: 400;\">3 o 4 Skittles: por terminar de orinar en el inodoro.<\/span><\/li>\n<li><span style=\"font-weight: 400;\">8 a 12 Skittles: por las primeras micciones completas en el inodoro<\/span><\/li>\n<\/ul>\n<p><b>Despu\u00e9s de que su hijo haya orinado completamente en el inodoro varias veces:\u00a0<\/b><\/p>\n<ul>\n<li><span style=\"font-weight: 400;\">1 o 2 Skittles: por terminar de orinar en el inodoro (despu\u00e9s de la primera vez que haya orinado completamente en el inodoro)<\/span><\/li>\n<li style=\"font-weight: 400;\" aria-level=\"1\"><span style=\"font-weight: 400;\">5 a 8 Skittles: por cada vez que orine completamente en el inodoro (despu\u00e9s de las primeras veces)<\/span><\/li>\n<\/ul>\n<\/td>\n<\/tr>\n<\/tbody>\n<\/table>\n<p><span style=\"font-weight: 400;\">Siga d\u00e1ndole a su hijo una buena cantidad (en nuestro ejemplo, de 5 a 8 Skittles) de su golosina favorita cada vez que orine correctamente en el inodoro desde el principio hasta el final. Esto mantendr\u00e1 su motivaci\u00f3n. Es posible que tenga que hacerlo durante semanas o incluso meses. Tenga cuidado de no darle demasiada golosina de una sola vez. Recuerde que los ni\u00f1os orinan varias veces al d\u00eda. No querr\u00e1 que su hijo se aburra de las golosinas. Utilice la cantidad suficiente para que sea un regalo especial, pero no tanta que deje de serlo.<\/span><\/p>\n<h2><b>Cu\u00e1ndo dejar de dar recompensas por \u00e9xitos parciales<\/b><\/h2>\n<p><em><strong>Una vez que su hijo empiece a orinar sentado en el inodoro m\u00e1s a menudo que en los calzoncillos, habr\u00e1 alcanzado un gran hito. Puede dejar de darle golosinas u otras recompensas muy especiales por orinar parcialmente en el inodoro.<\/strong><\/em> Debe decirle algo como: \u00ab\u00a1Buen intento! Pero la pr\u00f3xima vez, vamos a hacerlo todo en el inodoro. \u00a1Entonces podr\u00e1 comer Skittles!\u00bb.<\/p>\n<h2><b>Aumentar el tiempo entre las sesiones programadas\u00a0<\/b><\/h2>\n<p><span style=\"font-weight: 400;\">Cada vez que su hijo orine en el inodoro desde el principio hasta el final durante una de sus sesiones programadas, \u00a1debe darle su refuerzo m\u00e1s poderoso! Puede ser un trozo grande de su barra de chocolate favorita o una buena cantidad (10-12) de Skittles. El\u00f3gielo mucho. Aseg\u00farese de que sepa que est\u00e1 muy contento de que haya orinado en el inodoro.<\/span><\/p>\n<p><span style=\"font-weight: 400;\">A continuaci\u00f3n, aumente el tiempo entre las sesiones programadas en 10 minutos. Por ejemplo, despu\u00e9s de la primera vez que su hijo orine completamente en el inodoro, aumente el tiempo de 10 a 20 minutos entre sesiones. <em><strong>Siga haciendo que su hijo se siente solo entre 3 y 5 minutos cada vez.<\/strong><\/em> Contin\u00fae aumentando el tiempo entre sesiones en 10 minutos despu\u00e9s de cada \u00e9xito. Haga esto hasta llegar a 30 minutos entre sesiones. Recuerde que solo debe aumentar el tiempo entre sesiones si su hijo logra orinar en el inodoro desde el principio hasta el final. <strong><em>No aumente el tiempo entre sesiones si su hijo comienza a orinar antes de sentarse en el inodoro. No aumente el tiempo aunque la mayor parte haya ido al inodoro.<\/em><\/strong><\/span><\/p>\n<p><span style=\"font-weight: 400;\">Por ejemplo, suponga que durante la primera sesi\u00f3n de entrenamiento su hijo tiene un \u00e9xito; es decir, orina en el inodoro desde el principio hasta el final. En ese caso, pasar\u00eda de 10 minutos a 20 minutos entre sesiones. Pero suponga que antes de que terminaran los siguientes 20 minutos, empez\u00f3 a orinar <em><strong>antes de<\/strong> <\/em>sentarse en el inodoro. En ese caso, se mantendr\u00eda en 20 minutos entre sesiones. Comenzar\u00eda la siguiente sesi\u00f3n de entrenamiento llev\u00e1ndolo al ba\u00f1o cada 20 minutos. Continuar\u00eda con un horario de 20 minutos hasta el siguiente \u00e9xito. A continuaci\u00f3n, a\u00f1adir\u00eda otros 10 minutos, hasta llegar a los 30 minutos.<\/span><\/p>\n<h2><b>Qu\u00e9 hacer cuando tu hijo llega a los 30 minutos entre sesiones programadas<\/b><\/h2>\n<p><span style=\"font-weight: 400;\">En este punto, aumentar\u00e1 el tiempo entre sesiones m\u00e1s lentamente. <em><strong>A partir de este momento, aumente el tiempo entre sesiones en 10 minutos solo si su hijo permanece seco durante dos horas seguidas.<\/strong><\/em> Esto significa que su hijo no tiene accidentes durante 2 horas cuando se le pide que se siente en el inodoro solo una vez cada 30 minutos.<\/span><\/p>\n<p><span style=\"font-weight: 400;\">Cada vez que esto ocurra, aumente el tiempo entre indicaciones en 10 minutos. Cuando permanezca seco durante 2 horas con un horario de 30 minutos, aumente el tiempo a 40 minutos. No aumente el tiempo entre sesiones a 50 minutos hasta que su hijo permanezca seco durante al menos 2 horas con un horario de 40 minutos. Recuerde que esto puede llevar d\u00edas, semanas o incluso meses de entrenamiento para ir al ba\u00f1o.<\/span><\/p>\n<h2><b>Qu\u00e9 hacer cuando su hijo alcanza los 60 minutos (1 hora) entre las sesiones programadas<\/b><\/h2>\n<p><span style=\"font-weight: 400;\"><em><strong>Una vez que haya alcanzado 1 hora entre las sesiones de pr\u00e1ctica programadas, debe continuar con las sesiones una vez por hora. Haga esto durante todo el d\u00eda, hasta que su hijo est\u00e9 seco la mayor parte del tiempo.<\/strong><\/em> Una vez que lleve braguitas y NO TENGA ACCIDENTES durante un periodo de al menos una semana, aumente el tiempo entre recordatorios en 30 minutos. En este punto, le estar\u00e1 recordando con una frecuencia m\u00e1xima de 1 vez cada 1.5 horas. Cuando su hijo no haya tenido accidentes durante otra semana completa, debe aumentar el tiempo entre los recordatorios para sentarse otros 30 minutos. Esto le llevar\u00e1 a 2 horas entre sesiones. Una vez que su hijo NO TENGA ACCIDENTES durante al menos una semana completa con recordatorios no m\u00e1s frecuentes que una vez cada 2 horas, deber\u00eda estar listo para comenzar la Parte 2 del entrenamiento para orinar durante el d\u00eda. Repasemos algunos puntos clave.<\/span><\/p>\n<h2 style=\"text-align: center;\"><b>Aumente gradualmente el tiempo entre las sesiones de pr\u00e1ctica programadas: resumen<\/b><\/h2>\n<table style=\"height: 991px; width: 530px;\">\n<thead>\n<tr style=\"height: 3.40015px;\">\n<td style=\"height: 3.40015px; width: 214px;\">\n<p style=\"text-align: center;\"><strong> <b>Condici\u00f3n<\/b><\/strong><\/p>\n<\/td>\n<td style=\"width: 159px;\">\n<p style=\"text-align: center;\"><b>Aumentar el tiempo entre sesiones<\/b><\/p>\n<\/td>\n<td style=\"width: 157px;\">\n<p style=\"text-align: center;\"><b>Tiempo total entre sesiones<\/b><\/p>\n<\/td>\n<\/tr>\n<\/thead>\n<tbody>\n<tr>\n<td style=\"width: 214px;\"><span style=\"font-weight: 400;\">Solo accidentes completos o \u00e9xitos parciales<\/span><\/td>\n<td style=\"width: 159px;\"><span style=\"font-weight: 400;\"> (No aumente el tiempo entre sesiones).<\/span><\/td>\n<td style=\"width: 157px;\"><span style=\"font-weight: 400;\">10 minutos<\/span><\/td>\n<\/tr>\n<tr>\n<td style=\"width: 214px;\"><span style=\"font-weight: 400;\">Primer \u00e9xito completo<\/span><\/td>\n<td style=\"width: 159px;\"><span style=\"font-weight: 400;\">Aumentar en 10 minutos<\/span><\/td>\n<td style=\"width: 157px;\"><span style=\"font-weight: 400;\">20 minutos<\/span><\/td>\n<\/tr>\n<tr>\n<td style=\"width: 214px;\"><span style=\"font-weight: 400;\">Segundo \u00e9xito completo<\/span><\/td>\n<td style=\"width: 159px;\"><span style=\"font-weight: 400;\">Aumentar en 10 minutos<\/span><\/td>\n<td style=\"width: 157px;\"><span style=\"font-weight: 400;\">30 minutos<\/span><\/td>\n<\/tr>\n<tr>\n<td style=\"width: 214px;\"><span style=\"font-weight: 400;\">El ni\u00f1o permanece seco durante una sesi\u00f3n de entrenamiento de 2 horas y orina en el inodoro al menos una vez.<\/span><\/td>\n<td style=\"width: 159px;\"><span style=\"font-weight: 400;\">Aumentar en 10 minutos<\/span><\/td>\n<td style=\"height: 62px; width: 157px;\"><span style=\"font-weight: 400;\">40 minutos<\/span><\/td>\n<\/tr>\n<tr>\n<td style=\"width: 214px;\"><span style=\"font-weight: 400;\">El ni\u00f1o permanece seco durante otra sesi\u00f3n de entrenamiento de 2 horas y orina en el inodoro al menos una vez.<\/span><\/td>\n<td style=\"width: 159px;\"><span style=\"font-weight: 400;\">Aumentar en 10 minutos<\/span><\/td>\n<td style=\"height: 62px; width: 157px;\"><span style=\"font-weight: 400;\">50 minutos<\/span><\/td>\n<\/tr>\n<tr>\n<td style=\"width: 214px;\"><span style=\"font-weight: 400;\">El ni\u00f1o permanece seco durante otra sesi\u00f3n de entrenamiento de 2 horas<\/span><\/td>\n<td style=\"width: 159px;\"><span style=\"font-weight: 400;\">Aumentar en 10 minutos<\/span><\/td>\n<td style=\"width: 157px;\"><span style=\"font-weight: 400;\">60 minutos (1 hora)<\/span><\/td>\n<\/tr>\n<tr>\n<td style=\"width: 214px;\"><span style=\"font-weight: 400;\">El ni\u00f1o no tiene accidentes durante al menos una semana, cuando se le recuerda solo una vez por hora.<\/span><\/td>\n<td style=\"width: 159px;\"><span style=\"font-weight: 400;\">Sin recordatorios durante 30 minutos adicionales<\/span><\/td>\n<td style=\"width: 157px;\"><span style=\"font-weight: 400;\">1 hora y 30 minutos<\/span><\/td>\n<\/tr>\n<tr>\n<td style=\"width: 214px;\"><span style=\"font-weight: 400;\">El ni\u00f1o no tiene accidentes durante al menos una semana, cuando se le recuerda solo una vez cada hora y media durante las sesiones de entrenamiento.<\/span><\/td>\n<td style=\"width: 159px;\"><span style=\"font-weight: 400;\">Sin recordatorios durante 30 minutos adicionales.<\/span><\/td>\n<td style=\"width: 157px;\"><span style=\"font-weight: 400;\">2 horas<\/span><\/td>\n<\/tr>\n<\/tbody>\n<\/table>\n<h2><b>\u00a1Aseg\u00farese de elogiar a su hijo por iniciar el uso del ba\u00f1o por s\u00ed mismo!<\/b><\/h2>\n<p><span style=\"font-weight: 400;\">Es probable que su hijo no <em><strong>inicie<\/strong> <\/em>el uso del ba\u00f1o por s\u00ed mismo durante las primeras sesiones de entrenamiento. Pero si, en alg\u00fan momento, su hijo pide ir al ba\u00f1o o lo usa por s\u00ed mismo, <em><strong>\u00a1celebren!<\/strong><\/em> Hagan esto incluso si solo hace un poco de pis. Sea lo que sea lo que m\u00e1s le guste a su hijo, aseg\u00farese de que lo reciba de inmediato.<\/span><\/p>\n<p><span style=\"font-weight: 400;\">Si su hijo no lo inicia por s\u00ed mismo, siga anim\u00e1ndole a que diga \u00abba\u00f1o\u00bb, \u00aborinal\u00bb o \u00abquiero ir al ba\u00f1o\u00bb. Si a\u00fan no habla, an\u00edmelo a pedir ir al ba\u00f1o entreg\u00e1ndole la imagen del inodoro. A continuaci\u00f3n, el\u00f3gielo por hacerlo y, tal vez, incluso dele una peque\u00f1a recompensa solo por pedir ir al orinal. Esto es adicional a la recompensa que recibe por orinar en el inodoro.<\/span><\/p>\n<h2><b>Cu\u00e1nto deben durar las sesiones de entrenamiento<\/b><\/h2>\n<p><span style=\"font-weight: 400;\"><em><strong>Intente continuar con su primera sesi\u00f3n de entrenamiento para ir al ba\u00f1o durante unas cuatro (4) horas antes de hacer una pausa.<\/strong><\/em> Cuando termine, p\u00f3ngale un pa\u00f1al o un pa\u00f1al de entrenamiento a su hijo y vuelva a su horario habitual. Y si su hijo inicia el uso del ba\u00f1o mientras lleva un pa\u00f1al o un pa\u00f1al de entrenamiento, \u00a1refuerce esto con mucho entusiasmo!<\/span><\/p>\n<p><span style=\"font-weight: 400;\"><em><strong>Si es posible realizar una segunda sesi\u00f3n de entrenamiento de cuatro horas el mismo d\u00eda, ser\u00eda una buena idea.<\/strong><\/em> Si solo puede realizar una sesi\u00f3n m\u00e1s corta, no pasa nada. Intente que dure al menos dos horas. Cuanto m\u00e1s larga, mejor.<\/span><\/p>\n<p><span style=\"font-weight: 400;\"><em><strong>Realice este entrenamiento intensivo durante dos o tres d\u00edas seguidos.<\/strong><\/em> Entendemos que puede ser dif\u00edcil. Despu\u00e9s, intente realizar tantas sesiones de entrenamiento al d\u00eda como pueda. <em><strong>Tras los primeros d\u00edas de entrenamiento intensivo, las sesiones pueden durar tan solo dos horas.<\/strong><\/em><\/span><\/p>\n<p><span style=\"font-weight: 400;\">La parte 1 del entrenamiento diurno tiene dos objetivos. El primero es que su hijo aprenda que la orina va al inodoro. Tambi\u00e9n es importante que su hijo practique esto con muchas recompensas positivas. El segundo es permanecer seco entre las sesiones de pr\u00e1ctica. El tiempo entre las sesiones de pr\u00e1ctica se aumenta gradualmente. Lo ideal es que permanezca seco durante 2 horas seguidas sin que se le recuerde que debe ir al ba\u00f1o.<\/span><\/p>\n<ul>\n<li><span style=\"font-weight: 400;\"><strong>Objetivo n.\u00ba 1<\/strong>: Aprender que la orina va al inodoro. Practicar mucho con recompensas positivas.<\/span><\/li>\n<li><span style=\"font-weight: 400;\"><strong>Objetivo n.\u00ba 2:<\/strong> Permanecer seco durante 2 horas seguidas sin recordatorios.<\/span><\/li>\n<\/ul>\n<p><span style=\"font-weight: 400;\">Adem\u00e1s, es importante que su hijo empiece a ir al ba\u00f1o por s\u00ed mismo. Si no lo hace, no se preocupe. Simplemente siga indic\u00e1ndole que pida ir al ba\u00f1o justo antes de entrar en \u00e9l cada vez que practiquen. Hablaremos m\u00e1s sobre c\u00f3mo conseguir que su hijo empiece a ir al ba\u00f1o por s\u00ed mismo en <a href=\"https:\/\/parenttraining.chip.uconn.edu\/index.php\/language\/es\/entrenamiento-para-orinar-durante-el-dia-parte-2\/\">la segunda parte del entrenamiento para ir al ba\u00f1o durante el d\u00eda<\/a>.<\/span><\/p>\n<h2><b>Braguitas frente a pa\u00f1ales<\/b><\/h2>\n<p><span style=\"font-weight: 400;\"><em><strong>Una vez que su hijo permanezca seco durante dos horas seguidas, al menos dos veces, y orine con \u00e9xito en el inodoro, \u00a1es hora de ponerle braguitas de algod\u00f3n!<\/strong><\/em> Muchas tiendas venden \u00abbraguitas de entrenamiento\u00bb, que son simplemente braguitas de algod\u00f3n extra grueso para ni\u00f1os peque\u00f1os.<\/span><\/p>\n<p><img decoding=\"async\" src=\"https:\/\/img.freepik.com\/premium-photo\/midsection-wet-child_1048944-564036.jpg\" alt=\"Midsection of wet child\" \/><\/p>\n<p>freepik<\/p>\n<p><span style=\"font-weight: 400;\">Estos son especialmente buenos. Pero cualquier calzoncillo de algod\u00f3n servir\u00e1. Muchas tiendas venden calzoncillos para ni\u00f1os con dise\u00f1os divertidos. Puede ser divertido para su hijo elegir un dise\u00f1o que le guste, como animales o personajes de sus cuentos favoritos.<\/span><\/p>\n<p><span style=\"font-weight: 400;\">Muchos padres descubren que, una vez que su hijo est\u00e1 listo para usar calzoncillos, no es dif\u00edcil mantener las sesiones de entrenamiento durante todo el d\u00eda. Luego, vuelva a ponerle el pa\u00f1al o el pa\u00f1al de entrenamiento solo a la hora de acostarse.<\/span><\/p>\n<p><span style=\"font-weight: 400;\">Cuando realice el entrenamiento durante todo el d\u00eda, debe poner un temporizador como recordatorio para llevar a su hijo al ba\u00f1o seg\u00fan su horario. Puede ser cada 30, 40, 50 o 60 minutos, el intervalo de tiempo que haya alcanzado su hijo. Recuerde pedirle a su hijo que diga \u00ab\u00a1voy al ba\u00f1o!\u00bb cuando llegue el momento. A continuaci\u00f3n, su hijo debe sentarse en el inodoro durante 3 a 5 minutos antes de sacarlo, reiniciar el temporizador y comenzar de nuevo.<\/span><\/p>\n<p><a href=\"https:\/\/parenttraining.chip.uconn.edu\/wp-content\/uploads\/2016\/08\/Potty-Book-2.jpg\"><img loading=\"lazy\" decoding=\"async\" class=\"wp-image-3830 alignright\" src=\"https:\/\/parenttraining.chip.uconn.edu\/wp-content\/uploads\/2016\/08\/Potty-Book-2-300x265.jpg\" alt=\"potty-book-2\" width=\"212\" height=\"187\" srcset=\"https:\/\/parenttraining.chip.uconn.edu\/wp-content\/uploads\/2016\/08\/Potty-Book-2-300x265.jpg 300w, https:\/\/parenttraining.chip.uconn.edu\/wp-content\/uploads\/2016\/08\/Potty-Book-2-768x678.jpg 768w, https:\/\/parenttraining.chip.uconn.edu\/wp-content\/uploads\/2016\/08\/Potty-Book-2-1024x904.jpg 1024w, https:\/\/parenttraining.chip.uconn.edu\/wp-content\/uploads\/2016\/08\/Potty-Book-2-1170x1033.jpg 1170w\" sizes=\"auto, (max-width: 212px) 100vw, 212px\" \/><\/a><\/p>\n<p><span style=\"font-weight: 400;\">El entrenamiento para ir al ba\u00f1o suele ir <\/span>MUCHO mejor<span style=\"font-weight: 400;\"> cuando los ni\u00f1os llevan braguitas durante todo el d\u00eda en lugar de pa\u00f1ales o braguitas de entrenamiento. La mayor\u00eda de los pa\u00f1ales est\u00e1n dise\u00f1ados para absorber la orina y mantener a su hijo lo m\u00e1s seco y c\u00f3modo posible. Sin embargo, con las braguitas, si su hijo tiene un accidente, puede sentir el algod\u00f3n fr\u00edo y h\u00famedo. A muchos ni\u00f1os no les gusta esta sensaci\u00f3n. Tener esta sensaci\u00f3n justo despu\u00e9s de un accidente puede ayudar a acelerar el proceso de entrenamiento, ya que motiva a los ni\u00f1os a intentar aguantar la orina hasta llegar al ba\u00f1o.<\/span><\/p>\n<p style=\"text-align: center;\"><strong><a href=\"https:\/\/parenttraining.chip.uconn.edu\/index.php\/language\/es\/solucion-de-problemas-y-entrenamiento-con-horarios\/\">Siguiente: Soluci\u00f3n de problemas y entrenamiento con horarios<\/a><\/strong><\/p>\n","protected":false},"excerpt":{"rendered":"<div class=\"entry-summary\">\nC\u00f3mo responder a los accidentes durante las sesiones de entrenamiento Si su hijo tiene un accidente en cualquier momento mientras&hellip;\n<\/div>\n<div class=\"link-more\"><a href=\"https:\/\/parenttraining.chip.uconn.edu\/index.php\/language\/es\/desafios-y-triunfos\/\" class=\"more-link\">Continue reading<span class=\"screen-reader-text\"> &ldquo;Desaf\u00edos y triunfos&rdquo;<\/span>&hellip;<\/a><\/div>\n","protected":false},"author":498,"featured_media":0,"parent":0,"menu_order":0,"comment_status":"closed","ping_status":"closed","template":"","meta":{"footnotes":""},"class_list":["post-8370","page","type-page","status-publish","hentry","entry"],"_links":{"self":[{"href":"https:\/\/parenttraining.chip.uconn.edu\/index.php\/wp-json\/wp\/v2\/pages\/8370","targetHints":{"allow":["GET"]}}],"collection":[{"href":"https:\/\/parenttraining.chip.uconn.edu\/index.php\/wp-json\/wp\/v2\/pages"}],"about":[{"href":"https:\/\/parenttraining.chip.uconn.edu\/index.php\/wp-json\/wp\/v2\/types\/page"}],"author":[{"embeddable":true,"href":"https:\/\/parenttraining.chip.uconn.edu\/index.php\/wp-json\/wp\/v2\/users\/498"}],"replies":[{"embeddable":true,"href":"https:\/\/parenttraining.chip.uconn.edu\/index.php\/wp-json\/wp\/v2\/comments?post=8370"}],"version-history":[{"count":36,"href":"https:\/\/parenttraining.chip.uconn.edu\/index.php\/wp-json\/wp\/v2\/pages\/8370\/revisions"}],"predecessor-version":[{"id":10879,"href":"https:\/\/parenttraining.chip.uconn.edu\/index.php\/wp-json\/wp\/v2\/pages\/8370\/revisions\/10879"}],"wp:attachment":[{"href":"https:\/\/parenttraining.chip.uconn.edu\/index.php\/wp-json\/wp\/v2\/media?parent=8370"}],"curies":[{"name":"wp","href":"https:\/\/api.w.org\/{rel}","templated":true}]}}