{"id":7921,"date":"2025-09-29T08:12:33","date_gmt":"2025-09-29T12:12:33","guid":{"rendered":"https:\/\/parenttraining.chip.uconn.edu\/?page_id=7921"},"modified":"2025-10-03T16:52:12","modified_gmt":"2025-10-03T20:52:12","slug":"archivo-de-cuestionarios","status":"publish","type":"page","link":"https:\/\/parenttraining.chip.uconn.edu\/index.php\/language\/es\/archivo-de-cuestionarios\/","title":{"rendered":"Archivo de cuestionarios"},"content":{"rendered":"\n<p class=\"p1\">Este archivo facilita la revisi\u00f3n de los m\u00f3dulos sin tener que volver a revisarlos individualmente. Aqu\u00ed encontrar\u00e1 enlaces a cada cuestionario, con las respuestas despu\u00e9s de las preguntas. Le resultar\u00e1 \u00fatil si te sientes c\u00f3modo con el material, pero a\u00fan quieres un breve repaso.<\/p>\n<p class=\"p1\">Nota: No hubo cuestionarios para M\u00f3dulos 1 (Desarrollo esperado) ni 5 (C\u00f3mo usar las rutinas diarias).<\/p>\n<p style=\"text-align: center;\">M\u00f3dulo 2: Principios b\u00e1sicos<\/p>\n<p style=\"text-align: center;\">M\u00f3dulo 3:<\/p>\n<p style=\"text-align: center;\">M\u00f3dulo 4:<\/p>\n<p style=\"text-align: center;\">M\u00f3dulo 6:<\/p>\n<p style=\"text-align: center;\">M\u00f3dulo 7:<\/p>\n<p style=\"text-align: center;\">M\u00f3dulo 8:<\/p>\n<p style=\"text-align: center;\">M\u00f3dulo 9:<\/p>\n<p style=\"text-align: center;\">M\u00f3dulo 10:<\/p>\n<p style=\"text-align: center;\">M\u00f3dulo 11:<\/p>\n<p style=\"text-align: center;\">M\u00f3dulo 12:<\/p>\n<p style=\"text-align: center;\">M\u00f3dulo 13:<\/p>\n<p style=\"text-align: center;\">M\u00f3dulo 14:<\/p>\n","protected":false},"excerpt":{"rendered":"<div class=\"entry-summary\">\nEste archivo facilita la revisi\u00f3n de los m\u00f3dulos sin tener que volver a revisarlos individualmente. Aqu\u00ed encontrar\u00e1 enlaces a cada&hellip;\n<\/div>\n<div class=\"link-more\"><a href=\"https:\/\/parenttraining.chip.uconn.edu\/index.php\/language\/es\/archivo-de-cuestionarios\/\" class=\"more-link\">Continue reading<span class=\"screen-reader-text\"> &ldquo;Archivo de cuestionarios&rdquo;<\/span>&hellip;<\/a><\/div>\n","protected":false},"author":487,"featured_media":0,"parent":0,"menu_order":0,"comment_status":"closed","ping_status":"closed","template":"","meta":{"footnotes":""},"class_list":["post-7921","page","type-page","status-publish","hentry","entry"],"_links":{"self":[{"href":"https:\/\/parenttraining.chip.uconn.edu\/index.php\/wp-json\/wp\/v2\/pages\/7921","targetHints":{"allow":["GET"]}}],"collection":[{"href":"https:\/\/parenttraining.chip.uconn.edu\/index.php\/wp-json\/wp\/v2\/pages"}],"about":[{"href":"https:\/\/parenttraining.chip.uconn.edu\/index.php\/wp-json\/wp\/v2\/types\/page"}],"author":[{"embeddable":true,"href":"https:\/\/parenttraining.chip.uconn.edu\/index.php\/wp-json\/wp\/v2\/users\/487"}],"replies":[{"embeddable":true,"href":"https:\/\/parenttraining.chip.uconn.edu\/index.php\/wp-json\/wp\/v2\/comments?post=7921"}],"version-history":[{"count":4,"href":"https:\/\/parenttraining.chip.uconn.edu\/index.php\/wp-json\/wp\/v2\/pages\/7921\/revisions"}],"predecessor-version":[{"id":8066,"href":"https:\/\/parenttraining.chip.uconn.edu\/index.php\/wp-json\/wp\/v2\/pages\/7921\/revisions\/8066"}],"wp:attachment":[{"href":"https:\/\/parenttraining.chip.uconn.edu\/index.php\/wp-json\/wp\/v2\/media?parent=7921"}],"curies":[{"name":"wp","href":"https:\/\/api.w.org\/{rel}","templated":true}]}}