{"id":10755,"date":"2026-02-17T16:13:36","date_gmt":"2026-02-17T21:13:36","guid":{"rendered":"https:\/\/parenttraining.chip.uconn.edu\/?page_id=10755"},"modified":"2026-02-18T15:40:02","modified_gmt":"2026-02-18T20:40:02","slug":"recursos-2","status":"publish","type":"page","link":"https:\/\/parenttraining.chip.uconn.edu\/index.php\/language\/es\/recursos-2\/","title":{"rendered":"Recursos"},"content":{"rendered":"\n<table style=\"width: 100%; height: 351px;\" width=\"386\">\n<tbody>\n<tr style=\"height: 312px;\">\n<td style=\"height: 351px;\" width=\"386\"><br \/>\n<table style=\"border-collapse: collapse; width: 100%; height: 1009px;\">\n<tbody>\n<tr style=\"height: 46px;\">\n<td style=\"width: 63.494%; height: 46px;\">\u00a1<a href=\"https:\/\/www.amazon.com\/%C2%A1Solo-pregunta-Diferente-Valiente-Spanish\/dp\/052551550X#:~:text=Illustrator-,%C2%A1Solo%20pregunta!%3A%20S%C3%A9%20Diferente%2C%20S%C3%A9%20Valiente,%2C%20S%C3%A9%20T%C3%BA%20(Spanish%20Edition)\">Solo pregunta!: S\u00e9 Diferente, S\u00e9 Valiente, S\u00e9 T\u00fa (Spanish Edition)<\/a>\u00a0<\/td>\n<td style=\"height: 46px; width: 36.506%;\" width=\"64\" height=\"20\">Sonia Sotomayor<\/td>\n<\/tr>\n<tr style=\"height: 46px;\">\n<td style=\"width: 63.494%; height: 46px;\"><a href=\"https:\/\/www.amazon.com\/Wonder-Todos-%C3%BAnicos-Wonders-Spanish\/dp\/8416588392\">Wonder. Todos somos \u00fanicos \/ We&#8217;re all Wonders (Spanish Edition)<\/a><\/td>\n<td style=\"height: 46px; width: 36.506%;\" height=\"20\">R.J. Palacio<\/td>\n<\/tr>\n<tr style=\"height: 46px;\">\n<td style=\"width: 63.494%; height: 46px;\"><a href=\"https:\/\/www.amazon.com\/sue%C3%B1o-Emmanuel-Laurie-Ann-Thompson\/dp\/8427141343\">El sue\u00f1o de Emmanuel: La verdadera historia de Emmanuel Ofosu Yeboah (Spanish Edition)<\/a><\/td>\n<td style=\"height: 46px; width: 36.506%;\" height=\"20\">Laurie Ann Thompson and Sean Qualls<\/td>\n<\/tr>\n<tr style=\"height: 70px;\">\n<td style=\"width: 63.494%; height: 70px;\"><a href=\"https:\/\/www.amazon.com\/%C2%BFPuedo-tambi%C3%A9n-Spanish-Elephant-Piggie\/dp\/1368021344\">\u00bfPuedo jugar yo tambi\u00e9n?-An Elephant &amp; Piggie Book, Spanish Edition (An Elephant and Piggie Book)<\/a><\/td>\n<td style=\"height: 70px; width: 36.506%;\" height=\"20\">Mo Willems<\/td>\n<\/tr>\n<tr style=\"height: 23px;\">\n<td style=\"width: 63.494%; height: 23px;\"><a href=\"https:\/\/www.amazon.com\/Ombliguito-Levantar-SPA-DONDE-OMBLIGUI-Spanish\/dp\/B00QPEROTU\">Donde Esta El Ombliguito?<\/a><\/td>\n<td style=\"height: 23px; width: 36.506%;\" width=\"64\" height=\"20\">Karen Katz<\/td>\n<\/tr>\n<tr style=\"height: 23px;\">\n<td style=\"width: 63.494%; height: 23px;\" width=\"386\"><a href=\"https:\/\/www.amazon.com\/Buenas-noches-Luna-Goodnight-Spanish\/dp\/0694016519\">Buenas Noches, Luna<\/a><\/td>\n<td style=\"width: 36.506%; height: 23px;\" width=\"64\">Margaret Wise Brown<\/td>\n<\/tr>\n<tr style=\"height: 23px;\">\n<td style=\"height: 23px; width: 63.494%;\"><a href=\"https:\/\/www.lesliepatricelli.com\/nonoyesyesnonosisi\">No No Si Si<\/a><\/td>\n<td style=\"width: 36.506%; height: 23px;\">Leslie Patricelli<\/td>\n<\/tr>\n<tr style=\"height: 22px;\">\n<td style=\"height: 22px; width: 63.494%;\"><a href=\"https:\/\/www.amazon.com\/Happy-triste-Leslie-Patricelli-Spanish\/dp\/1536203483\">Bebe Feliz Bebe Triste<\/a><\/td>\n<td style=\"width: 36.506%; height: 22px;\">Leslie Patricelli<\/td>\n<\/tr>\n<tr style=\"height: 23px;\">\n<td style=\"height: 23px; width: 63.494%;\"><a href=\"https:\/\/www.amazon.com\/Potty-Bacinica-Leslie-Patricelli-Spanish\/dp\/0763687774\">Bacinica<\/a><\/td>\n<td style=\"width: 36.506%; height: 23px;\">Leslie Patricelli<\/td>\n<\/tr>\n<tr style=\"height: 23px;\">\n<td style=\"height: 23px; width: 63.494%;\"><a href=\"https:\/\/www.amazon.com\/Tubby-Ba%C3%B1ito-Leslie-Patricelli-Spanish\/dp\/0763693162\/ref=asc_df_0763693162\/?tag=hyprod-20&amp;linkCode=df0&amp;hvadid=312057607871&amp;hvpos=&amp;hvnetw=g&amp;hvrand=16031482690334178755&amp;hvpone=&amp;hvptwo=&amp;hvqmt=&amp;hvdev=c&amp;hvdvcmdl=&amp;hvlocint=&amp;hvlocphy=9032957&amp;hvtargid=pla-563477393411&amp;psc=1&amp;mcid=1e7da46e51753ec7afe4175b91f05780&amp;gclid=CjwKCAiA1-6sBhAoEiwArqlGPqPulvkGtKlVHAnIAEHo8JTWOTaLYmLH0pEa-VZvItCPxD7bi-caEhoCN5gQAvD_BwE\">Ba\u00f1ito<\/a><\/td>\n<td style=\"width: 36.506%; height: 23px;\">Leslie Patricelli<\/td>\n<\/tr>\n<tr style=\"height: 23px;\">\n<td style=\"height: 23px; width: 63.494%;\"><a href=\"https:\/\/www.thriftbooks.com\/w\/big-little-leslie-patricelli-board-books_leslie-patricelli\/287101\/item\/34411148\/?utm_source=google&amp;utm_medium=cpc&amp;utm_campaign=high_vol_midlist_standard_shopping_customer_acquisition&amp;utm_adgroup=&amp;utm_term=&amp;utm_content=666157863328&amp;gad_source=1&amp;gclid=CjwKCAiA1-6sBhAoEiwArqlGPgCUOWjLPLrcelMCa4Jbd6H3bRmKgrr-wsTGnbDvNwAHXanZqK8QKRoCdEEQAvD_BwE#isbn=0763699667&amp;idiq=34411148\">Grande Pequeno<\/a><\/td>\n<td style=\"width: 36.506%; height: 23px;\">Leslie Patricelli<\/td>\n<\/tr>\n<tr style=\"height: 23px;\">\n<td style=\"height: 23px; width: 63.494%;\"><a href=\"https:\/\/www.thriftbooks.com\/w\/huggy-kissy_leslie-patricelli\/392496\/item\/24059636\/?utm_source=google&amp;utm_medium=cpc&amp;utm_campaign=high_vol_backlist_standard_shopping_customer_aquistion&amp;utm_adgroup=&amp;utm_term=&amp;utm_content=659174113139&amp;gad_source=1&amp;gclid=CjwKCAiA1-6sBhAoEiwArqlGPkcp33QEDyuokwePHyVs0uejVvqBmd3SDoOLJk5ynDi8lEzVNZ2wtxoCEVEQAvD_BwE#idiq=24059636&amp;edition=10734535\">Abrazos y Besitos<\/a><\/td>\n<td style=\"width: 36.506%; height: 23px;\">Leslie Patricelli<\/td>\n<\/tr>\n<tr style=\"height: 23px;\">\n<td style=\"height: 23px; width: 63.494%;\"><a href=\"https:\/\/www.thriftbooks.com\/w\/faster-faster_leslie-patricelli\/725327\/item\/12365420\/?utm_source=google&amp;utm_medium=cpc&amp;utm_campaign=high_vol_backlist_standard_shopping_customer_aquistion&amp;utm_adgroup=&amp;utm_term=&amp;utm_content=659174113139&amp;gad_source=1&amp;gclid=CjwKCAiA1-6sBhAoEiwArqlGPqPljr05fbP11yxRiK7jxO5gf52NCcrtr9Aa2QQKzgOuC_5-DDqkjhoC2-QQAvD_BwE#idiq=12365420&amp;edition=8430203\">Mas Rapido Mas Rapido<\/a><\/td>\n<td style=\"width: 36.506%; height: 23px;\">Leslie Patricelli<\/td>\n<\/tr>\n<tr style=\"height: 23px;\">\n<td style=\"height: 23px; width: 63.494%;\"><a href=\"https:\/\/www.thriftbooks.com\/w\/quiet-loud_leslie-patricelli\/265038\/item\/1903945\/?utm_source=google&amp;utm_medium=cpc&amp;utm_campaign=low_vol_f%2fm%2fs_standard_shopping_customer_aquisition&amp;utm_adgroup=&amp;utm_term=&amp;utm_content=603452145798&amp;gad_source=4&amp;gclid=CjwKCAiA1-6sBhAoEiwArqlGPiHMr4fbbnc9UsDeB4jgVU7liDPbKAoqV0MU8kY0Pfs6Sj44tt5htxoCDFsQAvD_BwE#idiq=1903945&amp;edition=4985100\">Silencio Ruido<\/a><\/td>\n<td style=\"width: 36.506%; height: 23px;\">Leslie Patricelli<\/td>\n<\/tr>\n<tr style=\"height: 23px;\">\n<td style=\"height: 23px; width: 63.494%;\"><a href=\"https:\/\/www.amazon.com\/Yummy-Yucky-Leslie-Patricelli-Spanish\/dp\/0763687766\/ref=asc_df_0763687766\/?tag=hyprod-20&amp;linkCode=df0&amp;hvadid=312281333464&amp;hvpos=&amp;hvnetw=g&amp;hvrand=16988276009378831111&amp;hvpone=&amp;hvptwo=&amp;hvqmt=&amp;hvdev=c&amp;hvdvcmdl=&amp;hvlocint=&amp;hvlocphy=9032957&amp;hvtargid=pla-569565708463&amp;psc=1&amp;mcid=f208736c7c633a6f8735e3841ac20113&amp;gclid=CjwKCAiA1-6sBhAoEiwArqlGPp0Jg3nolu0p566D1vXeQWJZSWXvVPFaeW1AAQyGyAeoS-oJ15KjVxoC7GUQAvD_BwE\">Nam! Puaj!<\/a><\/td>\n<td style=\"width: 36.506%; height: 23px;\">Leslie Patricelli<\/td>\n<\/tr>\n<tr style=\"height: 23px;\">\n<td style=\"height: 24px; width: 63.494%;\"><a href=\"https:\/\/www.amazon.com\/pardo-%C2%BFqu%C3%A9-Brown-Friends-Spanish\/dp\/0805069011\">Oso pardo, oso pardo, \u00bfqu\u00e9 ves ah\u00ed?<\/a><\/td>\n<td style=\"width: 36.506%; height: 24px;\">Bill Martin Jr and Eric Carle<\/td>\n<\/tr>\n<tr style=\"height: 23px;\">\n<td style=\"height: 23px; width: 63.494%;\"><a href=\"https:\/\/www.amazon.com\/polar-ruido-Brown-Friends-Spanish\/dp\/080506902X - :~:text=Oso%20polar%2C%20Oso%20polar%2C%20%C2%BFqu%C3%A9%20es%20ese%20ruido%3F,-es%20el%20libro\" data-wplink-url-error=\"true\">Oso polar, oso polar, \u00bfqu\u00e9 es ese ruido?\u00a0<\/a><\/td>\n<td style=\"width: 36.506%; height: 23px;\">Bill Martin Jr and Eric Carle<\/td>\n<\/tr>\n<tr style=\"height: 23px;\">\n<td style=\"height: 23px; width: 63.494%;\"><a href=\"https:\/\/www.amazon.com\/panda-%C2%BFqu%C3%A9-Brown-Friends-Spanish\/dp\/0805087567\">Oso panda, oso panda, \u00bfqu\u00e9 ves ah\u00ed?<\/a><\/td>\n<td style=\"width: 36.506%; height: 23px;\">Bill Martin Jr and Eric Carle<\/td>\n<\/tr>\n<tr style=\"height: 23px;\">\n<td style=\"height: 23px; width: 63.494%;\"><a href=\"https:\/\/www.amazon.com\/Canguro-Kangaroo-Mother-Spanish-Language\/dp\/0060011106 - :~:text=en%20espa%C3%B1ol%20incluyen-,Does%20a%20Kangaroo%20Have%20a%20Mother%2C%20Too,%2F%20%C2%BFEl%20canguro%20tiene%20mam%C3%A1%3F\" data-wplink-url-error=\"true\">\u00bfEl Canguro Tiene Mam\u00e1?<\/a><\/td>\n<td style=\"width: 36.506%; height: 23px;\">Eric Carle<\/td>\n<\/tr>\n<tr style=\"height: 23px;\">\n<td style=\"height: 23px; width: 63.494%;\"><a href=\"https:\/\/www.amazon.com\/oruga-hambrienta-Very-Hungry-Caterpillar\/dp\/0399256059\">La oruga muy hambrienta<\/a><\/td>\n<td style=\"width: 36.506%; height: 23px;\">Eric Carle<\/td>\n<\/tr>\n<tr style=\"height: 23px;\">\n<td style=\"height: 23px; width: 63.494%;\"><a href=\"https:\/\/www.amazon.com\/Este-dinosaurio-Thats-Not-Dinosaur\/dp\/0794549179\">Este no es mi dinosaurio<\/a><\/td>\n<td style=\"width: 36.506%; height: 23px;\">Fiona Watt<\/td>\n<\/tr>\n<tr style=\"height: 23px;\">\n<td style=\"height: 23px; width: 63.494%;\"><a href=\"https:\/\/www.amazon.com\/-\/es\/Este-No-Es-Mi-Perrito\/dp\/0746038984\">Este no es mi perrito<\/a><\/td>\n<td style=\"width: 36.506%; height: 23px;\">Fiona Watt<\/td>\n<\/tr>\n<tr style=\"height: 23px;\">\n<td style=\"height: 23px; width: 63.494%;\" width=\"386\"><a href=\"https:\/\/www.abebooks.com\/servlet\/BookDetailsPL?bi=31661561756&amp;cm_sp=snippet-_-srp1-_-tile8&amp;searchurl=an%3Dfiona%2Bwatt%2Bpilar%2Bdunster%26ds%3D10%26sortby%3D17\">Este No Es Mi Tren: Tiene Las Ruedas Lisas (Toca, Toca!)<\/a><\/td>\n<td style=\"width: 36.506%; height: 23px;\">Fiona Watt<\/td>\n<\/tr>\n<tr style=\"height: 23px;\">\n<td style=\"height: 23px; width: 63.494%;\"><a href=\"https:\/\/www.amazon.com\/osito-Thats-Touchy-feely-Board-Spanish\/dp\/0746092083\">Este no es mi osito<\/a><\/td>\n<td style=\"width: 36.506%; height: 23px;\">Fiona Watt<\/td>\n<\/tr>\n<tr style=\"height: 23px;\">\n<td style=\"height: 23px; width: 63.494%;\" width=\"386\"><a href=\"https:\/\/www.amazon.com\/Este-No-Es-Mi-Camion\/dp\/0746083777\">Este No Es Mi Camion&#8230;: Tiene La Caja Muy Blanda<\/a><\/td>\n<td style=\"width: 36.506%; height: 23px;\">Fiona Watt<\/td>\n<\/tr>\n<tr style=\"height: 23px;\">\n<td style=\"height: 23px; width: 63.494%;\" width=\"386\"><a href=\"https:\/\/www.amazon.com\/Este-No-Dragon-Thats-Not\/dp\/0746083610\">Este No Es Mi Dragon: Tiene Las Orejas Muy Peludas<\/a><\/td>\n<td style=\"width: 36.506%; height: 23px;\">Fiona Watt<\/td>\n<\/tr>\n<tr style=\"height: 23px;\">\n<td style=\"height: 23px; width: 63.494%;\"><a href=\"https:\/\/www.amazon.com\/Hipop%C3%B3tama-feliz-enojado-Happy-Spanish\/dp\/1534488804\">Hipop\u00f3tama feliz, pato enojado\u00a0<\/a><\/td>\n<td style=\"width: 36.506%; height: 23px;\">Sandra Boynton<\/td>\n<\/tr>\n<tr style=\"height: 19px;\">\n<td style=\"height: 19px; width: 63.494%;\"><a href=\"https:\/\/www.amazon.com\/Sombrero-sombrero-verde-Green-Spanish\/dp\/1534496653\">Sombrero azul, sombrero verde\u00a0<\/a><\/td>\n<td style=\"width: 36.506%; height: 19px;\">Sandra Boynton<\/td>\n<\/tr>\n<tr style=\"height: 23px;\">\n<td style=\"height: 23px; width: 63.494%;\"><a href=\"https:\/\/www.amazon.com\/Opuestos-Opposites-Spanish-Sandra-Boynton\/dp\/0689869789\">Opuestos<\/a><\/td>\n<td style=\"width: 36.506%; height: 23px;\">Sandra Boynton<\/td>\n<\/tr>\n<tr style=\"height: 23px;\">\n<td style=\"width: 63.494%; height: 23px;\"><a href=\"https:\/\/www.familyeducation.com\/?home\">https:\/\/www.familyeducation.com\/?home\u00a0<\/a><\/td>\n<td style=\"width: 36.506%; height: 23px;\"><em>en\u00a0ingl\u00e9s<\/em><\/td>\n<\/tr>\n<tr style=\"height: 23px;\">\n<td style=\"width: 63.494%; height: 23px;\"><a href=\"https:\/\/www.kidsgamescentral.com\/\">https:\/\/www.kidsgamescentral.com\/<\/a><\/td>\n<td style=\"width: 36.506%; height: 23px;\"><em>en\u00a0ingl\u00e9s<\/em><\/td>\n<\/tr>\n<tr style=\"height: 23px;\">\n<td style=\"width: 63.494%; height: 23px;\"><a href=\"http:\/\/www.babycenter.com\/preschooler-games-activities\">www.babycenter.com\/preschooler-games-activities<\/a><\/td>\n<td style=\"width: 36.506%; height: 23px;\"><em>en\u00a0ingl\u00e9s<\/em><\/td>\n<\/tr>\n<tr style=\"height: 23px;\">\n<td style=\"width: 63.494%; height: 23px;\"><a href=\"https:\/\/espanol.babycenter.com\/\">https:\/\/espanol.babycenter.com\/<\/a><\/td>\n<td style=\"width: 36.506%; height: 23px;\">\u00a0<\/td>\n<\/tr>\n<tr style=\"height: 23px;\">\n<td style=\"width: 63.494%; height: 23px;\"><a href=\"https:\/\/www.pecs.com\">https:\/\/www.pecs.com<\/a><\/td>\n<td style=\"width: 36.506%; height: 23px;\"><em>en\u00a0ingl\u00e9s<\/em><\/td>\n<\/tr>\n<tr style=\"height: 23px;\">\n<td style=\"width: 63.494%; height: 23px;\"><a href=\"https:\/\/pecs-spain.com\/\">https:\/\/pecs-spain.com\/<\/a><\/td>\n<td style=\"width: 36.506%; height: 23px;\">\u00a0<\/td>\n<\/tr>\n<tr style=\"height: 23px;\">\n<td style=\"width: 63.494%; height: 23px;\"><a href=\"http:\/\/www.autismspeaks.org\/\">http:\/\/www.autismspeaks.org\/<\/a><\/td>\n<td style=\"width: 36.506%; height: 23px;\"><em>en\u00a0ingl\u00e9s<\/em><\/td>\n<\/tr>\n<tr style=\"height: 23px;\">\n<td style=\"width: 63.494%; height: 23px;\"><a href=\"https:\/\/www.autismspeaks.org\/deteccion-temprana-autismo\">https:\/\/www.autismspeaks.org\/deteccion-temprana-autismo<\/a><\/td>\n<td style=\"width: 36.506%; height: 23px;\">\u00a0<\/td>\n<\/tr>\n<tr style=\"height: 23px;\">\n<td style=\"width: 63.494%; height: 23px;\"><a href=\"https:\/\/autismsciencefoundation.org\/\">https:\/\/autismsciencefoundation.org\/<\/a><\/td>\n<td style=\"width: 36.506%; height: 23px;\"><em>en\u00a0ingl\u00e9s<\/em><\/td>\n<\/tr>\n<tr style=\"height: 23px;\">\n<td style=\"width: 63.494%; height: 23px;\"><a href=\"https:\/\/siblingsupport.org\/\">https:\/\/siblingsupport.org\/<\/a><\/td>\n<td style=\"width: 36.506%; height: 23px;\"><em>en\u00a0ingl\u00e9s<\/em><\/td>\n<\/tr>\n<\/tbody>\n<\/table>\n<\/td>\n<\/tr>\n<\/tbody>\n<\/table>\n\n\n\n<p>\u00a0<\/p>\n<p>\u00a0<\/p>\n\n\n\n\n\n\n\n\n","protected":false},"excerpt":{"rendered":"<div class=\"entry-summary\">\n\u00a1Solo pregunta!: S\u00e9 Diferente, S\u00e9 Valiente, S\u00e9 T\u00fa (Spanish Edition)\u00a0 Sonia Sotomayor Wonder. Todos somos \u00fanicos \/ We&#8217;re all Wonders&hellip;\n<\/div>\n<div class=\"link-more\"><a href=\"https:\/\/parenttraining.chip.uconn.edu\/index.php\/language\/es\/recursos-2\/\" class=\"more-link\">Continue reading<span class=\"screen-reader-text\"> &ldquo;Recursos&rdquo;<\/span>&hellip;<\/a><\/div>\n","protected":false},"author":497,"featured_media":0,"parent":0,"menu_order":0,"comment_status":"closed","ping_status":"closed","template":"","meta":{"footnotes":""},"class_list":["post-10755","page","type-page","status-publish","hentry","entry"],"_links":{"self":[{"href":"https:\/\/parenttraining.chip.uconn.edu\/index.php\/wp-json\/wp\/v2\/pages\/10755","targetHints":{"allow":["GET"]}}],"collection":[{"href":"https:\/\/parenttraining.chip.uconn.edu\/index.php\/wp-json\/wp\/v2\/pages"}],"about":[{"href":"https:\/\/parenttraining.chip.uconn.edu\/index.php\/wp-json\/wp\/v2\/types\/page"}],"author":[{"embeddable":true,"href":"https:\/\/parenttraining.chip.uconn.edu\/index.php\/wp-json\/wp\/v2\/users\/497"}],"replies":[{"embeddable":true,"href":"https:\/\/parenttraining.chip.uconn.edu\/index.php\/wp-json\/wp\/v2\/comments?post=10755"}],"version-history":[{"count":11,"href":"https:\/\/parenttraining.chip.uconn.edu\/index.php\/wp-json\/wp\/v2\/pages\/10755\/revisions"}],"predecessor-version":[{"id":10796,"href":"https:\/\/parenttraining.chip.uconn.edu\/index.php\/wp-json\/wp\/v2\/pages\/10755\/revisions\/10796"}],"wp:attachment":[{"href":"https:\/\/parenttraining.chip.uconn.edu\/index.php\/wp-json\/wp\/v2\/media?parent=10755"}],"curies":[{"name":"wp","href":"https:\/\/api.w.org\/{rel}","templated":true}]}}